-- Table structure for table `llx_socpeople_extrafields`
--

CREATE TABLE `llx_socpeople_extrafields` (
  `rowid` int(11) NOT NULL AUTO_INCREMENT,
  `tms` timestamp NOT NULL DEFAULT CURRENT_TIMESTAMP ON UPDATE CURRENT_TIMESTAMP,
  `fk_object` int(11) NOT NULL,
  `import_key` varchar(14) DEFAULT NULL,
  PRIMARY KEY (`rowid`),
  KEY `idx_socpeople_extrafields` (`fk_object`)
) ENGINE=InnoDB DEFAULT CHARSET=latin1;

--
-- Dumping data for table `llx_socpeople_extrafields`
--


--
-- Table structure for table `llx_stock_mouvement`
--

CREATE TABLE `llx_stock_mouvement` (
  `rowid` int(11) NOT NULL AUTO_INCREMENT,
  `tms` timestamp NOT NULL DEFAULT CURRENT_TIMESTAMP ON UPDATE CURRENT_TIMESTAMP,
  `datem` datetime DEFAULT NULL,
  `fk_product` int(11) NOT NULL,
  `fk_entrepot` int(11) NOT NULL,
  `value` double DEFAULT NULL,
  `price` float(13,4) DEFAULT '0.0000',
  `type_mouvement` smallint(6) DEFAULT NULL,
  `fk_user_author` int(11) DEFAULT NULL,
  `label` varchar(128) DEFAULT NULL,
  PRIMARY KEY (`rowid`),
  KEY `idx_stock_mouvement_fk_product` (`fk_product`),
  KEY `idx_stock_mouvement_fk_entrepot` (`fk_entrepot`)
) ENGINE=InnoDB AUTO_INCREMENT=10147 DEFAULT CHARSET=utf8;

--
-- Dumping data for table `llx_stock_mouvement`
--

INSERT INTO `llx_stock_mouvement` VALUES (1,'2011-06-09 13:28:16','2011-06-09 15:28:13',226,3,1,0.0000,0,5,''),(2,'2011-07-04 09:16:26','2011-07-04 11:16:24',216,2,7,0.0000,0,8,'Electrolyse V3 modèle Europa'),(3,'2011-07-04 09:17:05','2011-07-04 11:17:03',230,2,100,0.0000,0,8,'Sprays'),(4,'2011-07-04 09:17:59','2011-07-04 11:17:57',231,2,100,0.0000,0,8,'Sprays'),(10001,'2011-02-21 07:46:46','2011-02-21 08:46:44',10001,10001,3,0.0000,0,10003,''),(10002,'2011-03-03 08:46:01','2011-03-03 09:46:13',10005,10001,20,0.0000,0,10003,''),(10003,'2011-03-03 08:46:15','2011-03-03 09:46:27',10004,10001,20,0.0000,0,10003,''),(10004,'2011-05-23 09:35:46','2011-05-23 11:35:42',10005,10001,360,0.0000,0,10003,''),(10005,'2011-05-23 09:36:39','2011-05-23 11:36:35',10004,10001,360,0.0000,0,10003,''),(10006,'2011-05-26 11:47:20','2011-05-26 13:47:15',10001,10001,1,0.0000,0,10003,''),(10007,'2011-05-26 11:48:05','2011-05-26 13:48:00',10001,10001,-3,0.0000,1,10003,'Vendue'),(10008,'2011-05-26 11:49:19','2011-05-26 13:49:14',10009,10001,1,0.0000,0,10003,''),(10009,'2011-08-11 08:39:15','2011-08-11 10:39:11',10001,10001,5,0.0000,0,10003,'Machines HS'),(10010,'2012-04-19 13:35:58','2012-04-19 15:35:58',10031,10001,1,0.0000,0,10006,''),(10011,'2012-04-19 14:43:39','2012-04-19 16:43:38',10124,10001,6,0.0000,0,10006,''),(10012,'2012-04-19 14:44:15','2012-04-19 16:44:15',10123,10001,1,0.0000,0,10006,''),(10013,'2012-04-19 14:44:32','2012-04-19 16:44:31',10122,10001,2,0.0000,0,10006,''),(10014,'2012-04-19 14:44:53','2012-04-19 16:44:53',10121,10001,1,0.0000,0,10006,''),(10015,'2012-04-19 14:45:16','2012-04-19 16:45:16',10120,10001,5,0.0000,0,10006,''),(10016,'2012-04-19 14:45:31','2012-04-19 16:45:31',10119,10001,1,0.0000,0,10006,''),(10017,'2012-04-19 14:46:01','2012-04-19 16:46:01',10118,10001,8,0.0000,0,10006,''),(10018,'2012-04-19 14:46:35','2012-04-19 16:46:34',10117,10001,4,0.0000,0,10006,''),(10019,'2012-04-19 14:46:56','2012-04-19 16:46:55',10116,10001,2,0.0000,0,10006,''),(10020,'2012-04-19 14:47:13','2012-04-19 16:47:12',10115,10001,1,0.0000,0,10006,''),(10021,'2012-04-19 14:47:32','2012-04-19 16:47:31',10114,10001,1,0.0000,0,10006,''),(10022,'2012-04-19 14:47:54','2012-04-19 16:47:53',10113,10001,2,0.0000,0,10006,''),(10023,'2012-04-19 14:48:14','2012-04-19 16:48:14',10112,10001,6,0.0000,0,10006,''),(10024,'2012-04-19 14:48:45','2012-04-19 16:48:44',10111,10001,1,0.0000,0,10006,''),(10025,'2012-04-19 14:49:07','2012-04-19 16:49:06',10110,10001,1,0.0000,0,10006,''),(10026,'2012-04-19 14:49:25','2012-04-19 16:49:25',10109,10001,1,0.0000,0,10006,''),(10027,'2012-04-19 14:52:25','2012-04-19 16:52:24',10068,10001,2,0.0000,0,10006,''),(10028,'2012-04-19 14:52:45','2012-04-19 16:52:45',10069,10001,44,0.0000,0,10006,''),(10029,'2012-04-19 14:53:02','2012-04-19 16:53:01',10070,10001,3,0.0000,0,10006,''),(10030,'2012-04-19 14:53:17','2012-04-19 16:53:17',10071,10001,1,0.0000,0,10006,''),(10031,'2012-04-19 14:53:44','2012-04-19 16:53:43',10072,10001,3,0.0000,0,10006,''),(10032,'2012-04-19 14:54:04','2012-04-19 16:54:03',10073,10001,3,0.0000,0,10006,''),(10033,'2012-04-19 14:54:22','2012-04-19 16:54:21',10074,10001,1,0.0000,0,10006,''),(10034,'2012-04-19 14:54:58','2012-04-19 16:54:58',10032,10001,1,0.0000,0,10006,''),(10035,'2012-04-19 14:55:21','2012-04-19 16:55:20',10075,10001,5,0.0000,0,10006,''),(10036,'2012-04-19 14:55:46','2012-04-19 16:55:45',10076,10001,12,0.0000,0,10006,''),(10037,'2012-04-19 14:57:31','2012-04-19 16:57:31',10077,10001,9,0.0000,0,10006,''),(10038,'2012-04-19 14:58:01','2012-04-19 16:58:00',10078,10001,2,0.0000,0,10006,''),(10039,'2012-04-19 14:58:19','2012-04-19 16:58:19',10079,10001,2,0.0000,0,10006,''),(10040,'2012-04-19 14:58:56','2012-04-19 16:58:55',10080,10001,2,0.0000,0,10006,''),(10041,'2012-04-19 14:59:10','2012-04-19 16:59:10',10081,10001,5,0.0000,0,10006,''),(10042,'2012-04-19 14:59:28','2012-04-19 16:59:27',10082,10001,1,0.0000,0,10006,''),(10043,'2012-04-19 14:59:44','2012-04-19 16:59:43',10083,10001,1,0.0000,0,10006,''),(10044,'2012-04-19 14:59:59','2012-04-19 16:59:59',10084,10001,1,0.0000,0,10006,''),(10045,'2012-04-19 15:00:00','2012-04-19 16:59:59',10084,10001,1,0.0000,0,10006,''),(10046,'2012-04-19 15:00:18','2012-04-19 17:00:17',10085,10001,1,0.0000,0,10006,''),(10047,'2012-04-19 15:00:38','2012-04-19 17:00:37',10087,10001,1,0.0000,0,10006,''),(10048,'2012-04-19 15:00:56','2012-04-19 17:00:55',10086,10001,2,0.0000,0,10006,''),(10049,'2012-04-19 15:01:23','2012-04-19 17:01:23',10088,10001,2,0.0000,0,10006,''),(10050,'2012-04-19 15:01:41','2012-04-19 17:01:41',10089,10001,4,0.0000,0,10006,''),(10051,'2012-04-19 15:02:05','2012-04-19 17:02:04',10090,10001,34,0.0000,0,10006,''),(10052,'2012-04-19 15:02:27','2012-04-19 17:02:26',10091,10001,21,0.0000,0,10006,''),(10053,'2012-04-19 15:02:41','2012-04-19 17:02:41',10092,10001,7,0.0000,0,10006,''),(10054,'2012-04-19 15:03:03','2012-04-19 17:03:02',10093,10001,12,0.0000,0,10006,''),(10055,'2012-04-19 15:03:25','2012-04-19 17:03:25',10094,10001,5,0.0000,0,10006,''),(10056,'2012-04-19 15:03:51','2012-04-19 17:03:50',10095,10001,0,0.0000,0,10006,''),(10057,'2012-04-19 15:04:08','2012-04-19 17:04:08',10096,10001,2,0.0000,0,10006,''),(10058,'2012-04-19 15:04:32','2012-04-19 17:04:31',10097,10001,2,0.0000,0,10006,''),(10059,'2012-04-19 15:04:59','2012-04-19 17:04:58',10098,10001,1,0.0000,0,10006,''),(10060,'2012-04-19 15:05:16','2012-04-19 17:05:15',10099,10001,1,0.0000,0,10006,''),(10061,'2012-04-19 15:05:38','2012-04-19 17:05:37',10100,10001,4,0.0000,0,10006,''),(10062,'2012-04-19 15:05:55','2012-04-19 17:05:54',10101,10001,1,0.0000,0,10006,''),(10063,'2012-04-19 15:06:11','2012-04-19 17:06:10',10102,10001,2,0.0000,0,10006,''),(10064,'2012-04-19 15:06:29','2012-04-19 17:06:28',10103,10001,1,0.0000,0,10006,''),(10065,'2012-04-19 15:06:56','2012-04-19 17:06:56',10104,10001,4,0.0000,0,10006,''),(10066,'2012-04-19 15:07:14','2012-04-19 17:07:14',10105,10001,3,0.0000,0,10006,''),(10067,'2012-04-19 15:07:34','2012-04-19 17:07:34',10106,10001,1,0.0000,0,10006,''),(10068,'2012-04-19 15:07:52','2012-04-19 17:07:51',10107,10001,1,0.0000,0,10006,''),(10069,'2012-04-19 15:08:13','2012-04-19 17:08:12',10108,10001,2,0.0000,0,10006,''),(10070,'2012-04-19 15:08:56','2012-04-19 17:08:55',10033,10001,1,0.0000,0,10006,''),(10071,'2012-04-19 15:09:19','2012-04-19 17:09:18',10035,10001,1,0.0000,0,10006,''),(10072,'2012-04-19 15:09:38','2012-04-19 17:09:37',10035,10001,1,0.0000,0,10006,''),(10073,'2012-04-19 15:10:06','2012-04-19 17:10:05',10036,10001,1,0.0000,0,10006,''),(10074,'2012-04-19 15:10:36','2012-04-19 17:10:35',10041,10001,5,0.0000,0,10006,''),(10075,'2012-04-19 15:10:48','2012-04-19 17:10:47',10040,10001,6,0.0000,0,10006,''),(10076,'2012-04-19 15:11:26','2012-04-19 17:11:26',10042,10001,2,0.0000,0,10006,''),(10077,'2012-04-19 15:11:50','2012-04-19 17:11:49',10044,10001,1,0.0000,0,10006,''),(10078,'2012-04-19 15:12:03','2012-04-19 17:12:03',10043,10001,1,0.0000,0,10006,''),(10079,'2012-04-19 15:12:28','2012-04-19 17:12:28',10045,10001,9,0.0000,0,10006,''),(10080,'2012-04-19 15:12:57','2012-04-19 17:12:56',10046,10001,2,0.0000,0,10006,''),(10081,'2012-04-19 15:13:18','2012-04-19 17:13:17',10047,10001,7,0.0000,0,10006,''),(10082,'2012-04-19 15:13:44','2012-04-19 17:13:43',10048,10001,41,0.0000,0,10006,''),(10083,'2012-04-19 15:14:17','2012-04-19 17:14:16',10049,10001,23,0.0000,0,10006,''),(10084,'2012-04-19 15:14:34','2012-04-19 17:14:33',10050,10001,31,0.0000,0,10006,''),(10085,'2012-04-19 15:14:53','2012-04-19 17:14:53',10051,10001,4,0.0000,0,10006,''),(10086,'2012-04-19 15:15:10','2012-04-19 17:15:09',10052,10001,1,0.0000,0,10006,''),(10087,'2012-04-19 15:15:50','2012-04-19 17:15:49',10054,10001,2,0.0000,0,10006,''),(10088,'2012-04-19 15:16:08','2012-04-19 17:16:08',10055,10001,6,0.0000,0,10006,''),(10089,'2012-04-19 15:16:29','2012-04-19 17:16:29',10056,10001,1,0.0000,0,10006,''),(10090,'2012-04-19 15:16:53','2012-04-19 17:16:53',10058,10001,6,0.0000,0,10006,''),(10091,'2012-04-19 15:17:13','2012-04-19 17:17:12',10057,10001,4,0.0000,0,10006,''),(10092,'2012-04-19 15:17:31','2012-04-19 17:17:30',10059,10001,2,0.0000,0,10006,''),(10093,'2012-04-19 15:17:58','2012-04-19 17:17:57',10060,10001,1,0.0000,0,10006,''),(10094,'2012-04-19 15:18:16','2012-04-19 17:18:16',10061,10001,7,0.0000,0,10006,''),(10095,'2012-04-19 15:18:38','2012-04-19 17:18:38',10062,10001,1,0.0000,0,10006,''),(10096,'2012-04-19 15:19:12','2012-04-19 17:19:12',10063,10001,8,0.0000,0,10006,''),(10097,'2012-04-19 15:19:27','2012-04-19 17:19:27',10064,10001,2,0.0000,0,10006,''),(10098,'2012-04-19 15:19:41','2012-04-19 17:19:40',10065,10001,1,0.0000,0,10006,''),(10099,'2012-04-19 15:19:58','2012-04-19 17:19:58',10066,10001,1,0.0000,0,10006,''),(10100,'2012-04-19 15:20:24','2012-04-19 17:20:23',10067,10001,1,0.0000,0,10006,''),(10101,'2012-04-19 15:22:08','2012-04-19 17:22:07',10053,10001,50,0.0000,0,10006,''),(10102,'2012-04-25 12:00:43','2012-04-25 14:00:42',10121,10001,-1,0.0000,1,10006,''),(10103,'2012-04-26 07:41:40','2012-04-26 09:41:39',10033,10001,1,0.0000,0,10006,''),(10104,'2012-04-26 07:42:47','2012-04-26 09:42:47',10034,10001,2,0.0000,0,10006,''),(10105,'2012-04-26 07:43:43','2012-04-26 09:43:42',10051,10001,2,0.0000,0,10006,''),(10106,'2012-04-26 07:44:20','2012-04-26 09:44:19',10094,10001,30,0.0000,0,10006,''),(10107,'2012-04-26 08:57:24','2012-04-26 10:57:24',10065,10001,4,0.0000,0,10006,''),(10108,'2012-04-26 08:58:41','2012-04-26 10:58:40',10063,10001,4,0.0000,0,10006,''),(10109,'2012-05-05 06:21:47','2012-05-05 08:21:47',10125,10001,1,0.0000,0,10006,''),(10110,'2012-05-05 06:21:49','2012-05-05 08:21:49',10125,10001,1,0.0000,0,10006,''),(10111,'2012-05-05 06:22:11','2012-05-05 08:22:11',10125,10001,-1,0.0000,1,10006,''),(10112,'2012-05-17 05:40:28','2012-05-17 07:40:28',10033,10001,1,0.0000,0,10006,''),(10113,'2012-05-17 05:40:56','2012-05-17 07:40:55',10036,10001,1,0.0000,0,10006,''),(10114,'2012-05-17 07:49:03','2012-05-17 09:49:03',10048,10001,-1,0.0000,1,10006,''),(10115,'2012-06-05 09:30:42','2012-06-05 11:30:42',10092,10001,-2,0.0000,1,10006,''),(10116,'2012-06-05 12:08:06','2012-06-05 14:08:05',10036,10001,-1,0.0000,1,10006,''),(10117,'2012-06-18 15:42:59','2012-06-18 17:42:59',10062,10001,-1,0.0000,1,10006,''),(10118,'2012-06-18 15:43:27','2012-06-18 17:43:26',10120,10001,-2,0.0000,1,10006,''),(10119,'2012-06-18 15:43:50','2012-06-18 17:43:49',10090,10001,-6,0.0000,1,10006,''),(10120,'2012-06-18 15:44:31','2012-06-18 17:44:30',10112,10001,-4,0.0000,1,10006,''),(10121,'2012-06-18 15:44:58','2012-06-18 17:44:58',10092,10001,-2,0.0000,1,10006,''),(10122,'2012-06-18 17:07:23','2012-06-18 19:07:22',10063,10001,-4,0.0000,1,10006,''),(10123,'2012-06-18 17:08:35','2012-06-18 19:08:34',10032,10001,2,0.0000,0,10006,''),(10124,'2012-06-18 17:08:36','2012-06-18 19:08:36',10032,10001,2,0.0000,0,10006,''),(10125,'2012-06-18 17:08:38','2012-06-18 19:08:37',10032,10001,2,0.0000,0,10006,''),(10126,'2012-06-18 17:08:55','2012-06-18 19:08:54',10032,10001,-4,0.0000,1,10006,''),(10127,'2012-06-29 11:33:19','2012-06-29 13:33:18',10090,10001,-11,0.0000,1,10006,''),(10128,'2012-06-29 11:33:58','2012-06-29 13:33:57',10098,10001,-2,0.0000,1,10006,''),(10129,'2012-07-10 18:29:32','2012-07-10 20:29:31',10036,10001,-1,0.0000,1,10006,''),(10130,'2012-07-10 18:30:45','2012-07-10 20:30:44',10048,10001,-1,0.0000,1,10006,''),(10131,'2012-07-11 12:36:40','2012-07-11 14:36:39',10105,10001,-2,0.0000,1,10006,''),(10132,'2012-07-22 15:28:27','2012-07-22 17:28:26',10045,10001,-1,0.0000,1,10006,''),(10133,'2012-07-25 15:17:52','2012-07-25 17:17:51',10125,10001,4,0.0000,0,10006,''),(10134,'2012-07-28 20:03:29','2012-07-28 22:03:28',10045,10001,-1,0.0000,1,10006,''),(10135,'2012-07-28 20:04:11','2012-07-28 22:04:10',10063,10001,-2,0.0000,1,10006,''),(10136,'2012-08-23 11:32:45','2012-08-23 13:32:45',10045,10001,-1,0.0000,1,10006,''),(10137,'2012-09-11 08:36:06','2012-09-11 10:36:05',10045,10001,-1,0.0000,1,10006,''),(10138,'2013-10-16 08:44:11','2013-10-16 10:44:11',214,1,5,8000.0000,0,2,'Cleanea V1'),(10139,'2013-10-16 08:45:33','2013-10-16 10:45:33',214,1,-5,0.0000,1,2,''),(10140,'2013-10-16 08:46:02','2013-10-16 10:46:02',409,1,5,8000.0000,0,2,'Cleanea V1'),(10141,'2013-10-16 09:33:13','2013-10-16 11:33:13',409,1,-5,0.0000,1,2,''),(10142,'2013-10-16 10:18:55','2013-10-16 12:18:55',409,1,5,0.0000,0,2,''),(10143,'2013-10-16 10:32:02','2013-10-16 12:32:02',409,1,-5,0.0000,1,2,''),(10144,'2013-10-17 12:30:47','2013-10-17 14:30:46',409,1,5,8000.0000,0,2,''),(10145,'2013-10-17 12:48:46','2013-10-17 14:48:46',409,1,-5,0.0000,1,2,''),(10146,'2013-12-11 16:57:25','2013-12-11 17:57:24',10038,10001,3,0.0000,0,46,'');

--
-- Table structure for table `llx_texts`
--

CREATE TABLE `llx_texts` (
  `rowid` int(11) NOT NULL AUTO_INCREMENT,
  `module` varchar(32) DEFAULT NULL,
  `typemodele` varchar(32) DEFAULT NULL,
  `sortorder` smallint(6) DEFAULT NULL,
  `private` smallint(6) NOT NULL DEFAULT '0',
  `fk_user` int(11) DEFAULT NULL,
  `title` varchar(128) DEFAULT NULL,
  `filename` varchar(128) DEFAULT NULL,
  `content` text,
  `tms` timestamp NOT NULL DEFAULT CURRENT_TIMESTAMP ON UPDATE CURRENT_TIMESTAMP,
  PRIMARY KEY (`rowid`)
) ENGINE=InnoDB DEFAULT CHARSET=utf8;

--
-- Dumping data for table `llx_texts`
--


--
-- Table structure for table `llx_transaction_bplc`
--

CREATE TABLE `llx_transaction_bplc` (
  `rowid` int(11) NOT NULL AUTO_INCREMENT,
  `tms` timestamp NOT NULL DEFAULT CURRENT_TIMESTAMP ON UPDATE CURRENT_TIMESTAMP,
  `ipclient` varchar(20) DEFAULT NULL,
  `num_transaction` varchar(10) DEFAULT NULL,
  `date_transaction` varchar(10) DEFAULT NULL,
  `heure_transaction` varchar(10) DEFAULT NULL,
  `num_autorisation` varchar(10) DEFAULT NULL,
  `cle_acceptation` varchar(5) DEFAULT NULL,
  `code_retour` int(11) DEFAULT NULL,
  `ref_commande` int(11) DEFAULT NULL,
  PRIMARY KEY (`rowid`)
) ENGINE=InnoDB DEFAULT CHARSET=utf8;

--
-- Dumping data for table `llx_transaction_bplc`
--


--
-- Table structure for table `llx_tva`
--

CREATE TABLE `llx_tva` (
  `rowid` int(11) NOT NULL AUTO_INCREMENT,
  `tms` timestamp NOT NULL DEFAULT CURRENT_TIMESTAMP ON UPDATE CURRENT_TIMESTAMP,
  `datep` date DEFAULT NULL,
  `datev` date DEFAULT NULL,
  `amount` double NOT NULL DEFAULT '0',
  `label` varchar(255) DEFAULT NULL,
  `entity` int(11) NOT NULL DEFAULT '1',
  `note` text,
  `fk_bank` int(11) DEFAULT NULL,
  `fk_user_creat` int(11) DEFAULT NULL,
  `fk_user_modif` int(11) DEFAULT NULL,
  PRIMARY KEY (`rowid`)
) ENGINE=InnoDB DEFAULT CHARSET=utf8;

--
-- Dumping data for table `llx_tva`
--


--
-- Table structure for table `llx_user`
--

CREATE TABLE `llx_user` (
  `rowid` int(11) NOT NULL AUTO_INCREMENT,
  `datec` datetime DEFAULT NULL,
  `tms` timestamp NOT NULL DEFAULT CURRENT_TIMESTAMP ON UPDATE CURRENT_TIMESTAMP,
  `login` varchar(24) NOT NULL,
  `entity` int(11) NOT NULL DEFAULT '1',
  `civilite` varchar(6) DEFAULT NULL,
  `ref_ext` varchar(50) DEFAULT NULL,
  `ref_int` varchar(50) DEFAULT NULL,
  `pass` varchar(32) DEFAULT NULL,
  `pass_crypted` varchar(128) DEFAULT NULL,
  `pass_temp` varchar(32) DEFAULT NULL,
  `lastname` varchar(50) DEFAULT NULL,
  `firstname` varchar(50) DEFAULT NULL,
  `job` varchar(128) DEFAULT NULL,
  `office_phone` varchar(20) DEFAULT NULL,
  `office_fax` varchar(20) DEFAULT NULL,
  `user_mobile` varchar(20) DEFAULT NULL,
  `email` varchar(255) DEFAULT NULL,
  `signature` text,
  `admin` smallint(6) DEFAULT '0',
  `webcal_login` varchar(25) DEFAULT NULL,
  `phenix_login` varchar(25) DEFAULT NULL,
  `phenix_pass` varchar(128) DEFAULT NULL,
  `module_comm` smallint(6) DEFAULT '1',
  `module_compta` smallint(6) DEFAULT '1',
  `fk_societe` int(11) DEFAULT NULL,
  `fk_socpeople` int(11) DEFAULT NULL,
  `fk_member` int(11) DEFAULT NULL,
  `note` text,
  `datelastlogin` datetime DEFAULT NULL,
  `datepreviouslogin` datetime DEFAULT NULL,
  `egroupware_id` int(11) DEFAULT NULL,
  `ldap_sid` varchar(255) DEFAULT NULL,
  `statut` tinyint(4) DEFAULT '1',
  `photo` varchar(255) DEFAULT NULL,
  `lang` varchar(6) DEFAULT NULL,
  `openid` varchar(255) DEFAULT NULL,
  `fk_user` int(11) DEFAULT NULL,
  `address` varchar(255) DEFAULT NULL,
  `zip` varchar(25) DEFAULT NULL,
  `town` varchar(50) DEFAULT NULL,
  `fk_state` int(11) DEFAULT '0',
  `fk_country` int(11) DEFAULT '0',
  `color` varchar(6) DEFAULT NULL,
  PRIMARY KEY (`rowid`),
  UNIQUE KEY `uk_user_login` (`login`,`entity`),
  UNIQUE KEY `uk_user_fk_socpeople` (`fk_socpeople`),
  UNIQUE KEY `uk_user_fk_member` (`fk_member`),
  KEY `uk_user_fk_societe` (`fk_societe`)
) ENGINE=InnoDB AUTO_INCREMENT=10039 DEFAULT CHARSET=utf8;

--
-- Dumping data for table `llx_user`
--

INSERT INTO `llx_user` VALUES (1,'2011-02-15 21:20:57','2012-12-19 17:28:57','admin',0,NULL,NULL,NULL,'5028','bf8dd8c68d02e161c28dc9ea139d4784',NULL,'Admin','',NULL,'','','','jcp@cleanea.com','',1,'','','',1,1,NULL,NULL,NULL,'','2013-10-08 09:10:49','2013-10-03 16:39:45',NULL,'',1,NULL,NULL,NULL,NULL,NULL,NULL,NULL,0,0,NULL),(2,'2011-02-15 10:38:37','2014-06-02 15:29:51','jcpruvost',1,NULL,NULL,NULL,'5028','bf8dd8c68d02e161c28dc9ea139d4784',NULL,'PRUVOST','Jean-Christophe','','','','+33609542264','jcp@cleanea.com','',1,'','','',1,1,NULL,NULL,NULL,'&nbsp;','2014-09-22 10:57:06','2014-09-22 10:57:02',NULL,'',1,'JCP Photo.png',NULL,NULL,NULL,'','','',NULL,NULL,NULL),(3,'2011-02-15 10:40:59','2014-09-09 14:21:05','jlgruter',1,NULL,NULL,NULL,'1f50490a','012898925415953b00557aff88058fda',NULL,'GRUTER','Jean-Louis',NULL,'+33612230116','','','jlg@cleanea.com',NULL,0,'','','',1,1,NULL,NULL,NULL,'&nbsp;','2013-07-26 13:12:34','2013-07-09 08:41:33',NULL,'',0,NULL,NULL,NULL,NULL,NULL,NULL,NULL,0,0,NULL),(4,'2011-02-15 10:42:41','2013-08-27 07:01:41','mdeslandes',1,NULL,NULL,NULL,'Lea18111964','ce22b2f55bedcde96115be81fdb7447f',NULL,'DESLANDES','Max',NULL,'','','+33621876816','mdeslandes@cleanea.com','Lea18111964',0,'','','',1,1,NULL,NULL,NULL,'&nbsp;','2014-09-17 09:35:40','2014-09-17 09:34:56',NULL,'',1,'Photo max 2.jpg',NULL,NULL,NULL,NULL,NULL,NULL,0,0,NULL),(5,'2011-02-16 15:03:41','2012-12-19 17:26:26','wpomathios',1,NULL,NULL,NULL,'lhw1505','501b3786f31dfae17b18158700abe4cb',NULL,'POMATHIOS','Willy',NULL,'','','','','',1,'','','',1,1,NULL,NULL,NULL,'','2012-09-13 10:42:13','2012-08-30 08:33:32',NULL,'',0,NULL,NULL,NULL,NULL,NULL,NULL,NULL,0,0,NULL),(6,'2011-03-08 16:05:05','2013-11-15 18:35:38','hlaroussi',1,NULL,NULL,NULL,'cleanea','71eece23028f6e5aac52ad12b0071642',NULL,'LAROUSSI','hazare',NULL,'0147750238','','0664853582','hlaroussi@cleanea.com',NULL,0,'','','',1,1,NULL,NULL,NULL,'','2011-09-29 16:03:37','2011-09-29 14:13:48',NULL,'',0,NULL,NULL,NULL,NULL,NULL,NULL,NULL,0,0,NULL),(7,'2011-04-22 09:12:31','2014-09-09 14:21:18','pgadal',1,NULL,NULL,NULL,'cleanea','71eece23028f6e5aac52ad12b0071642',NULL,'GADAL','Pauline',NULL,'','','0627168242','pgadal@cleanea.com',NULL,0,'','','',1,1,NULL,NULL,NULL,'','2011-07-28 12:22:12','2011-07-26 15:07:39',NULL,'',0,NULL,NULL,NULL,NULL,NULL,NULL,NULL,0,0,NULL),(8,'2011-05-13 15:04:45','2011-08-12 12:05:08','enantet',1,NULL,NULL,NULL,'e9ba0700','5ce5749dcb1315fb0f154fe1946ce562',NULL,'NANTET','Emilie',NULL,'','','0633489900','enantet@cleanea.com',NULL,0,'','','',1,1,NULL,NULL,NULL,'','2011-07-12 16:02:52','2011-07-12 15:43:21',NULL,'',0,NULL,NULL,NULL,NULL,NULL,NULL,NULL,0,0,NULL),(9,'2011-05-15 17:56:39','2013-10-03 07:34:06','adescamps',1,NULL,NULL,NULL,'qpxcm981','68537d243b777d283cae99c6459f9f68',NULL,'DESCAMPS','Alexandre',NULL,'','','(06) 63 68 84 80','adescamps@cleanea.com',NULL,0,'','','',1,1,NULL,NULL,NULL,'','2014-09-22 14:18:03','2014-09-22 09:50:36',NULL,'',1,NULL,NULL,NULL,NULL,NULL,NULL,NULL,0,0,NULL),(10,'2011-06-06 17:22:15','2014-09-09 14:21:31','pgaillard',1,NULL,NULL,NULL,'paloma','a20df7f02202e665e6a7b674bbfb1fcc',NULL,'GAILLARD','Paul',NULL,'','','','',NULL,0,'','','',1,1,NULL,NULL,NULL,'','2011-06-07 10:37:32',NULL,NULL,'',0,NULL,NULL,NULL,NULL,NULL,NULL,NULL,0,0,NULL),(11,'2011-07-04 15:31:24','2014-09-09 14:21:36','emoreau',1,NULL,NULL,NULL,'cleanea','71eece23028f6e5aac52ad12b0071642',NULL,'MOREAU','Eleonore',NULL,'','','','emoreau@cleanea.com',NULL,0,'','','',1,1,NULL,NULL,NULL,'','2011-10-28 15:57:36','2011-10-28 10:59:46',NULL,'',0,NULL,NULL,NULL,NULL,NULL,NULL,NULL,0,0,NULL),(12,'2011-07-06 15:02:29','2012-12-19 17:28:12','fpadilla',1,NULL,NULL,NULL,'fjpCleanea2011','c2e255f4eae2827388c457429f811f4c','ys316j7k','Padilla','Fabian',NULL,'+41225349603','','+41788159960','fjp@evenja.org','',0,'','','',1,1,NULL,NULL,NULL,'','2011-08-12 16:00:34','2011-08-12 15:53:16',NULL,'',0,NULL,NULL,NULL,NULL,NULL,NULL,NULL,0,0,NULL),(13,'2011-08-12 14:08:33','2014-09-09 14:21:50','pmauroux',1,NULL,NULL,NULL,'69602316','e8390f95e98a8f261979151210765626',NULL,'Mauroux','Pascal',NULL,'+41216417530','','+41793749334','pascal.mauroux@nicolet-engineering.com',NULL,0,'','','',1,1,NULL,NULL,NULL,'',NULL,NULL,NULL,'',0,NULL,NULL,NULL,NULL,NULL,NULL,NULL,0,0,NULL),(14,'2011-09-08 09:42:51','2014-09-09 14:21:59','amarie',1,NULL,NULL,NULL,'secomd52','133f582bd53de69b95ba38533566d0c1',NULL,'MARIE','alexandre',NULL,'','','','amarie@cabinet-secom.com',NULL,0,'','','',1,1,NULL,NULL,NULL,'','2011-09-28 12:36:18',NULL,NULL,'',0,NULL,NULL,NULL,NULL,NULL,NULL,NULL,0,0,NULL),(15,'2011-09-12 08:40:43','2014-09-09 14:22:04','bmailantz',1,NULL,NULL,NULL,'benoit','0b36e58acc0a3c7f807b049c935f3b94',NULL,'MAILANTZ','Benoit',NULL,'','','0671137822','bmailantz@cleanea.com',NULL,0,'','','',1,1,NULL,NULL,NULL,'','2014-03-19 17:28:54','2014-02-12 16:13:32',NULL,'',0,NULL,NULL,NULL,NULL,NULL,NULL,NULL,0,0,NULL),(16,'2011-11-08 12:34:18','2012-02-09 08:22:03','JRYFMAN',1,NULL,NULL,NULL,'cactus','42239b8342a1fe81a71703f6de711073',NULL,'RYFMAN','Joanna',NULL,'','','0607963743','jryfman@cleanea.com','',0,'','','',1,1,NULL,NULL,NULL,'','2012-02-07 19:13:29','2012-02-07 18:21:54',NULL,'',0,NULL,NULL,NULL,NULL,NULL,NULL,NULL,0,0,NULL),(17,'2011-12-20 17:51:40','2013-11-04 14:27:23','hismail',2,NULL,NULL,NULL,'29sdy8mp','318247e17a5f0383f2f0a87acc83f6e6',NULL,'Hadi','Ismail','','','','+65 9816 0400','hadi.ismail@cleanea.com','',1,'','','',1,1,NULL,NULL,NULL,'','2014-06-18 06:01:04','2013-12-23 10:14:33',NULL,'',1,'Hadi Ismail black and white_3.JPG',NULL,NULL,NULL,'','','',NULL,NULL,NULL),(18,'2011-12-22 17:13:16','2012-03-07 07:19:11','ctan',2,NULL,NULL,NULL,'f381jchz','5ff4487bfe65974dc80afd732edc3b26',NULL,'Tan','Carol',NULL,'','','+65 9230 3015','carol.tan@cleanea.com','',0,'','','',1,1,NULL,NULL,NULL,'','2013-03-12 04:37:30','2013-03-12 04:27:57',NULL,'',1,NULL,NULL,NULL,NULL,NULL,NULL,NULL,0,0,NULL),(19,'2011-12-22 17:29:12','2011-12-23 10:09:39','kismail',2,NULL,NULL,NULL,'loserland','fb21cb01803b406b01688f6b28f5bf8e',NULL,'Ismail','Karim',NULL,'','','(+65)85102647','karim.ismail@cleanea.com','Karim Ismail\r\nApprentice Engineer\r\nPower of One / Cleanea\r\n2 Pandan Valley #07-201\r\nSingapore 597626',0,'','','',1,1,NULL,NULL,NULL,'','2011-12-23 15:21:46','2011-12-23 11:05:31',NULL,'',1,NULL,NULL,NULL,NULL,NULL,NULL,NULL,0,0,NULL),(20,'2012-02-09 09:22:53','2014-09-09 14:22:12','cgruter',1,NULL,NULL,NULL,'droopy','5e1394ba4a6ed6b15ae97ff769703a11',NULL,'GRUTER','Charlotte','cgruter','','','0622486770','cgruter@cleanea.com','',0,'','','',1,1,NULL,NULL,NULL,'','2014-08-21 17:38:34','2014-08-18 16:26:52',NULL,'',0,NULL,NULL,NULL,NULL,'','','',NULL,NULL,NULL),(21,'2012-06-19 15:35:43','2012-12-19 17:31:09','Pontus',7,NULL,NULL,NULL,'maximilian','24351faa56b0ff083de27c5ca9f2a5b6',NULL,'Reuterswärd','Pontus',NULL,'','','+46 73-390 00 14','pontus@cleanea.com','',0,'','','',1,1,NULL,NULL,NULL,'','2012-11-12 11:12:30','2012-11-07 10:48:52',NULL,'',1,NULL,NULL,NULL,NULL,NULL,NULL,NULL,0,0,NULL),(22,'2012-06-19 15:46:04','2013-11-15 18:35:47','eboin',1,NULL,NULL,NULL,'cleanea','71eece23028f6e5aac52ad12b0071642',NULL,'BOIN','edouard',NULL,'','','06 72 19 38 48','eboin@cleanea.com','',0,'','','',1,1,NULL,NULL,NULL,'','2012-06-26 14:48:17','2012-06-26 10:09:51',NULL,'',0,NULL,NULL,NULL,NULL,NULL,NULL,NULL,0,0,NULL),(25,'2012-07-09 15:24:24','2013-02-26 14:26:03','pmf',1,NULL,NULL,NULL,'~kenntwort~','068eab3e8c66d0df40c51c08491c330e',NULL,'FRITSCH','Pierre-Marie',NULL,'','','0695233697','pmfritsch@cleanea.com','',0,'','','',1,1,NULL,NULL,NULL,'','2014-09-19 09:19:37','2014-09-18 15:19:42',NULL,'',1,NULL,NULL,NULL,NULL,NULL,NULL,NULL,0,0,NULL),(26,'2012-08-17 09:17:11','2012-12-19 17:31:46','wpomathios',7,NULL,NULL,NULL,'10yfb58v','bfcfe823aac05cb537b1b8a17a31103f',NULL,'Pomathios','Willy',NULL,'','','','wpomathios@cleanea.com','',0,'','','',1,1,NULL,NULL,NULL,'','2012-11-01 14:40:23','2012-09-04 14:45:36',NULL,'',0,NULL,NULL,NULL,NULL,NULL,NULL,NULL,0,0,NULL),(27,'2012-09-10 11:38:09','2012-09-10 09:46:18','didierVE',3,NULL,NULL,NULL,'didier2012','a234878b1f6d7f7a77ac2359c613298a',NULL,'Didier','Pillonel',NULL,'','','','didier@pillonel.com','',1,'','','',1,1,NULL,NULL,NULL,'','2012-11-06 19:05:04','2012-10-04 09:50:02',NULL,'',1,NULL,NULL,NULL,NULL,NULL,NULL,NULL,0,0,NULL),(28,'2012-09-10 11:41:45','2012-09-10 09:41:45','didierCO',4,NULL,NULL,NULL,'didier2012','a234878b1f6d7f7a77ac2359c613298a',NULL,'Didier','Pillonel',NULL,'','','','didier@pillonel.com','',1,'','','',1,1,NULL,NULL,NULL,'','2012-11-06 19:06:14','2012-09-15 17:41:39',NULL,'',1,NULL,NULL,NULL,NULL,NULL,NULL,NULL,0,0,NULL),(29,'2012-09-10 11:43:05','2012-09-10 09:46:41','didierDO',5,NULL,NULL,NULL,'didier2012','a234878b1f6d7f7a77ac2359c613298a',NULL,'Didier','Pillonel',NULL,'','','','didier@pillonel.com','',1,'','','',1,1,NULL,NULL,NULL,'','2012-11-07 11:05:01','2012-11-06 19:01:48',NULL,'',1,NULL,NULL,NULL,NULL,NULL,NULL,NULL,0,0,NULL),(30,'2012-09-10 11:43:45','2012-09-10 09:47:02','didierBB',12,NULL,NULL,NULL,'didier2012','a234878b1f6d7f7a77ac2359c613298a',NULL,'Didier','Pillonel',NULL,'','','','didier@pillonel.com','',1,'','','',1,1,NULL,NULL,NULL,'','2012-09-15 17:45:13',NULL,NULL,'',1,NULL,NULL,NULL,NULL,NULL,NULL,NULL,0,0,NULL),(31,'2012-09-15 16:45:50','2012-09-15 14:59:48','omarh',5,NULL,NULL,NULL,'elcongre','fb91c4306073854c96b521f6c41e235d',NULL,'Hernandez','Omar',NULL,'','','','ydarnes00@hotmail.com','',0,'','','',1,1,NULL,NULL,NULL,'','2013-06-22 21:21:30','2013-04-17 22:57:23',NULL,'',1,NULL,NULL,NULL,NULL,NULL,NULL,NULL,0,0,NULL),(32,'2012-09-15 17:34:08','2012-09-15 15:40:01','rodrigodo',5,NULL,NULL,NULL,'5asec','d7c5c0f81aebf66bf63c79f5b8438064',NULL,'Caleya','Rodrigo',NULL,'','','','','',1,'','','',1,1,NULL,NULL,NULL,'',NULL,NULL,NULL,'',1,NULL,NULL,NULL,NULL,NULL,NULL,NULL,0,0,NULL),(33,'2012-09-15 17:36:57','2012-09-15 15:40:40','rodrigove',3,NULL,NULL,NULL,'5asec','d7c5c0f81aebf66bf63c79f5b8438064',NULL,'Caleya','Rodrigo',NULL,'','','','rcaleya@cleanea.com','',1,'','','',1,1,NULL,NULL,NULL,'',NULL,NULL,NULL,'',1,NULL,NULL,NULL,NULL,NULL,NULL,NULL,0,0,NULL),(34,'2012-09-15 17:38:32','2012-09-15 15:41:00','emilianove',3,NULL,NULL,NULL,'5asec','d7c5c0f81aebf66bf63c79f5b8438064',NULL,'Rosa','Emiliano',NULL,'','','','erosa@cleanea.com','',1,'','','',1,1,NULL,NULL,NULL,'',NULL,NULL,NULL,'',1,NULL,NULL,NULL,NULL,NULL,NULL,NULL,0,0,NULL),(35,'2012-09-15 17:42:41','2012-09-15 15:42:42','rodrigoco',4,NULL,NULL,NULL,'5asec','d7c5c0f81aebf66bf63c79f5b8438064',NULL,'Caleya','Rodrigo',NULL,'','','','rcaleya@cleanea.com','',1,'','','',1,1,NULL,NULL,NULL,'',NULL,NULL,NULL,'',1,NULL,NULL,NULL,NULL,NULL,NULL,NULL,0,0,NULL),(36,'2012-09-15 17:43:44','2012-09-15 15:43:45','emilianoco',4,NULL,NULL,NULL,'5asec','d7c5c0f81aebf66bf63c79f5b8438064',NULL,'Rosa','Emiliano',NULL,'','','','erosa@cleanea.com','',1,'','','',1,1,NULL,NULL,NULL,'',NULL,NULL,NULL,'',1,NULL,NULL,NULL,NULL,NULL,NULL,NULL,0,0,NULL),(37,'2012-09-15 17:45:58','2012-09-15 15:45:59','rodrigobb',12,NULL,NULL,NULL,'5asec','d7c5c0f81aebf66bf63c79f5b8438064',NULL,'Caleya','Rodrigo',NULL,'','','','rcaleya@cleanea.com','',1,'','','',1,1,NULL,NULL,NULL,'',NULL,NULL,NULL,'',1,NULL,NULL,NULL,NULL,NULL,NULL,NULL,0,0,NULL),(38,'2012-09-15 17:46:28','2012-09-15 15:46:29','emilianobb',12,NULL,NULL,NULL,'5asec','d7c5c0f81aebf66bf63c79f5b8438064',NULL,'Rosa','Emiliano',NULL,'','','','erosa@cleanea.com','',1,'','','',1,1,NULL,NULL,NULL,'',NULL,NULL,NULL,'',1,NULL,NULL,NULL,NULL,NULL,NULL,NULL,0,0,NULL),(39,'2012-09-15 17:48:28','2012-09-15 15:48:30','emilianodo',5,NULL,NULL,NULL,'5asec','d7c5c0f81aebf66bf63c79f5b8438064',NULL,'Rosa','Emiliano',NULL,'','','','erosa@cleanea.com','',1,'','','',1,1,NULL,NULL,NULL,'',NULL,NULL,NULL,'',1,NULL,NULL,NULL,NULL,NULL,NULL,NULL,0,0,NULL),(40,'2012-10-04 09:52:12','2012-11-06 18:05:57','jcp',3,NULL,NULL,NULL,'d7ht0pyn','a93f6afae9171707609060abcd6a218c',NULL,'Pruvost','JC',NULL,'','','','jcp@cleanea.com','',0,'','','',1,1,NULL,NULL,NULL,'','2012-11-07 10:37:16','2012-10-04 10:13:48',NULL,'',1,NULL,NULL,NULL,NULL,NULL,NULL,NULL,0,0,NULL),(41,'2012-11-06 19:03:49','2012-11-06 18:04:47','jcp',5,NULL,NULL,NULL,'krbwms47','8fc15faf6bbdbd718707e05f0f7bc2b8',NULL,'Jean-christophe','Pruvost',NULL,'','','','jcp@cleanea.com','',0,'','','',1,1,NULL,NULL,NULL,'','2012-11-07 10:39:25',NULL,NULL,'',1,NULL,NULL,NULL,NULL,NULL,NULL,NULL,0,0,NULL),(42,'2012-11-06 19:06:49','2012-11-06 18:07:09','jcp',4,NULL,NULL,NULL,'sy9mp12c','eade96ea22200bd007dd143f135dfdb8',NULL,'Jean-christophe','Pruvost',NULL,'','','','jcp@cleanea.com','',0,'','','',1,1,NULL,NULL,NULL,'','2012-11-07 10:38:04',NULL,NULL,'',1,NULL,NULL,NULL,NULL,NULL,NULL,NULL,0,0,NULL),(43,'2013-02-21 17:00:17','2013-11-15 18:27:48','alvannier',1,NULL,NULL,NULL,'quoiquoi','4a5a95198b58782e098be37c7d4b0e18',NULL,'VANNIER','Anne-Laure',NULL,'','','','alvannier@cleanea.com','',0,'','','',1,1,NULL,NULL,NULL,'','2013-10-29 00:52:42','2013-10-08 16:25:52',NULL,'',0,NULL,NULL,NULL,NULL,NULL,NULL,NULL,0,0,NULL),(44,'2013-03-19 11:59:54','2014-09-09 14:22:27','gpacary',1,NULL,NULL,NULL,'guillaume','0937d6b529933d0ef59ce458668013b9',NULL,'PACARY','Guillaume',NULL,'','','0621066464','gpacary@cleanea.com','',0,'','','',1,1,NULL,NULL,NULL,'','2013-07-24 13:45:00','2013-07-23 11:47:40',NULL,'',0,NULL,NULL,NULL,NULL,NULL,NULL,NULL,0,0,NULL),(45,'2013-04-22 09:13:31','2014-09-09 14:22:33','oballu',1,NULL,NULL,NULL,'cleanea01','29036614572aefe7083dffe981508439',NULL,'BALLU','Olivier',NULL,'','','0664613095','oballu@cleanea.com','',0,'','','',1,1,NULL,NULL,NULL,'','2013-06-13 15:56:47','2013-06-13 14:45:20',NULL,'',0,NULL,NULL,NULL,NULL,NULL,NULL,NULL,0,0,NULL),(46,'2013-04-23 08:43:09','2013-04-23 06:43:10','sschmaltz',1,NULL,NULL,NULL,'92800','c1cda6bc4f20f7ddc816a30d1397957b',NULL,'SCHMALTZ','Stéphane',NULL,'','','','sschmaltz@cleanea.com','',0,'','','',1,1,NULL,NULL,NULL,'','2014-09-18 14:48:25','2014-09-18 13:28:02',NULL,'',1,NULL,NULL,NULL,NULL,NULL,NULL,NULL,0,0,NULL),(47,'2013-06-03 13:03:46','2014-09-09 14:22:40','ltarteret',1,NULL,NULL,NULL,'ltparis15','acbd3c06e10aa5e920162584d4b3fedf',NULL,'TARTERET','Louis',NULL,'','','0689315189','ltarteret@cleanea.com','',0,'','','',1,1,NULL,NULL,NULL,'',NULL,NULL,NULL,'',0,NULL,NULL,NULL,NULL,NULL,NULL,NULL,0,0,NULL),(48,'2013-07-03 14:28:16','2014-09-09 14:22:48','mdebuyer',1,NULL,NULL,NULL,'may006','dad2e7ff8e23bc32073af88450bc3841',NULL,'De Buyer','Mayeul','','','','0649303604','mdebuyer@cleaena.com','',1,'','','',1,1,NULL,NULL,NULL,'','2014-02-14 12:41:55','2014-02-13 09:29:30',NULL,'',0,NULL,NULL,NULL,NULL,'','','',NULL,NULL,NULL),(49,'2013-07-18 12:30:37','2013-07-18 10:30:42','lcohen',1,NULL,NULL,NULL,'cleanea','71eece23028f6e5aac52ad12b0071642',NULL,'COHEN','Laurent',NULL,'','','','','',1,'','','',1,1,NULL,NULL,NULL,'','2013-07-26 11:13:29','2013-07-26 09:28:19',NULL,'',1,NULL,NULL,NULL,NULL,NULL,NULL,NULL,0,0,NULL),(10001,'2011-02-09 14:11:00','2012-12-19 17:19:13','admin',10001,NULL,NULL,NULL,'kikoucleanea1&','499e8666095e63d4cc64c73f12706c21',NULL,'Admin','',NULL,'','','','jcp@cleanea.com','',1,'','','',1,1,NULL,NULL,NULL,'','2013-04-30 14:21:26','2012-06-14 23:50:49',NULL,'',1,NULL,NULL,NULL,NULL,NULL,NULL,NULL,0,0,NULL),(10002,'2011-02-09 14:50:53','2012-12-19 17:23:12','jcpruvost',10001,NULL,NULL,NULL,'5028','bf8dd8c68d02e161c28dc9ea139d4784',NULL,'Pruvost','Jean Christophe',NULL,'+33147750238','','+33609542264','jcp@cleanea.com','',1,'','','',1,1,NULL,NULL,NULL,'Fondateur','2013-10-02 14:06:53','2013-09-23 10:11:09',NULL,'',1,NULL,NULL,NULL,NULL,NULL,NULL,NULL,0,0,NULL),(10003,'2011-02-09 14:54:15','2013-01-02 14:20:34','wpomathios',10001,NULL,NULL,NULL,'lhw1505','501b3786f31dfae17b18158700abe4cb',NULL,'Pomathios','Willy',NULL,'','','','wpomathios@cleanea.com','',0,'','','',1,1,NULL,NULL,NULL,'','2012-12-19 21:14:45','2012-12-19 08:20:00',NULL,'',0,NULL,NULL,NULL,NULL,NULL,NULL,NULL,0,0,NULL),(10004,'2011-02-09 15:10:37','2013-01-02 14:19:43','dblaser',10001,NULL,NULL,NULL,'398gqfbw','fb968facf31eee70bdd3813253ffa13d',NULL,'Blaser','Daniel',NULL,'','','','dblaser@cleanea.com','',0,'','','',1,1,NULL,NULL,NULL,'Suisse Allemande','2012-03-09 16:59:52','2012-02-08 12:03:21',NULL,'',0,NULL,NULL,NULL,NULL,NULL,NULL,NULL,0,0,NULL),(10005,'2011-02-09 15:26:32','2012-12-17 11:00:45','cperasso',10001,NULL,NULL,NULL,'puntaest','67e2c2f8f711a4d4aec231deab515155',NULL,'Perasso','Cosette',NULL,'','','','cperasso@cleanea.com','',0,'','','',1,1,NULL,NULL,NULL,'Sales Representative Suisse Romande','2011-03-31 21:20:51','2011-03-28 11:55:17',NULL,'',0,NULL,NULL,NULL,NULL,NULL,NULL,NULL,0,0,NULL),(10006,'2011-02-09 15:29:27','2013-01-02 14:20:54','freuge',10001,NULL,NULL,NULL,'20052005','9990243335840c8bdb0717389a62a10f',NULL,'Reuge','Frederic',NULL,'','','+41792005843','freuge@cleanea.com','',0,'','','',1,1,NULL,NULL,NULL,'Sales representative Suisse Romande / Genève\r\nMaintenance','2012-12-27 09:09:58','2012-12-27 09:03:39',NULL,'',0,NULL,NULL,NULL,NULL,NULL,NULL,NULL,0,0,NULL),(10008,'2011-02-09 15:48:41','2013-01-09 08:35:19','mdeslandes',10001,NULL,NULL,NULL,'cleanea','71eece23028f6e5aac52ad12b0071642',NULL,'DESLANDES','Max',NULL,'','','+33621876816','mdeslandes@cleanea.com','',0,'','','',1,1,NULL,NULL,NULL,'Chef de projet / Cleanea technique / Paris tec','2013-01-18 09:03:45','2013-01-17 11:35:10',NULL,'',1,NULL,NULL,NULL,NULL,NULL,NULL,NULL,0,0,NULL),(10010,'2011-02-25 09:15:35','2012-06-09 17:06:47','yheughebaert',10001,NULL,NULL,NULL,'208k17nx','510b8c5cb5c6d2954d6a58d3b6ee87be',NULL,'Heughebaert','Yves',NULL,'+41223086120','','+41787031601','yh@publexfiduciaire.ch',NULL,0,'','','',1,1,NULL,NULL,NULL,'&nbsp;','2012-03-08 10:06:53','2011-06-15 14:41:02',NULL,'',1,NULL,NULL,NULL,NULL,NULL,NULL,NULL,0,0,NULL),(10011,'2011-02-25 16:24:04','2013-01-02 14:21:32','pboinnard',10001,NULL,NULL,NULL,'boinito7','3c34019159dfbf5d466c33d8236fcddf',NULL,'Boinnard','Patrick',NULL,'','','','pboinnard@cleanea.com','',0,'','','',1,1,NULL,NULL,NULL,'&nbsp;','2011-04-14 18:45:40','2011-03-22 11:43:43',NULL,'',0,NULL,NULL,NULL,NULL,NULL,NULL,NULL,0,0,NULL),(10012,'2011-03-04 11:16:17','2012-12-17 11:01:35','dpillonel',10001,NULL,NULL,NULL,'95a69058','82bacb35c2e6ef309cfa663621f1508a',NULL,'Pillonel','Didier',NULL,'','','','didier@pillonel.com','',0,'','','',1,1,NULL,NULL,NULL,'&nbsp;Responsable du developpement international de 5 &agrave; Sec','2011-11-13 15:01:43','2011-03-14 10:16:01',NULL,'',1,NULL,NULL,NULL,NULL,NULL,NULL,NULL,0,0,NULL),(10014,'2011-05-20 16:42:09','2011-10-10 17:58:38','pgadal',10001,NULL,NULL,NULL,'cleanea','71eece23028f6e5aac52ad12b0071642',NULL,'GADAL','Pauline',NULL,'','','','pgadal@cleanea.com',NULL,0,'','','',1,1,NULL,NULL,NULL,'','2011-06-30 09:15:38','2011-05-23 11:39:33',NULL,'',0,NULL,NULL,NULL,NULL,NULL,NULL,NULL,0,0,NULL),(10015,'2011-05-31 08:08:24','2011-05-31 06:08:59','adescamps',10001,NULL,NULL,NULL,'764a5578','b321b9c9aa017f6a4200dacf5a507b19',NULL,'Descamps','Alexandre',NULL,'','','+33663688480','adescamps@cleanea.com',NULL,0,'','','',1,1,NULL,NULL,NULL,'Logistique / Maintenance&nbsp;','2013-09-10 17:28:20','2013-09-09 14:22:00',NULL,'',1,NULL,NULL,NULL,NULL,NULL,NULL,NULL,0,0,NULL),(10017,'2011-07-06 14:52:37','2012-12-19 17:21:31','fpadilla',10001,NULL,NULL,NULL,'176ac143','ce78ce14c4aec89178d3ffba818d9265',NULL,'Padilla','Fabian',NULL,'+41225349603','','+41788159960','fjp@revena.com',NULL,1,'','','',1,1,NULL,NULL,NULL,'<br />','2011-10-28 16:30:04','2011-10-28 14:35:03',NULL,'',0,NULL,NULL,NULL,NULL,NULL,NULL,NULL,0,0,NULL),(10018,'2011-08-31 08:27:14','2013-01-02 14:22:25','sbigler',10001,NULL,NULL,NULL,'3122d278','06cd3b0655848734b4a08053b2300446',NULL,'Bigler','Sophie',NULL,'','','+41799648448','sophie_bigler_26@hotmail.com',NULL,0,'','','',1,1,NULL,NULL,NULL,'Via 5 &agrave; Sec / Didier Pillonel<br />','2011-09-18 13:20:49','2011-09-04 15:47:53',NULL,'',0,NULL,NULL,NULL,NULL,NULL,NULL,NULL,0,0,NULL),(10020,'2011-11-13 16:01:51','2013-01-02 14:22:36','test',10001,NULL,NULL,NULL,'lhw040506','144c95e394f7af8764d44825b2ec7ff2',NULL,'Pomathios test','Willy test',NULL,'','','','pomathios@me.com','',0,'','','',1,1,NULL,NULL,NULL,'','2012-06-09 18:20:15','2012-06-07 10:59:42',NULL,'',0,NULL,NULL,NULL,NULL,NULL,NULL,NULL,0,0,NULL),(10021,'2012-03-28 12:20:03','2013-11-20 14:20:07','cgruter',10001,NULL,NULL,NULL,'23Grut33','0c94b441051537b222a9dd6bbadf1238',NULL,'GRUTER','Charlotte','','','','0622486770','cgruter@cleanea.com','',0,'','','',1,1,NULL,NULL,NULL,'','2013-09-17 10:06:59','2013-09-16 13:48:54',NULL,'',1,NULL,NULL,NULL,NULL,'','','',NULL,NULL,NULL),(10022,'2012-05-30 10:42:35','2013-04-23 06:40:19','mtissot',10001,NULL,NULL,NULL,'Philou1956','0a916f01a5ad150a82266418019383cd',NULL,'Tissot','Maurice',NULL,'','','+41798007887','mtissot@cleanea.com','',0,'','','',1,1,NULL,NULL,NULL,'','2012-08-30 13:56:38','2012-08-13 10:58:40',NULL,'',0,NULL,NULL,NULL,NULL,NULL,NULL,NULL,0,0,NULL),(10025,'2013-01-02 17:26:21','2013-01-02 16:26:26','cjoy',10001,NULL,NULL,NULL,'cleanea','71eece23028f6e5aac52ad12b0071642',NULL,'Claude JOY','',NULL,'','','+41793353986','info@cjlogistique.ch','',0,'','','',1,1,NULL,NULL,NULL,'','2013-01-04 16:04:52','2013-01-03 10:54:45',NULL,'',1,NULL,NULL,NULL,NULL,NULL,NULL,NULL,0,0,NULL),(10026,'2013-02-22 16:41:24','2013-02-22 15:41:28','alvannier',10001,NULL,NULL,NULL,'quoiquoi','4a5a95198b58782e098be37c7d4b0e18',NULL,'VANNIER','Anne-Laure',NULL,'','','','alvannier@cleanea.com','',0,'','','',1,1,NULL,NULL,NULL,'','2013-08-29 13:49:18','2013-04-30 14:29:42',NULL,'',1,NULL,NULL,NULL,NULL,NULL,NULL,NULL,0,0,NULL),(10027,'2013-04-23 08:41:42','2013-06-24 09:59:33','sschmaltz',10001,NULL,NULL,NULL,'92800','c1cda6bc4f20f7ddc816a30d1397957b',NULL,'SCHMALTZ','Stéphane',NULL,'+41789655101','','','sschmaltz@cleanea.com','',0,'','','',1,1,NULL,NULL,NULL,'','2013-09-27 15:21:19','2013-09-20 16:11:53',NULL,'',1,NULL,NULL,NULL,NULL,NULL,NULL,NULL,0,0,NULL),(10028,'2013-04-23 15:38:08','2013-04-23 13:38:13','obalu',10001,NULL,NULL,NULL,'cleanea01','29036614572aefe7083dffe981508439',NULL,'BALLU','Olivier',NULL,'','','','','',0,'','','',1,1,NULL,NULL,NULL,'',NULL,NULL,NULL,'',1,NULL,NULL,NULL,NULL,NULL,NULL,NULL,0,0,NULL),(10029,'2013-07-03 14:29:56','2013-07-15 13:26:47','mdebuyer',10001,NULL,NULL,NULL,'may006','dad2e7ff8e23bc32073af88450bc3841',NULL,'De Buyer','Mayeul',NULL,'','','','mdebuyer@cleanea.com','',0,'','','',1,1,NULL,NULL,NULL,'','2013-09-09 14:20:24','2013-09-09 10:07:41',NULL,'',1,NULL,NULL,NULL,NULL,NULL,NULL,NULL,0,0,NULL),(10030,'2014-01-02 15:44:04','2014-01-02 14:44:04','pmf',10001,NULL,NULL,NULL,'cleanea','71eece23028f6e5aac52ad12b0071642',NULL,'FRITSCH','Pierre Marie','Technicien','','','','','',0,NULL,NULL,NULL,1,1,NULL,NULL,NULL,'',NULL,NULL,NULL,'',1,NULL,NULL,NULL,NULL,'','','',NULL,NULL,NULL),(10031,'2014-01-07 09:27:21','2014-09-09 14:22:57','vlhereec',1,NULL,NULL,NULL,'cleanea92','8e8145cb5f0523ca227ed066035aeeb8',NULL,'LHEREEC','Vincent','marketing','','','','','',0,NULL,NULL,NULL,1,1,NULL,NULL,NULL,'','2014-01-07 09:35:24',NULL,NULL,'',0,NULL,NULL,NULL,NULL,'','','',NULL,NULL,NULL),(10032,'2014-05-20 12:58:04','2014-09-09 14:23:03','jmatsanga',1,NULL,NULL,NULL,'jesse02','5a77b5dc10328fa9c01e63ff363b6cc2',NULL,'MATSANGA','Jesse','Administration','','','','jmatsanga@cleanea.com','',0,NULL,NULL,NULL,1,1,NULL,NULL,NULL,'','2014-08-21 16:09:14','2014-08-21 16:05:23',NULL,'',0,NULL,NULL,NULL,NULL,'','','',NULL,NULL,NULL),(10033,'2014-05-20 13:00:15','2014-07-02 09:26:34','vpiriou',1,NULL,NULL,NULL,'1992','d5c186983b52c4551ee00f72316c6eaa',NULL,'PIRIOU','Victor','Commercial','','','','pole-vente@cleanea.com','',0,NULL,NULL,NULL,1,1,NULL,NULL,NULL,'','2014-09-22 09:24:09','2014-09-03 15:27:18',NULL,'',1,NULL,NULL,NULL,2,'','','',NULL,NULL,NULL),(10034,'2014-06-12 14:43:07','2014-06-12 12:43:07','ahollard',1,NULL,NULL,NULL,'samedi','1813d21a11fab48d78f4abf900135c38',NULL,'HOLLARD','Antoine','DAF','','','','','',0,NULL,NULL,NULL,1,1,NULL,NULL,NULL,'','2014-06-12 14:58:23','2014-06-12 14:43:50',NULL,'',1,NULL,NULL,NULL,NULL,'','','',NULL,NULL,NULL),(10035,'2014-07-07 08:35:50','2014-09-09 14:23:20','hplanchon',1,NULL,NULL,NULL,'bacC','9a82ba98b22e80877ed452cba16d7735',NULL,'PLANCHON','Hugo','','','','','','',0,NULL,NULL,NULL,1,1,NULL,NULL,NULL,'','2014-07-18 14:32:25','2014-07-18 12:36:09',NULL,'',0,NULL,NULL,NULL,NULL,'','','',NULL,NULL,NULL),(10036,'2014-08-21 14:44:38','2014-08-21 12:44:38','fidu21',1,NULL,NULL,NULL,'gpossin','5da6831ff1e278bf88de2c54050aff7b',NULL,'comptabilité fiduciaire 21','','','0184230544','','','','',0,NULL,NULL,NULL,1,1,NULL,NULL,NULL,'','2014-09-15 14:18:18','2014-09-01 15:00:33',NULL,'',1,NULL,NULL,NULL,NULL,'','','',NULL,NULL,NULL),(10037,'2014-08-26 10:13:49','2014-09-01 07:52:20','jpouzadoux',1,NULL,NULL,NULL,'cleanea92','8e8145cb5f0523ca227ed066035aeeb8',NULL,'POUZADOUX','Juliette','assistante Marketing','','','','jpouzadoux@cleanea.com','',0,NULL,NULL,NULL,1,1,NULL,NULL,NULL,'','2014-09-22 14:35:04','2014-09-02 16:45:01',NULL,'',1,NULL,NULL,NULL,NULL,'','','',NULL,NULL,NULL),(10038,'2014-09-09 16:24:39','2014-09-09 14:24:39','gdamico',1,NULL,NULL,NULL,'cleanea92800','2d36ab7255871382ade5ee28d61593ed',NULL,'d\'AMICO','Gautier','Assitant de Gestion','','','','b00461277@essec.edu','',0,NULL,NULL,NULL,1,1,NULL,NULL,NULL,'','2014-09-22 16:25:43','2014-09-22 13:57:58',NULL,'',1,NULL,NULL,NULL,NULL,'','','',NULL,NULL,NULL);

--
-- Table structure for table `llx_user_alert`
--

CREATE TABLE `llx_user_alert` (
  `rowid` int(11) NOT NULL AUTO_INCREMENT,
  `type` int(11) DEFAULT NULL,
  `fk_contact` int(11) DEFAULT NULL,
  `fk_user` int(11) DEFAULT NULL,
  PRIMARY KEY (`rowid`)
) ENGINE=InnoDB AUTO_INCREMENT=10002 DEFAULT CHARSET=utf8;

--
-- Dumping data for table `llx_user_alert`
--

INSERT INTO `llx_user_alert` VALUES (10001,1,10001,10003);

--
-- Table structure for table `llx_user_clicktodial`
--

CREATE TABLE `llx_user_clicktodial` (
  `fk_user` int(11) NOT NULL,
  `url` varchar(255) DEFAULT NULL,
  `login` varchar(32) DEFAULT NULL,
  `pass` varchar(64) DEFAULT NULL,
  `poste` varchar(20) DEFAULT NULL,
  PRIMARY KEY (`fk_user`)
) ENGINE=InnoDB DEFAULT CHARSET=utf8;

--
-- Dumping data for table `llx_user_clicktodial`
--


--
-- Table structure for table `llx_user_entrepot`
--

CREATE TABLE `llx_user_entrepot` (
  `rowid` int(11) NOT NULL AUTO_INCREMENT,
  `fk_entrepot` int(10) unsigned DEFAULT NULL,
  `fk_user` int(10) unsigned DEFAULT NULL,
  `consult` smallint(5) unsigned DEFAULT NULL,
  `send` smallint(5) unsigned DEFAULT NULL,
  PRIMARY KEY (`rowid`)
) ENGINE=InnoDB DEFAULT CHARSET=utf8;

--
-- Dumping data for table `llx_user_entrepot`
--


--
-- Table structure for table `llx_user_extrafields`
--

CREATE TABLE `llx_user_extrafields` (
  `rowid` int(11) NOT NULL AUTO_INCREMENT,
  `tms` timestamp NOT NULL DEFAULT CURRENT_TIMESTAMP ON UPDATE CURRENT_TIMESTAMP,
  `fk_object` int(11) NOT NULL,
  `import_key` varchar(14) DEFAULT NULL,
  PRIMARY KEY (`rowid`),
  KEY `idx_user_extrafields` (`fk_object`)
) ENGINE=InnoDB DEFAULT CHARSET=latin1;

--
-- Dumping data for table `llx_user_extrafields`
--


--
-- Table structure for table `llx_user_param`
--

CREATE TABLE `llx_user_param` (
  `fk_user` int(11) NOT NULL,
  `entity` int(11) NOT NULL DEFAULT '1',
  `param` varchar(64) NOT NULL,
  `value` varchar(255) NOT NULL,
  UNIQUE KEY `uk_user_param` (`fk_user`,`param`,`entity`)
) ENGINE=InnoDB DEFAULT CHARSET=utf8;

--
-- Dumping data for table `llx_user_param`
--

INSERT INTO `llx_user_param` VALUES (2,1,'MAIN_BOXES_0','1'),(9,1,'MAIN_BOXES_0','1'),(15,1,'MAIN_BOXES_0','1'),(20,1,'MAIN_BOXES_0','1'),(48,10001,'MAIN_BOXES_0','1'),(10004,10001,'MAIN_LANG_DEFAULT','de_DE'),(10007,10001,'MAIN_LANG_DEFAULT','it_IT'),(10027,10001,'MAIN_BOXES_0','1');

--
-- Table structure for table `llx_user_rights`
--

CREATE TABLE `llx_user_rights` (
  `rowid` int(11) NOT NULL AUTO_INCREMENT,
  `fk_user` int(11) NOT NULL,
  `fk_id` int(11) NOT NULL,
  PRIMARY KEY (`rowid`),
  UNIQUE KEY `uk_user_rights` (`fk_user`,`fk_id`),
  CONSTRAINT `fk_user_rights_fk_user_user` FOREIGN KEY (`fk_user`) REFERENCES `llx_user` (`rowid`)
) ENGINE=InnoDB AUTO_INCREMENT=98187 DEFAULT CHARSET=utf8;

--
-- Dumping data for table `llx_user_rights`
--

INSERT INTO `llx_user_rights` VALUES (92900,1,11),(91949,1,12),(92148,1,13),(92329,1,14),(92528,1,15),(92709,1,16),(92909,1,19),(59527,1,21),(59271,1,22),(59325,1,24),(59378,1,25),(59427,1,26),(59481,1,27),(59535,1,28),(95600,1,31),(95209,1,32),(95409,1,34),(95609,1,38),(69553,1,41),(69507,1,42),(69561,1,44),(61561,1,61),(61461,1,62),(61515,1,64),(61569,1,67),(61622,1,68),(67123,1,71),(66986,1,72),(67034,1,74),(67130,1,75),(67082,1,76),(67213,1,78),(67220,1,79),(84095,1,81),(83355,1,82),(83508,1,84),(83660,1,86),(83797,1,87),(83950,1,88),(84103,1,89),(65215,1,91),(65115,1,92),(65169,1,93),(65223,1,94),(70927,1,95),(71063,1,96),(71328,1,97),(71336,1,98),(62335,1,101),(62187,1,102),(62241,1,104),(62294,1,105),(62343,1,109),(91560,1,111),(90569,1,112),(90769,1,113),(90969,1,114),(91169,1,115),(91369,1,116),(91569,1,117),(93860,1,121),(93469,1,122),(93669,1,125),(93869,1,126),(69709,1,141),(69663,1,142),(69717,1,144),(65425,1,151),(65325,1,152),(65379,1,153),(65433,1,154),(79641,1,161),(79190,1,162),(79343,1,163),(79496,1,164),(79649,1,165),(89739,1,171),(89441,1,172),(89594,1,173),(89747,1,178),(69919,1,221),(69819,1,222),(69873,1,223),(69927,1,229),(9798,1,241),(9777,1,242),(9802,1,243),(89178,1,251),(87755,1,252),(87858,1,253),(87976,1,254),(88079,1,255),(88198,1,256),(94068,1,262),(94820,1,281),(94429,1,282),(94629,1,283),(94829,1,286),(90334,1,300),(90335,1,301),(90336,1,302),(90337,1,331),(90338,1,332),(90339,1,333),(88316,1,341),(88418,1,342),(88520,1,343),(88622,1,344),(89059,1,351),(88827,1,352),(88946,1,353),(89065,1,354),(89184,1,358),(83058,1,531),(82760,1,532),(82913,1,534),(83066,1,538),(14128,1,701),(14115,1,702),(14130,1,703),(68773,1,1001),(68727,1,1002),(68781,1,1003),(68875,1,1004),(68883,1,1005),(62545,1,1101),(62445,1,1102),(62499,1,1104),(62553,1,1109),(85547,1,1181),(87614,1,1182),(85820,1,1183),(85973,1,1184),(86126,1,1185),(86279,1,1186),(86432,1,1187),(86585,1,1188),(2600,1,1201),(2603,1,1202),(87461,1,1231),(86874,1,1232),(87027,1,1233),(87180,1,1234),(87332,1,1235),(87469,1,1236),(87615,1,1237),(2606,1,1251),(93108,1,1321),(84255,1,1421),(96180,1,2401),(95989,1,2402),(96189,1,2403),(96760,1,2411),(96569,1,2412),(96769,1,2413),(96961,1,2414),(97380,1,2501),(97189,1,2503),(97389,1,2515),(23365,1,5001),(23366,1,5002),(90341,1,50101),(92910,2,11),(91959,2,12),(92157,2,13),(92339,2,14),(92537,2,15),(92719,2,16),(92919,2,19),(95610,2,31),(95219,2,32),(95419,2,34),(95619,2,38),(84104,2,81),(83364,2,82),(83517,2,84),(83668,2,86),(83806,2,87),(83959,2,88),(84112,2,89),(70935,2,95),(71071,2,96),(71337,2,97),(71345,2,98),(97750,2,106),(91570,2,111),(90579,2,112),(90779,2,113),(90979,2,114),(91179,2,115),(91379,2,116),(91579,2,117),(93870,2,121),(93479,2,122),(93679,2,125),(93879,2,126),(20668,2,151),(20612,2,152),(20642,2,153),(20672,2,154),(79650,2,161),(79199,2,162),(79352,2,163),(79505,2,164),(79658,2,165),(89748,2,171),(89450,2,172),(89603,2,173),(89756,2,178),(89185,2,251),(87761,2,252),(87865,2,253),(87982,2,254),(88086,2,255),(88205,2,256),(94077,2,262),(94830,2,281),(94439,2,282),(94639,2,283),(94839,2,286),(88322,2,341),(88424,2,342),(88526,2,343),(88628,2,344),(89066,2,351),(88834,2,352),(88953,2,353),(89072,2,354),(89191,2,358),(83067,2,531),(82769,2,532),(82922,2,534),(83075,2,538),(85555,2,1181),(87616,2,1182),(85829,2,1183),(85982,2,1184),(86135,2,1185),(86288,2,1186),(86441,2,1187),(86594,2,1188),(87470,2,1231),(86883,2,1232),(87036,2,1233),(87189,2,1234),(87340,2,1235),(87478,2,1236),(87617,2,1237),(93117,2,1321),(84263,2,1421),(96190,2,2401),(95999,2,2402),(96199,2,2403),(96770,2,2411),(96579,2,2412),(96779,2,2413),(96963,2,2414),(97390,2,2501),(97199,2,2503),(97399,2,2515),(23367,2,5001),(23368,2,5002),(90343,2,50101),(2616,3,11),(2612,3,12),(2609,3,14),(2615,3,16),(2618,3,19),(92920,5,11),(91969,5,12),(92166,5,13),(92349,5,14),(92546,5,15),(92729,5,16),(92929,5,19),(33,5,21),(24,5,22),(26,5,24),(28,5,25),(30,5,26),(32,5,27),(34,5,28),(95620,5,31),(95229,5,32),(95429,5,34),(461,5,36),(95629,5,38),(477,5,41),(476,5,42),(478,5,44),(102,5,61),(99,5,62),(101,5,64),(103,5,67),(84113,5,81),(83373,5,82),(83526,5,84),(83676,5,86),(83815,5,87),(83968,5,88),(84121,5,89),(217,5,91),(214,5,92),(216,5,93),(218,5,94),(70943,5,95),(71079,5,96),(71346,5,97),(71354,5,98),(124,5,101),(121,5,102),(123,5,104),(125,5,109),(91580,5,111),(90589,5,112),(90789,5,113),(90989,5,114),(91189,5,115),(91389,5,116),(91589,5,117),(93880,5,121),(93489,5,122),(93689,5,125),(93889,5,126),(482,5,141),(481,5,142),(483,5,144),(20673,5,151),(20617,5,152),(20647,5,153),(20677,5,154),(79659,5,161),(79208,5,162),(79361,5,163),(79514,5,164),(79667,5,165),(347,5,170),(89757,5,171),(89459,5,172),(89612,5,173),(89765,5,178),(489,5,221),(486,5,222),(488,5,223),(490,5,229),(503,5,241),(502,5,242),(504,5,243),(89192,5,251),(87767,5,252),(87872,5,253),(87988,5,254),(88093,5,255),(88212,5,256),(94086,5,262),(94840,5,281),(94449,5,282),(94649,5,283),(94849,5,286),(498,5,331),(497,5,332),(499,5,333),(88328,5,341),(88430,5,342),(88532,5,343),(88634,5,344),(89073,5,351),(88841,5,352),(88960,5,353),(89079,5,354),(89198,5,358),(83076,5,531),(82778,5,532),(82931,5,534),(94,5,536),(83084,5,538),(450,5,1001),(449,5,1002),(451,5,1003),(453,5,1004),(454,5,1005),(131,5,1101),(128,5,1102),(130,5,1104),(132,5,1109),(85563,5,1181),(87618,5,1182),(85838,5,1183),(85991,5,1184),(86144,5,1185),(86297,5,1186),(86450,5,1187),(86603,5,1188),(492,5,1201),(493,5,1202),(87479,5,1231),(86892,5,1232),(87045,5,1233),(87198,5,1234),(87348,5,1235),(87487,5,1236),(87619,5,1237),(494,5,1251),(93126,5,1321),(84271,5,1421),(96200,5,2401),(96009,5,2402),(96209,5,2403),(96780,5,2411),(96589,5,2412),(96789,5,2413),(96965,5,2414),(162,5,2500),(97400,5,2501),(97209,5,2503),(97409,5,2515),(23369,5,5001),(23370,5,5002),(90345,5,50101),(505,6,11),(506,6,21),(507,6,31),(508,6,36),(509,6,41),(510,6,61),(511,6,81),(512,6,91),(513,6,95),(514,6,97),(515,6,101),(516,6,111),(517,6,121),(518,6,161),(519,6,170),(520,6,221),(521,6,241),(522,6,251),(523,6,255),(524,6,256),(525,6,262),(526,6,281),(527,6,331),(528,6,332),(529,6,333),(530,6,531),(531,6,536),(532,6,1001),(533,6,1004),(534,6,1101),(535,6,1181),(536,6,1182),(537,6,1201),(538,6,1231),(539,6,2401),(540,6,2500),(541,6,2501),(542,6,2515),(543,7,11),(544,7,21),(545,7,31),(546,7,36),(547,7,41),(548,7,61),(549,7,81),(550,7,91),(551,7,95),(552,7,97),(553,7,101),(554,7,111),(555,7,121),(556,7,161),(557,7,170),(558,7,221),(559,7,241),(560,7,251),(561,7,255),(562,7,256),(563,7,262),(564,7,281),(565,7,331),(566,7,332),(567,7,333),(568,7,531),(569,7,536),(570,7,1001),(571,7,1004),(572,7,1101),(573,7,1181),(574,7,1182),(575,7,1201),(576,7,1231),(577,7,2401),(578,7,2500),(579,7,2501),(580,7,2515),(581,8,11),(582,8,21),(583,8,31),(584,8,36),(585,8,41),(586,8,61),(587,8,81),(588,8,91),(589,8,95),(590,8,97),(591,8,101),(592,8,111),(593,8,121),(594,8,161),(595,8,170),(596,8,221),(597,8,241),(598,8,251),(599,8,255),(600,8,256),(601,8,262),(602,8,281),(603,8,331),(604,8,332),(605,8,333),(606,8,531),(607,8,536),(608,8,1001),(609,8,1004),(610,8,1101),(611,8,1181),(612,8,1182),(613,8,1201),(614,8,1231),(615,8,2401),(616,8,2500),(617,8,2501),(618,8,2515),(619,9,11),(620,9,21),(621,9,31),(622,9,36),(623,9,41),(624,9,61),(625,9,81),(626,9,91),(627,9,95),(628,9,97),(629,9,101),(630,9,111),(631,9,121),(632,9,161),(633,9,170),(634,9,221),(635,9,241),(636,9,251),(637,9,255),(638,9,256),(639,9,262),(640,9,281),(641,9,331),(642,9,332),(643,9,333),(644,9,531),(645,9,536),(646,9,1001),(647,9,1004),(648,9,1101),(649,9,1181),(650,9,1182),(651,9,1201),(652,9,1231),(653,9,2500),(654,9,2501),(655,9,2515),(656,10,11),(657,10,21),(658,10,31),(659,10,36),(660,10,41),(661,10,61),(662,10,81),(663,10,91),(664,10,95),(665,10,97),(666,10,101),(667,10,111),(668,10,121),(669,10,161),(670,10,170),(671,10,221),(672,10,241),(673,10,251),(674,10,255),(675,10,256),(676,10,262),(677,10,281),(678,10,331),(679,10,332),(680,10,333),(681,10,531),(682,10,536),(683,10,1001),(684,10,1004),(685,10,1101),(686,10,1181),(687,10,1182),(688,10,1201),(689,10,1231),(690,10,2500),(691,10,2501),(692,10,2515),(693,11,11),(694,11,21),(695,11,31),(696,11,36),(697,11,41),(698,11,61),(699,11,81),(700,11,91),(701,11,95),(702,11,97),(703,11,101),(704,11,111),(705,11,121),(706,11,161),(707,11,170),(708,11,221),(709,11,241),(710,11,251),(711,11,255),(712,11,256),(713,11,262),(714,11,281),(715,11,331),(716,11,332),(717,11,333),(718,11,531),(719,11,536),(720,11,1001),(721,11,1004),(722,11,1101),(723,11,1181),(724,11,1182),(725,11,1201),(726,11,1231),(727,11,2500),(728,11,2501),(729,11,2515),(22324,12,11),(22190,12,12),(22216,12,13),(22244,12,14),(22270,12,15),(22298,12,16),(22328,12,19),(731,12,21),(732,12,31),(733,12,36),(734,12,41),(735,12,61),(22108,12,81),(21968,12,82),(21998,12,84),(22024,12,86),(22052,12,87),(22082,12,88),(22112,12,89),(737,12,91),(738,12,95),(739,12,97),(740,12,101),(21350,12,111),(21204,12,112),(21234,12,113),(21264,12,114),(21294,12,115),(21324,12,116),(21354,12,117),(21658,12,121),(21602,12,122),(21632,12,125),(21662,12,126),(20678,12,151),(20622,12,152),(20652,12,153),(20682,12,154),(743,12,161),(744,12,170),(23260,12,171),(23204,12,172),(23234,12,173),(23264,12,178),(745,12,221),(746,12,241),(23146,12,251),(22798,12,252),(22826,12,253),(22852,12,254),(22880,12,255),(22910,12,256),(21688,12,262),(21796,12,281),(21740,12,282),(21770,12,283),(21800,12,286),(752,12,331),(753,12,332),(754,12,333),(22936,12,341),(22960,12,342),(22984,12,343),(23008,12,344),(23116,12,351),(23060,12,352),(23090,12,353),(23120,12,354),(23150,12,358),(21910,12,531),(21854,12,532),(21884,12,534),(756,12,536),(21914,12,538),(757,12,1001),(758,12,1004),(759,12,1101),(22378,12,1181),(22576,12,1182),(22430,12,1183),(22460,12,1184),(22490,12,1185),(22520,12,1186),(22550,12,1187),(22580,12,1188),(762,12,1201),(22744,12,1231),(22634,12,1232),(22664,12,1233),(22694,12,1234),(22720,12,1235),(22748,12,1236),(22354,12,1321),(22138,12,1421),(21460,12,2401),(21434,12,2402),(21464,12,2403),(21544,12,2411),(21518,12,2412),(21548,12,2413),(764,12,2500),(23344,12,2501),(23318,12,2503),(23348,12,2515),(23371,12,5001),(23372,12,5002),(768,13,21),(769,13,31),(770,13,36),(771,13,41),(772,13,61),(774,13,91),(777,13,101),(779,13,121),(783,13,241),(784,13,251),(785,13,255),(786,13,256),(789,13,331),(790,13,332),(791,13,333),(792,13,531),(793,13,536),(794,13,1001),(795,13,1004),(796,13,1101),(797,13,1181),(798,13,1182),(801,13,2500),(802,13,2501),(803,13,2515),(814,14,11),(815,14,21),(816,14,31),(817,14,36),(818,14,41),(819,14,61),(820,14,81),(821,14,91),(822,14,101),(823,14,111),(824,14,121),(825,14,161),(826,14,170),(827,14,221),(828,14,241),(829,14,251),(830,14,255),(831,14,256),(832,14,262),(833,14,281),(834,14,331),(835,14,332),(836,14,333),(837,14,531),(838,14,536),(839,14,1001),(840,14,1004),(841,14,1101),(842,14,1181),(843,14,1182),(844,14,1201),(845,14,1231),(846,14,2401),(847,14,2500),(848,14,2501),(849,14,2515),(850,15,11),(851,15,21),(852,15,31),(853,15,36),(854,15,41),(855,15,61),(856,15,81),(857,15,91),(858,15,101),(859,15,111),(860,15,121),(861,15,161),(862,15,170),(863,15,221),(864,15,241),(865,15,251),(866,15,255),(867,15,256),(868,15,262),(869,15,281),(870,15,331),(871,15,332),(872,15,333),(873,15,531),(874,15,536),(875,15,1001),(876,15,1004),(877,15,1101),(878,15,1181),(879,15,1182),(880,15,1201),(881,15,1231),(882,15,2401),(883,15,2500),(884,15,2501),(885,15,2515),(1434,16,11),(1435,16,21),(1436,16,31),(1437,16,36),(1438,16,41),(1439,16,61),(1440,16,81),(1441,16,91),(1442,16,101),(1443,16,111),(1444,16,121),(1445,16,161),(1446,16,171),(1447,16,221),(1448,16,241),(1449,16,262),(1450,16,281),(1451,16,331),(1452,16,332),(1453,16,333),(1454,16,341),(1455,16,342),(1456,16,343),(1457,16,344),(1458,16,531),(1459,16,1001),(1460,16,1004),(1461,16,1101),(1462,16,1181),(1463,16,1182),(1464,16,1201),(1465,16,1231),(1466,16,2401),(1467,16,2501),(1468,16,2503),(1469,16,2515),(1470,16,50101),(92930,17,11),(91979,17,12),(92175,17,13),(92359,17,14),(92555,17,15),(92739,17,16),(92939,17,19),(2108,17,21),(95630,17,31),(95239,17,32),(95439,17,34),(95639,17,38),(2110,17,41),(2111,17,61),(2505,17,71),(2494,17,72),(2498,17,74),(2506,17,75),(2502,17,76),(2511,17,78),(2512,17,79),(84122,17,81),(83382,17,82),(83535,17,84),(83684,17,86),(83824,17,87),(83977,17,88),(84130,17,89),(2113,17,91),(70951,17,95),(71087,17,96),(71355,17,97),(71363,17,98),(2374,17,101),(2360,17,102),(2366,17,104),(2370,17,105),(2376,17,109),(91590,17,111),(90599,17,112),(90799,17,113),(90999,17,114),(91199,17,115),(91399,17,116),(91599,17,117),(93890,17,121),(93499,17,122),(93699,17,125),(93899,17,126),(2117,17,151),(79668,17,161),(79217,17,162),(79370,17,163),(79523,17,164),(79676,17,165),(89766,17,171),(89468,17,172),(89621,17,173),(89774,17,178),(2120,17,221),(2121,17,241),(89199,17,251),(87773,17,252),(87879,17,253),(87994,17,254),(88100,17,255),(88219,17,256),(94095,17,262),(94850,17,281),(94459,17,282),(94659,17,283),(94859,17,286),(88334,17,341),(88436,17,342),(88538,17,343),(88640,17,344),(89080,17,351),(88848,17,352),(88967,17,353),(89086,17,354),(89205,17,358),(83085,17,531),(82787,17,532),(82940,17,534),(83093,17,538),(2349,17,701),(2346,17,702),(2350,17,703),(2129,17,1001),(2130,17,1004),(2396,17,1101),(2386,17,1102),(2392,17,1104),(2398,17,1109),(85571,17,1181),(87620,17,1182),(85847,17,1183),(86000,17,1184),(86153,17,1185),(86306,17,1186),(86459,17,1187),(86612,17,1188),(2134,17,1201),(87488,17,1231),(86901,17,1232),(87054,17,1233),(87207,17,1234),(87356,17,1235),(87496,17,1236),(87621,17,1237),(93135,17,1321),(84279,17,1421),(96210,17,2401),(96019,17,2402),(96219,17,2403),(96790,17,2411),(96599,17,2412),(96799,17,2413),(96967,17,2414),(97410,17,2501),(97219,17,2503),(97419,17,2515),(90347,17,50101),(2139,18,11),(2140,18,21),(2141,18,31),(2142,18,41),(2143,18,61),(2144,18,81),(2145,18,91),(2146,18,101),(2147,18,111),(2148,18,121),(2149,18,151),(2150,18,161),(2151,18,171),(2152,18,221),(2153,18,241),(2154,18,262),(2155,18,281),(2156,18,341),(2157,18,342),(2158,18,343),(2159,18,344),(2160,18,531),(2161,18,1001),(2162,18,1004),(2163,18,1101),(2164,18,1181),(2165,18,1182),(2166,18,1201),(2167,18,1231),(2168,18,2501),(2169,18,2503),(2170,18,2515),(2171,19,11),(2172,19,21),(2173,19,31),(2174,19,41),(2175,19,61),(2176,19,81),(2177,19,91),(2178,19,101),(2179,19,111),(2180,19,121),(2181,19,151),(2182,19,161),(2183,19,171),(2184,19,221),(2185,19,241),(2186,19,262),(2187,19,281),(2188,19,341),(2189,19,342),(2190,19,343),(2191,19,344),(2192,19,531),(2193,19,1001),(2194,19,1004),(2195,19,1101),(2196,19,1181),(2197,19,1182),(2198,19,1201),(2199,19,1231),(2200,19,2501),(2201,19,2503),(2202,19,2515),(2545,20,11),(2546,20,21),(2547,20,31),(2548,20,36),(2549,20,41),(2550,20,61),(2551,20,81),(2552,20,91),(2553,20,101),(2554,20,111),(2555,20,121),(2556,20,161),(2557,20,171),(2558,20,221),(2559,20,241),(2560,20,262),(2561,20,281),(2562,20,331),(2563,20,332),(2564,20,333),(2565,20,341),(2566,20,342),(2567,20,343),(2568,20,344),(2569,20,531),(2570,20,1001),(2571,20,1004),(2572,20,1101),(2573,20,1181),(2574,20,1182),(2575,20,1201),(2576,20,1231),(2577,20,2401),(2578,20,2501),(2579,20,2503),(2580,20,2515),(2581,20,50101),(17248,21,11),(17249,21,21),(17250,21,31),(17251,21,41),(17252,21,61),(17428,21,71),(17429,21,72),(17430,21,74),(17431,21,75),(17432,21,76),(17433,21,78),(17434,21,79),(17255,21,81),(17256,21,91),(17257,21,95),(17258,21,97),(17259,21,101),(17260,21,111),(17261,21,121),(17262,21,151),(17263,21,161),(17264,21,171),(17265,21,221),(17266,21,241),(17267,21,262),(17268,21,281),(17269,21,531),(17270,21,1001),(17271,21,1004),(17272,21,1101),(17273,21,1181),(17274,21,1182),(17275,21,1231),(17276,21,2401),(17277,21,2501),(17278,21,2503),(17279,21,2515),(17280,22,11),(17281,22,21),(17282,22,31),(17283,22,36),(17284,22,41),(17285,22,61),(17286,22,81),(17287,22,91),(17288,22,101),(17289,22,111),(17290,22,121),(17291,22,161),(17292,22,171),(17293,22,221),(17294,22,241),(17295,22,262),(17296,22,281),(17297,22,331),(17298,22,332),(17299,22,333),(17300,22,341),(17301,22,342),(17302,22,343),(17303,22,344),(17304,22,531),(17305,22,1001),(17306,22,1004),(17307,22,1101),(17308,22,1181),(17309,22,1182),(17310,22,1201),(17311,22,1231),(17312,22,2401),(17313,22,2501),(17314,22,2503),(17315,22,2515),(17316,22,50101),(17391,25,11),(17392,25,21),(17393,25,31),(17394,25,36),(17395,25,41),(17396,25,61),(17397,25,81),(17398,25,91),(17399,25,101),(17400,25,111),(17401,25,121),(17402,25,161),(17403,25,171),(17404,25,221),(17405,25,241),(17406,25,262),(17407,25,281),(17408,25,331),(17409,25,332),(17410,25,333),(17411,25,341),(17412,25,342),(17413,25,343),(17414,25,344),(17415,25,531),(17416,25,1001),(17417,25,1004),(17418,25,1101),(17419,25,1181),(17420,25,1182),(17421,25,1201),(17422,25,1231),(17423,25,2401),(17424,25,2501),(17425,25,2503),(17426,25,2515),(17427,25,50101),(21355,26,11),(21356,26,21),(21357,26,31),(21358,26,41),(21359,26,61),(21360,26,71),(21361,26,78),(21362,26,81),(21363,26,91),(21364,26,95),(21365,26,97),(21366,26,101),(21367,26,111),(21368,26,121),(21369,26,151),(21370,26,161),(21371,26,171),(21372,26,221),(21373,26,241),(21374,26,262),(21375,26,281),(21376,26,341),(21377,26,342),(21378,26,343),(21379,26,344),(21380,26,531),(21381,26,1001),(21382,26,1004),(21383,26,1101),(21384,26,1181),(21385,26,1182),(21386,26,1231),(21387,26,2401),(21388,26,2501),(21389,26,2503),(21390,26,2515),(92940,27,11),(91989,27,12),(92184,27,13),(92369,27,14),(92564,27,15),(92749,27,16),(92949,27,19),(69974,27,21),(95640,27,31),(95249,27,32),(95449,27,34),(95649,27,38),(69976,27,41),(69977,27,61),(69978,27,71),(69979,27,78),(84131,27,81),(83391,27,82),(83544,27,84),(83692,27,86),(83833,27,87),(83986,27,88),(84139,27,89),(69981,27,91),(70959,27,95),(71095,27,96),(71364,27,97),(71372,27,98),(69984,27,101),(91600,27,111),(90609,27,112),(90809,27,113),(91009,27,114),(91209,27,115),(91409,27,116),(91609,27,117),(93900,27,121),(93509,27,122),(93709,27,125),(93909,27,126),(69987,27,151),(79677,27,161),(79226,27,162),(79379,27,163),(79532,27,164),(79685,27,165),(89775,27,171),(89477,27,172),(89630,27,173),(89783,27,178),(69990,27,221),(89206,27,251),(87779,27,252),(87886,27,253),(88000,27,254),(88107,27,255),(88226,27,256),(94104,27,262),(94860,27,281),(94469,27,282),(94669,27,283),(94869,27,286),(88340,27,341),(88442,27,342),(88544,27,343),(88646,27,344),(89087,27,351),(88855,27,352),(88974,27,353),(89093,27,354),(89212,27,358),(83094,27,531),(82796,27,532),(82949,27,534),(83102,27,538),(69994,27,1001),(69995,27,1004),(69996,27,1101),(85579,27,1181),(87622,27,1182),(85856,27,1183),(86009,27,1184),(86162,27,1185),(86315,27,1186),(86468,27,1187),(86621,27,1188),(87497,27,1231),(86910,27,1232),(87063,27,1233),(87216,27,1234),(87364,27,1235),(87505,27,1236),(87623,27,1237),(93144,27,1321),(84287,27,1421),(96220,27,2401),(96029,27,2402),(96229,27,2403),(96800,27,2411),(96609,27,2412),(96809,27,2413),(96969,27,2414),(97420,27,2501),(97229,27,2503),(97429,27,2515),(90349,27,50101),(92950,28,11),(91999,28,12),(92193,28,13),(92379,28,14),(92573,28,15),(92759,28,16),(92959,28,19),(70005,28,21),(95650,28,31),(95259,28,32),(95459,28,34),(95659,28,38),(70007,28,41),(70008,28,61),(70009,28,71),(70010,28,78),(84140,28,81),(83400,28,82),(83553,28,84),(83700,28,86),(83842,28,87),(83995,28,88),(84148,28,89),(70012,28,91),(70967,28,95),(71103,28,96),(71373,28,97),(71381,28,98),(70015,28,101),(91610,28,111),(90619,28,112),(90819,28,113),(91019,28,114),(91219,28,115),(91419,28,116),(91619,28,117),(93910,28,121),(93519,28,122),(93719,28,125),(93919,28,126),(70018,28,151),(79686,28,161),(79235,28,162),(79388,28,163),(79541,28,164),(79694,28,165),(89784,28,171),(89486,28,172),(89639,28,173),(89792,28,178),(70021,28,221),(89213,28,251),(87785,28,252),(87893,28,253),(88006,28,254),(88114,28,255),(88233,28,256),(94113,28,262),(94870,28,281),(94479,28,282),(94679,28,283),(94879,28,286),(88346,28,341),(88448,28,342),(88550,28,343),(88652,28,344),(89094,28,351),(88862,28,352),(88981,28,353),(89100,28,354),(89219,28,358),(83103,28,531),(82805,28,532),(82958,28,534),(83111,28,538),(70025,28,1001),(70026,28,1004),(70027,28,1101),(85587,28,1181),(87624,28,1182),(85865,28,1183),(86018,28,1184),(86171,28,1185),(86324,28,1186),(86477,28,1187),(86630,28,1188),(87506,28,1231),(86919,28,1232),(87072,28,1233),(87225,28,1234),(87372,28,1235),(87514,28,1236),(87625,28,1237),(93153,28,1321),(84295,28,1421),(96230,28,2401),(96039,28,2402),(96239,28,2403),(96810,28,2411),(96619,28,2412),(96819,28,2413),(96971,28,2414),(97430,28,2501),(97239,28,2503),(97439,28,2515),(90351,28,50101),(92960,29,11),(92009,29,12),(92202,29,13),(92389,29,14),(92582,29,15),(92769,29,16),(92969,29,19),(70245,29,21),(70246,29,22),(70247,29,24),(70248,29,25),(70249,29,26),(70250,29,27),(70251,29,28),(95660,29,31),(95269,29,32),(95469,29,34),(95669,29,38),(70239,29,41),(70240,29,42),(70241,29,44),(70205,29,61),(70206,29,62),(70207,29,64),(70208,29,67),(70209,29,68),(70136,29,71),(70137,29,72),(70138,29,74),(70139,29,75),(70140,29,76),(70141,29,78),(70142,29,79),(84149,29,81),(83409,29,82),(83562,29,84),(83708,29,86),(83851,29,87),(84004,29,88),(84157,29,89),(70270,29,91),(70271,29,92),(70272,29,93),(70273,29,94),(70975,29,95),(71111,29,96),(71382,29,97),(71390,29,98),(70186,29,101),(70187,29,102),(70188,29,104),(70189,29,105),(70190,29,109),(91620,29,111),(90629,29,112),(90829,29,113),(91029,29,114),(91229,29,115),(91429,29,116),(91629,29,117),(93920,29,121),(93529,29,122),(93729,29,125),(93929,29,126),(70242,29,141),(70243,29,142),(70244,29,144),(70231,29,151),(70232,29,152),(70233,29,153),(70234,29,154),(79695,29,161),(79244,29,162),(79397,29,163),(79550,29,164),(79703,29,165),(89793,29,171),(89495,29,172),(89648,29,173),(89801,29,178),(70225,29,221),(70226,29,222),(70227,29,223),(70228,29,229),(70156,29,241),(70157,29,242),(70158,29,243),(89220,29,251),(87791,29,252),(87900,29,253),(88012,29,254),(88121,29,255),(88240,29,256),(94122,29,262),(94880,29,281),(94489,29,282),(94689,29,283),(94889,29,286),(88352,29,341),(88454,29,342),(88556,29,343),(88658,29,344),(89101,29,351),(88869,29,352),(88988,29,353),(89107,29,354),(89226,29,358),(83112,29,531),(82814,29,532),(82967,29,534),(83120,29,538),(70180,29,701),(70181,29,702),(70182,29,703),(70265,29,1001),(70266,29,1002),(70267,29,1003),(70268,29,1004),(70269,29,1005),(70191,29,1101),(70192,29,1102),(70193,29,1104),(70194,29,1109),(85595,29,1181),(87626,29,1182),(85874,29,1183),(86027,29,1184),(86180,29,1185),(86333,29,1186),(86486,29,1187),(86639,29,1188),(70195,29,1201),(70196,29,1202),(87515,29,1231),(86928,29,1232),(87081,29,1233),(87234,29,1234),(87380,29,1235),(87523,29,1236),(87627,29,1237),(70224,29,1251),(93162,29,1321),(84303,29,1421),(96240,29,2401),(96049,29,2402),(96249,29,2403),(96820,29,2411),(96629,29,2412),(96829,29,2413),(96973,29,2414),(97440,29,2501),(97249,29,2503),(97449,29,2515),(70229,29,5001),(70230,29,5002),(90353,29,50101),(92970,30,11),(92019,30,12),(92211,30,13),(92399,30,14),(92591,30,15),(92779,30,16),(92979,30,19),(70067,30,21),(95670,30,31),(95279,30,32),(95479,30,34),(95679,30,38),(70069,30,41),(70070,30,61),(70071,30,71),(70072,30,78),(84158,30,81),(83418,30,82),(83571,30,84),(83716,30,86),(83860,30,87),(84013,30,88),(84166,30,89),(70074,30,91),(70983,30,95),(71119,30,96),(71391,30,97),(71399,30,98),(70077,30,101),(91630,30,111),(90639,30,112),(90839,30,113),(91039,30,114),(91239,30,115),(91439,30,116),(91639,30,117),(93930,30,121),(93539,30,122),(93739,30,125),(93939,30,126),(70080,30,151),(79704,30,161),(79253,30,162),(79406,30,163),(79559,30,164),(79712,30,165),(89802,30,171),(89504,30,172),(89657,30,173),(89810,30,178),(70083,30,221),(89227,30,251),(87797,30,252),(87907,30,253),(88018,30,254),(88128,30,255),(88247,30,256),(94131,30,262),(94890,30,281),(94499,30,282),(94699,30,283),(94899,30,286),(88358,30,341),(88460,30,342),(88562,30,343),(88664,30,344),(89108,30,351),(88876,30,352),(88995,30,353),(89114,30,354),(89233,30,358),(83121,30,531),(82823,30,532),(82976,30,534),(83129,30,538),(70087,30,1001),(70088,30,1004),(70089,30,1101),(85603,30,1181),(87628,30,1182),(85883,30,1183),(86036,30,1184),(86189,30,1185),(86342,30,1186),(86495,30,1187),(86648,30,1188),(87524,30,1231),(86937,30,1232),(87090,30,1233),(87243,30,1234),(87388,30,1235),(87532,30,1236),(87629,30,1237),(93171,30,1321),(84311,30,1421),(96250,30,2401),(96059,30,2402),(96259,30,2403),(96830,30,2411),(96639,30,2412),(96839,30,2413),(96975,30,2414),(97450,30,2501),(97259,30,2503),(97459,30,2515),(90355,30,50101),(70097,31,11),(70098,31,21),(70099,31,31),(70100,31,41),(70101,31,61),(70102,31,71),(70103,31,78),(70104,31,81),(70105,31,91),(70106,31,95),(70107,31,97),(70108,31,101),(70109,31,111),(70110,31,121),(70111,31,151),(70112,31,161),(70113,31,171),(70114,31,221),(70115,31,241),(70116,31,262),(70117,31,281),(70118,31,341),(70119,31,342),(70120,31,343),(70121,31,344),(70122,31,531),(70123,31,701),(70124,31,1001),(70125,31,1004),(70126,31,1101),(70127,31,1181),(70128,31,1182),(70129,31,1201),(70130,31,1231),(70131,31,2401),(70132,31,2501),(70133,31,2503),(70134,31,2515),(70135,31,5001),(92980,32,11),(92029,32,12),(92220,32,13),(92409,32,14),(92600,32,15),(92789,32,16),(92989,32,19),(70275,32,21),(95680,32,31),(95289,32,32),(95489,32,34),(95689,32,38),(70277,32,41),(70278,32,61),(70279,32,71),(70280,32,78),(84167,32,81),(83427,32,82),(83580,32,84),(83724,32,86),(83869,32,87),(84022,32,88),(84175,32,89),(70282,32,91),(70991,32,95),(71127,32,96),(71400,32,97),(71408,32,98),(70285,32,101),(91640,32,111),(90649,32,112),(90849,32,113),(91049,32,114),(91249,32,115),(91449,32,116),(91649,32,117),(93940,32,121),(93549,32,122),(93749,32,125),(93949,32,126),(70288,32,151),(79713,32,161),(79262,32,162),(79415,32,163),(79568,32,164),(79721,32,165),(89811,32,171),(89513,32,172),(89666,32,173),(89819,32,178),(70291,32,221),(70292,32,241),(89234,32,251),(87803,32,252),(87914,32,253),(88024,32,254),(88135,32,255),(88254,32,256),(94140,32,262),(94900,32,281),(94509,32,282),(94709,32,283),(94909,32,286),(88364,32,341),(88466,32,342),(88568,32,343),(88670,32,344),(89115,32,351),(88883,32,352),(89002,32,353),(89121,32,354),(89240,32,358),(83130,32,531),(82832,32,532),(82985,32,534),(83138,32,538),(70300,32,701),(70301,32,1001),(70302,32,1004),(70303,32,1101),(85611,32,1181),(87630,32,1182),(85892,32,1183),(86045,32,1184),(86198,32,1185),(86351,32,1186),(86504,32,1187),(86657,32,1188),(70306,32,1201),(87533,32,1231),(86946,32,1232),(87099,32,1233),(87252,32,1234),(87396,32,1235),(87541,32,1236),(87631,32,1237),(93180,32,1321),(84319,32,1421),(96260,32,2401),(96069,32,2402),(96269,32,2403),(96840,32,2411),(96649,32,2412),(96849,32,2413),(96977,32,2414),(97460,32,2501),(97269,32,2503),(97469,32,2515),(70312,32,5001),(90357,32,50101),(92990,33,11),(92039,33,12),(92229,33,13),(92419,33,14),(92609,33,15),(92799,33,16),(92999,33,19),(70314,33,21),(95690,33,31),(95299,33,32),(95499,33,34),(95699,33,38),(70316,33,41),(70317,33,61),(70318,33,71),(70319,33,78),(84176,33,81),(83436,33,82),(83589,33,84),(83732,33,86),(83878,33,87),(84031,33,88),(84184,33,89),(70321,33,91),(70999,33,95),(71135,33,96),(71409,33,97),(71417,33,98),(70324,33,101),(91650,33,111),(90659,33,112),(90859,33,113),(91059,33,114),(91259,33,115),(91459,33,116),(91659,33,117),(93950,33,121),(93559,33,122),(93759,33,125),(93959,33,126),(70327,33,151),(79722,33,161),(79271,33,162),(79424,33,163),(79577,33,164),(79730,33,165),(89820,33,171),(89522,33,172),(89675,33,173),(89828,33,178),(70330,33,221),(89241,33,251),(87809,33,252),(87921,33,253),(88030,33,254),(88142,33,255),(88261,33,256),(94149,33,262),(94910,33,281),(94519,33,282),(94719,33,283),(94919,33,286),(88370,33,341),(88472,33,342),(88574,33,343),(88676,33,344),(89122,33,351),(88890,33,352),(89009,33,353),(89128,33,354),(89247,33,358),(83139,33,531),(82841,33,532),(82994,33,534),(83147,33,538),(70334,33,1001),(70335,33,1004),(70336,33,1101),(85619,33,1181),(87632,33,1182),(85901,33,1183),(86054,33,1184),(86207,33,1185),(86360,33,1186),(86513,33,1187),(86666,33,1188),(87542,33,1231),(86955,33,1232),(87108,33,1233),(87261,33,1234),(87404,33,1235),(87550,33,1236),(87633,33,1237),(93189,33,1321),(84327,33,1421),(96270,33,2401),(96079,33,2402),(96279,33,2403),(96850,33,2411),(96659,33,2412),(96859,33,2413),(96979,33,2414),(97470,33,2501),(97279,33,2503),(97479,33,2515),(90359,33,50101),(93000,34,11),(92049,34,12),(92238,34,13),(92429,34,14),(92618,34,15),(92809,34,16),(93009,34,19),(70345,34,21),(95700,34,31),(95309,34,32),(95509,34,34),(95709,34,38),(70347,34,41),(70348,34,61),(70349,34,71),(70350,34,78),(84185,34,81),(83445,34,82),(83598,34,84),(83740,34,86),(83887,34,87),(84040,34,88),(84193,34,89),(70352,34,91),(71007,34,95),(71143,34,96),(71418,34,97),(71426,34,98),(70355,34,101),(91660,34,111),(90669,34,112),(90869,34,113),(91069,34,114),(91269,34,115),(91469,34,116),(91669,34,117),(93960,34,121),(93569,34,122),(93769,34,125),(93969,34,126),(70358,34,151),(79731,34,161),(79280,34,162),(79433,34,163),(79586,34,164),(79739,34,165),(89829,34,171),(89531,34,172),(89684,34,173),(89837,34,178),(70361,34,221),(89248,34,251),(87815,34,252),(87928,34,253),(88036,34,254),(88149,34,255),(88268,34,256),(94158,34,262),(94920,34,281),(94529,34,282),(94729,34,283),(94929,34,286),(88376,34,341),(88478,34,342),(88580,34,343),(88682,34,344),(89129,34,351),(88897,34,352),(89016,34,353),(89135,34,354),(89254,34,358),(83148,34,531),(82850,34,532),(83003,34,534),(83156,34,538),(70365,34,1001),(70366,34,1004),(70367,34,1101),(85627,34,1181),(87634,34,1182),(85910,34,1183),(86063,34,1184),(86216,34,1185),(86369,34,1186),(86522,34,1187),(86675,34,1188),(87551,34,1231),(86964,34,1232),(87117,34,1233),(87270,34,1234),(87412,34,1235),(87559,34,1236),(87635,34,1237),(93198,34,1321),(84335,34,1421),(96280,34,2401),(96089,34,2402),(96289,34,2403),(96860,34,2411),(96669,34,2412),(96869,34,2413),(96981,34,2414),(97480,34,2501),(97289,34,2503),(97489,34,2515),(90361,34,50101),(93010,35,11),(92059,35,12),(92247,35,13),(92439,35,14),(92627,35,15),(92819,35,16),(93019,35,19),(70376,35,21),(95710,35,31),(95319,35,32),(95519,35,34),(95719,35,38),(70378,35,41),(70379,35,61),(70380,35,71),(70381,35,78),(84194,35,81),(83454,35,82),(83607,35,84),(83748,35,86),(83896,35,87),(84049,35,88),(84202,35,89),(70383,35,91),(71015,35,95),(71151,35,96),(71427,35,97),(71435,35,98),(70386,35,101),(91670,35,111),(90679,35,112),(90879,35,113),(91079,35,114),(91279,35,115),(91479,35,116),(91679,35,117),(93970,35,121),(93579,35,122),(93779,35,125),(93979,35,126),(70389,35,151),(79740,35,161),(79289,35,162),(79442,35,163),(79595,35,164),(79748,35,165),(89838,35,171),(89540,35,172),(89693,35,173),(89846,35,178),(70392,35,221),(89255,35,251),(87821,35,252),(87935,35,253),(88042,35,254),(88156,35,255),(88275,35,256),(94167,35,262),(94930,35,281),(94539,35,282),(94739,35,283),(94939,35,286),(88382,35,341),(88484,35,342),(88586,35,343),(88688,35,344),(89136,35,351),(88904,35,352),(89023,35,353),(89142,35,354),(89261,35,358),(83157,35,531),(82859,35,532),(83012,35,534),(83165,35,538),(70396,35,1001),(70397,35,1004),(70398,35,1101),(85635,35,1181),(87636,35,1182),(85919,35,1183),(86072,35,1184),(86225,35,1185),(86378,35,1186),(86531,35,1187),(86684,35,1188),(87560,35,1231),(86973,35,1232),(87126,35,1233),(87279,35,1234),(87420,35,1235),(87568,35,1236),(87637,35,1237),(93207,35,1321),(84343,35,1421),(96290,35,2401),(96099,35,2402),(96299,35,2403),(96870,35,2411),(96679,35,2412),(96879,35,2413),(96983,35,2414),(97490,35,2501),(97299,35,2503),(97499,35,2515),(90363,35,50101),(93020,36,11),(92069,36,12),(92256,36,13),(92449,36,14),(92636,36,15),(92829,36,16),(93029,36,19),(70407,36,21),(95720,36,31),(95329,36,32),(95529,36,34),(95729,36,38),(70409,36,41),(70410,36,61),(70411,36,71),(70412,36,78),(84203,36,81),(83463,36,82),(83616,36,84),(83756,36,86),(83905,36,87),(84058,36,88),(84211,36,89),(70414,36,91),(71023,36,95),(71159,36,96),(71436,36,97),(71444,36,98),(70417,36,101),(91680,36,111),(90689,36,112),(90889,36,113),(91089,36,114),(91289,36,115),(91489,36,116),(91689,36,117),(93980,36,121),(93589,36,122),(93789,36,125),(93989,36,126),(70420,36,151),(79749,36,161),(79298,36,162),(79451,36,163),(79604,36,164),(79757,36,165),(89847,36,171),(89549,36,172),(89702,36,173),(89855,36,178),(70423,36,221),(89262,36,251),(87827,36,252),(87942,36,253),(88048,36,254),(88163,36,255),(88282,36,256),(94176,36,262),(94940,36,281),(94549,36,282),(94749,36,283),(94949,36,286),(88388,36,341),(88490,36,342),(88592,36,343),(88694,36,344),(89143,36,351),(88911,36,352),(89030,36,353),(89149,36,354),(89268,36,358),(83166,36,531),(82868,36,532),(83021,36,534),(83174,36,538),(70427,36,1001),(70428,36,1004),(70429,36,1101),(85643,36,1181),(87638,36,1182),(85928,36,1183),(86081,36,1184),(86234,36,1185),(86387,36,1186),(86540,36,1187),(86693,36,1188),(87569,36,1231),(86982,36,1232),(87135,36,1233),(87288,36,1234),(87428,36,1235),(87577,36,1236),(87639,36,1237),(93216,36,1321),(84351,36,1421),(96300,36,2401),(96109,36,2402),(96309,36,2403),(96880,36,2411),(96689,36,2412),(96889,36,2413),(96985,36,2414),(97500,36,2501),(97309,36,2503),(97509,36,2515),(90365,36,50101),(93030,37,11),(92079,37,12),(92265,37,13),(92459,37,14),(92645,37,15),(92839,37,16),(93039,37,19),(70438,37,21),(95730,37,31),(95339,37,32),(95539,37,34),(95739,37,38),(70440,37,41),(70441,37,61),(70442,37,71),(70443,37,78),(84212,37,81),(83472,37,82),(83625,37,84),(83764,37,86),(83914,37,87),(84067,37,88),(84220,37,89),(70445,37,91),(71031,37,95),(71167,37,96),(71445,37,97),(71453,37,98),(70448,37,101),(91690,37,111),(90699,37,112),(90899,37,113),(91099,37,114),(91299,37,115),(91499,37,116),(91699,37,117),(93990,37,121),(93599,37,122),(93799,37,125),(93999,37,126),(70451,37,151),(79758,37,161),(79307,37,162),(79460,37,163),(79613,37,164),(79766,37,165),(89856,37,171),(89558,37,172),(89711,37,173),(89864,37,178),(70454,37,221),(89269,37,251),(87833,37,252),(87949,37,253),(88054,37,254),(88170,37,255),(88289,37,256),(94185,37,262),(94950,37,281),(94559,37,282),(94759,37,283),(94959,37,286),(88394,37,341),(88496,37,342),(88598,37,343),(88700,37,344),(89150,37,351),(88918,37,352),(89037,37,353),(89156,37,354),(89275,37,358),(83175,37,531),(82877,37,532),(83030,37,534),(83183,37,538),(70458,37,1001),(70459,37,1004),(70460,37,1101),(85651,37,1181),(87640,37,1182),(85937,37,1183),(86090,37,1184),(86243,37,1185),(86396,37,1186),(86549,37,1187),(86702,37,1188),(87578,37,1231),(86991,37,1232),(87144,37,1233),(87297,37,1234),(87436,37,1235),(87586,37,1236),(87641,37,1237),(93225,37,1321),(84359,37,1421),(96310,37,2401),(96119,37,2402),(96319,37,2403),(96890,37,2411),(96699,37,2412),(96899,37,2413),(96987,37,2414),(97510,37,2501),(97319,37,2503),(97519,37,2515),(90367,37,50101),(93040,38,11),(92089,38,12),(92274,38,13),(92469,38,14),(92654,38,15),(92849,38,16),(93049,38,19),(70469,38,21),(95740,38,31),(95349,38,32),(95549,38,34),(95749,38,38),(70471,38,41),(70472,38,61),(70473,38,71),(70474,38,78),(84221,38,81),(83481,38,82),(83634,38,84),(83772,38,86),(83923,38,87),(84076,38,88),(84229,38,89),(70476,38,91),(71039,38,95),(71175,38,96),(71454,38,97),(71462,38,98),(70479,38,101),(91700,38,111),(90709,38,112),(90909,38,113),(91109,38,114),(91309,38,115),(91509,38,116),(91709,38,117),(94000,38,121),(93609,38,122),(93809,38,125),(94009,38,126),(70482,38,151),(79767,38,161),(79316,38,162),(79469,38,163),(79622,38,164),(79775,38,165),(89865,38,171),(89567,38,172),(89720,38,173),(89873,38,178),(70485,38,221),(89276,38,251),(87839,38,252),(87956,38,253),(88060,38,254),(88177,38,255),(88296,38,256),(94194,38,262),(94960,38,281),(94569,38,282),(94769,38,283),(94969,38,286),(88400,38,341),(88502,38,342),(88604,38,343),(88706,38,344),(89157,38,351),(88925,38,352),(89044,38,353),(89163,38,354),(89282,38,358),(83184,38,531),(82886,38,532),(83039,38,534),(83192,38,538),(70489,38,1001),(70490,38,1004),(70491,38,1101),(85659,38,1181),(87642,38,1182),(85946,38,1183),(86099,38,1184),(86252,38,1185),(86405,38,1186),(86558,38,1187),(86711,38,1188),(87587,38,1231),(87000,38,1232),(87153,38,1233),(87306,38,1234),(87444,38,1235),(87595,38,1236),(87643,38,1237),(93234,38,1321),(84367,38,1421),(96320,38,2401),(96129,38,2402),(96329,38,2403),(96900,38,2411),(96709,38,2412),(96909,38,2413),(96989,38,2414),(97520,38,2501),(97329,38,2503),(97529,38,2515),(90369,38,50101),(93050,39,11),(92099,39,12),(92283,39,13),(92479,39,14),(92663,39,15),(92859,39,16),(93059,39,19),(70500,39,21),(95750,39,31),(95359,39,32),(95559,39,34),(95759,39,38),(70502,39,41),(70503,39,61),(70504,39,71),(70505,39,78),(84230,39,81),(83490,39,82),(83643,39,84),(83780,39,86),(83932,39,87),(84085,39,88),(84238,39,89),(70507,39,91),(71047,39,95),(71183,39,96),(71463,39,97),(71471,39,98),(70510,39,101),(91710,39,111),(90719,39,112),(90919,39,113),(91119,39,114),(91319,39,115),(91519,39,116),(91719,39,117),(94010,39,121),(93619,39,122),(93819,39,125),(94019,39,126),(70513,39,151),(79776,39,161),(79325,39,162),(79478,39,163),(79631,39,164),(79784,39,165),(89874,39,171),(89576,39,172),(89729,39,173),(89882,39,178),(70516,39,221),(70517,39,241),(89283,39,251),(87845,39,252),(87963,39,253),(88066,39,254),(88184,39,255),(88303,39,256),(94203,39,262),(94970,39,281),(94579,39,282),(94779,39,283),(94979,39,286),(88406,39,341),(88508,39,342),(88610,39,343),(88712,39,344),(89164,39,351),(88932,39,352),(89051,39,353),(89170,39,354),(89289,39,358),(83193,39,531),(82895,39,532),(83048,39,534),(83201,39,538),(70525,39,701),(70526,39,1001),(70527,39,1004),(70528,39,1101),(85667,39,1181),(87644,39,1182),(85955,39,1183),(86108,39,1184),(86261,39,1185),(86414,39,1186),(86567,39,1187),(86720,39,1188),(70531,39,1201),(87596,39,1231),(87009,39,1232),(87162,39,1233),(87315,39,1234),(87452,39,1235),(87604,39,1236),(87645,39,1237),(93243,39,1321),(84375,39,1421),(96330,39,2401),(96139,39,2402),(96339,39,2403),(96910,39,2411),(96719,39,2412),(96919,39,2413),(96991,39,2414),(97530,39,2501),(97339,39,2503),(97539,39,2515),(70537,39,5001),(90371,39,50101),(70538,40,11),(70539,40,21),(70540,40,31),(70541,40,41),(70542,40,61),(70543,40,71),(70544,40,78),(70545,40,81),(70546,40,91),(70547,40,95),(70548,40,97),(70549,40,101),(70550,40,111),(70551,40,121),(70552,40,151),(70553,40,161),(70554,40,171),(70555,40,221),(70556,40,241),(70557,40,262),(70558,40,281),(70559,40,341),(70560,40,342),(70561,40,343),(70562,40,344),(70563,40,531),(70564,40,701),(70565,40,1001),(70566,40,1004),(70567,40,1101),(70568,40,1181),(70569,40,1182),(70570,40,1201),(70571,40,1231),(70572,40,2401),(70573,40,2501),(70574,40,2503),(70575,40,2515),(70576,40,5001),(70577,41,11),(70578,41,21),(70579,41,31),(70580,41,41),(70581,41,61),(70582,41,71),(70583,41,78),(70584,41,81),(70585,41,91),(70586,41,95),(70587,41,97),(70588,41,101),(70589,41,111),(70590,41,121),(70591,41,151),(70592,41,161),(70593,41,171),(70594,41,221),(70595,41,241),(70596,41,262),(70597,41,281),(70598,41,341),(70599,41,342),(70600,41,343),(70601,41,344),(70602,41,531),(70603,41,701),(70604,41,1001),(70605,41,1004),(70606,41,1101),(70607,41,1181),(70608,41,1182),(70609,41,1201),(70610,41,1231),(70611,41,2401),(70612,41,2501),(70613,41,2503),(70614,41,2515),(70615,41,5001),(70616,42,11),(70617,42,21),(70618,42,31),(70619,42,41),(70620,42,61),(70621,42,71),(70622,42,78),(70623,42,81),(70624,42,91),(70625,42,95),(70626,42,97),(70627,42,101),(70628,42,111),(70629,42,121),(70630,42,151),(70631,42,161),(70632,42,171),(70633,42,221),(70634,42,262),(70635,42,281),(70636,42,531),(70637,42,1001),(70638,42,1004),(70639,42,1101),(70640,42,1181),(70641,42,1182),(70642,42,1231),(70643,42,2401),(70644,42,2501),(70645,42,2503),(70646,42,2515),(70647,43,11),(70648,43,21),(70649,43,31),(70650,43,36),(70651,43,41),(70652,43,61),(70653,43,81),(70654,43,91),(70655,43,101),(70656,43,111),(70657,43,121),(70658,43,151),(70659,43,161),(70660,43,171),(70661,43,221),(70662,43,241),(70663,43,262),(70664,43,281),(70665,43,331),(70666,43,332),(70667,43,333),(70668,43,341),(70669,43,342),(70670,43,343),(70671,43,344),(70672,43,531),(70673,43,1001),(70674,43,1004),(70675,43,1101),(70676,43,1181),(70677,43,1182),(70678,43,1201),(70679,43,1231),(70680,43,2401),(70681,43,2501),(70682,43,2503),(70683,43,2515),(70684,43,5001),(70685,43,50101),(70686,44,11),(70687,44,21),(70688,44,31),(70689,44,36),(70690,44,41),(70691,44,61),(70692,44,81),(70693,44,91),(70694,44,101),(70695,44,111),(70696,44,121),(70697,44,151),(70698,44,161),(70699,44,171),(70700,44,221),(70701,44,241),(70702,44,262),(70703,44,281),(70704,44,331),(70705,44,332),(70706,44,333),(70707,44,341),(70708,44,342),(70709,44,343),(70710,44,344),(70711,44,531),(70712,44,1001),(70713,44,1004),(70714,44,1101),(70715,44,1181),(70716,44,1182),(70717,44,1201),(70718,44,1231),(70719,44,2401),(70720,44,2501),(70721,44,2503),(70722,44,2515),(70723,44,5001),(70724,44,50101),(70725,45,11),(70726,45,21),(70727,45,31),(70728,45,36),(70729,45,41),(70730,45,61),(70731,45,81),(70732,45,91),(70733,45,101),(70734,45,111),(70735,45,121),(70736,45,151),(70737,45,161),(70738,45,171),(70739,45,221),(70740,45,241),(70741,45,262),(70742,45,281),(70743,45,331),(70744,45,332),(70745,45,333),(70746,45,341),(70747,45,342),(70748,45,343),(70749,45,344),(70750,45,531),(70751,45,1001),(70752,45,1004),(70753,45,1101),(70754,45,1181),(70755,45,1182),(70756,45,1201),(70757,45,1231),(70758,45,2401),(70759,45,2501),(70760,45,2503),(70761,45,2515),(70762,45,5001),(70763,45,50101),(97610,46,11),(97589,46,12),(97599,46,14),(97609,46,16),(97619,46,19),(70765,46,21),(70766,46,31),(70767,46,36),(70768,46,41),(70769,46,61),(70770,46,81),(70771,46,91),(70772,46,101),(70773,46,111),(70774,46,121),(70775,46,151),(70776,46,161),(70777,46,171),(70778,46,221),(70779,46,241),(70780,46,262),(70781,46,281),(70782,46,331),(70783,46,332),(70784,46,333),(70785,46,341),(70786,46,342),(70787,46,343),(70788,46,344),(70789,46,531),(70790,46,1001),(70791,46,1004),(70792,46,1101),(70793,46,1181),(70794,46,1182),(70795,46,1201),(70796,46,1231),(97628,46,1321),(70797,46,2401),(70798,46,2501),(70799,46,2503),(70800,46,2515),(70801,46,5001),(70802,46,50101),(70803,47,11),(70804,47,21),(70805,47,31),(70806,47,36),(70807,47,41),(70808,47,61),(70809,47,81),(70810,47,91),(70811,47,101),(70812,47,111),(70813,47,121),(70814,47,151),(70815,47,161),(70816,47,171),(70817,47,221),(70818,47,241),(70819,47,262),(70820,47,281),(70821,47,331),(70822,47,332),(70823,47,333),(70824,47,341),(70825,47,342),(70826,47,343),(70827,47,344),(70828,47,531),(70829,47,1001),(70830,47,1004),(70831,47,1101),(70832,47,1181),(70833,47,1182),(70834,47,1201),(70835,47,1231),(70836,47,2401),(70837,47,2501),(70838,47,2503),(70839,47,2515),(70840,47,5001),(70841,47,50101),(97762,48,11),(97763,48,12),(97764,48,13),(97765,48,14),(97766,48,15),(97767,48,16),(97768,48,19),(70843,48,21),(70844,48,31),(70845,48,36),(97774,48,41),(97775,48,42),(97776,48,44),(70847,48,61),(70848,48,81),(97780,48,91),(97781,48,92),(97782,48,93),(97783,48,94),(97803,48,101),(97804,48,102),(97805,48,104),(97806,48,105),(97807,48,106),(97808,48,109),(97751,48,111),(97752,48,112),(97753,48,113),(97754,48,114),(97755,48,115),(97756,48,116),(97757,48,117),(70852,48,121),(97777,48,141),(97778,48,142),(97779,48,144),(97799,48,151),(97800,48,152),(97801,48,153),(97802,48,154),(70854,48,161),(97758,48,171),(97759,48,172),(97760,48,173),(97761,48,178),(70856,48,221),(70857,48,241),(97784,48,251),(97785,48,252),(97786,48,253),(97787,48,254),(97788,48,255),(97789,48,256),(70858,48,262),(70859,48,281),(70860,48,331),(70861,48,332),(70862,48,333),(97790,48,341),(97791,48,342),(97792,48,343),(97793,48,344),(97794,48,351),(97795,48,352),(97796,48,353),(97797,48,354),(97798,48,358),(70867,48,531),(70868,48,1001),(70869,48,1004),(97809,48,1101),(97810,48,1102),(97811,48,1104),(97812,48,1109),(70871,48,1181),(97815,48,1182),(70873,48,1201),(70874,48,1231),(97817,48,1237),(97769,48,1321),(70875,48,2401),(97814,48,2414),(70876,48,2501),(70877,48,2503),(70878,48,2515),(97772,48,5001),(97773,48,5002),(70880,48,50101),(93060,49,11),(92109,49,12),(92292,49,13),(92489,49,14),(92672,49,15),(92869,49,16),(93069,49,19),(70882,49,21),(95760,49,31),(95369,49,32),(95569,49,34),(70884,49,36),(95769,49,38),(70885,49,41),(70886,49,61),(84239,49,81),(83499,49,82),(83652,49,84),(83788,49,86),(83941,49,87),(84094,49,88),(84247,49,89),(70888,49,91),(71055,49,95),(71191,49,96),(71472,49,97),(71480,49,98),(70889,49,101),(91720,49,111),(90729,49,112),(90929,49,113),(91129,49,114),(91329,49,115),(91529,49,116),(91729,49,117),(94020,49,121),(93629,49,122),(93829,49,125),(94029,49,126),(70892,49,151),(79785,49,161),(79334,49,162),(79487,49,163),(79640,49,164),(79793,49,165),(89883,49,171),(89585,49,172),(89738,49,173),(89891,49,178),(70895,49,221),(70896,49,241),(89290,49,251),(87851,49,252),(87970,49,253),(88072,49,254),(88191,49,255),(88310,49,256),(94212,49,262),(94980,49,281),(94589,49,282),(94789,49,283),(94989,49,286),(70899,49,331),(70900,49,332),(70901,49,333),(88412,49,341),(88514,49,342),(88616,49,343),(88718,49,344),(89171,49,351),(88939,49,352),(89058,49,353),(89177,49,354),(89296,49,358),(83202,49,531),(82904,49,532),(83057,49,534),(83210,49,538),(70907,49,1001),(70908,49,1004),(70909,49,1101),(85675,49,1181),(87646,49,1182),(85964,49,1183),(86117,49,1184),(86270,49,1185),(86423,49,1186),(86576,49,1187),(86729,49,1188),(70912,49,1201),(87605,49,1231),(87018,49,1232),(87171,49,1233),(87324,49,1234),(87460,49,1235),(87613,49,1236),(87647,49,1237),(93252,49,1321),(84383,49,1421),(96340,49,2401),(96149,49,2402),(96349,49,2403),(96920,49,2411),(96729,49,2412),(96929,49,2413),(96993,49,2414),(97540,49,2501),(97349,49,2503),(97549,49,2515),(70918,49,5001),(90373,49,50101),(93070,10001,11),(92119,10001,12),(92301,10001,13),(92499,10001,14),(92681,10001,15),(92879,10001,16),(93079,10001,19),(95770,10001,31),(95379,10001,32),(95579,10001,34),(95779,10001,38),(91730,10001,111),(90739,10001,112),(90939,10001,113),(91139,10001,114),(91339,10001,115),(91539,10001,116),(91739,10001,117),(94030,10001,121),(93639,10001,122),(93839,10001,125),(94039,10001,126),(94221,10001,262),(94990,10001,281),(94599,10001,282),(94799,10001,283),(94999,10001,286),(93261,10001,1321),(96350,10001,2401),(96159,10001,2402),(96359,10001,2403),(96930,10001,2411),(96739,10001,2412),(96939,10001,2413),(96995,10001,2414),(97550,10001,2501),(97359,10001,2503),(97559,10001,2515),(12076,10001,10011),(12053,10001,10012),(12058,10001,10013),(12062,10001,10014),(12067,10001,10015),(12071,10001,10016),(12077,10001,10019),(11983,10001,10031),(11972,10001,10032),(11978,10001,10034),(11984,10001,10038),(12040,10001,10081),(12014,10001,10082),(12020,10001,10084),(12025,10001,10086),(12029,10001,10087),(12035,10001,10088),(12041,10001,10089),(11803,10001,10111),(11764,10001,10112),(11772,10001,10113),(11780,10001,10114),(11788,10001,10115),(11796,10001,10116),(11804,10001,10117),(11938,10001,10121),(11927,10001,10122),(11933,10001,10125),(11939,10001,10126),(11643,10001,10151),(11628,10001,10152),(11636,10001,10153),(11644,10001,10154),(12244,10001,10171),(12233,10001,10172),(12239,10001,10173),(12245,10001,10178),(12223,10001,10251),(12166,10001,10252),(12170,10001,10253),(12175,10001,10254),(12179,10001,10255),(12185,10001,10256),(11944,10001,10262),(11962,10001,10281),(11951,10001,10282),(11957,10001,10283),(11963,10001,10286),(12190,10001,10341),(12193,10001,10342),(12196,10001,10343),(12199,10001,10344),(12217,10001,10351),(12206,10001,10352),(12212,10001,10353),(12218,10001,10354),(12224,10001,10358),(12004,10001,10531),(11993,10001,10532),(11999,10001,10534),(12005,10001,10538),(11550,10001,10700),(11535,10001,10701),(11543,10001,10702),(11551,10001,10703),(12085,10001,11181),(12157,10001,11182),(12092,10001,11183),(12098,10001,11184),(12104,10001,11185),(12110,10001,11186),(12116,10001,11187),(12122,10001,11188),(12151,10001,11231),(12131,10001,11232),(12137,10001,11233),(12143,10001,11234),(12148,10001,11235),(12152,10001,11236),(12158,10001,11237),(12082,10001,11321),(12046,10001,11421),(11899,10001,12401),(11894,10001,12402),(11900,10001,12403),(11914,10001,12411),(11909,10001,12412),(11915,10001,12413),(11920,10001,12414),(12259,10001,12501),(12254,10001,12503),(12260,10001,12515),(90375,10001,50101),(93080,10002,11),(92129,10002,12),(92310,10002,13),(92509,10002,14),(92690,10002,15),(92889,10002,16),(93089,10002,19),(95780,10002,31),(95389,10002,32),(95589,10002,34),(95789,10002,38),(91740,10002,111),(90749,10002,112),(90949,10002,113),(91149,10002,114),(91349,10002,115),(91549,10002,116),(91749,10002,117),(94040,10002,121),(93649,10002,122),(93849,10002,125),(94049,10002,126),(94230,10002,262),(95000,10002,281),(94609,10002,282),(94809,10002,283),(95009,10002,286),(93270,10002,1321),(96360,10002,2401),(96169,10002,2402),(96369,10002,2403),(96940,10002,2411),(96749,10002,2412),(96949,10002,2413),(96997,10002,2414),(97560,10002,2501),(97369,10002,2503),(97569,10002,2515),(12078,10002,10011),(12055,10002,10012),(12059,10002,10013),(12064,10002,10014),(12068,10002,10015),(12073,10002,10016),(12079,10002,10019),(11985,10002,10031),(11974,10002,10032),(11980,10002,10034),(11986,10002,10038),(12042,10002,10081),(12016,10002,10082),(12022,10002,10084),(12026,10002,10086),(12031,10002,10087),(12037,10002,10088),(12043,10002,10089),(11805,10002,10111),(11766,10002,10112),(11774,10002,10113),(11782,10002,10114),(11790,10002,10115),(11798,10002,10116),(11806,10002,10117),(11940,10002,10121),(11929,10002,10122),(11935,10002,10125),(11941,10002,10126),(11645,10002,10151),(11630,10002,10152),(11638,10002,10153),(11646,10002,10154),(12246,10002,10171),(12235,10002,10172),(12241,10002,10173),(12247,10002,10178),(12225,10002,10251),(12167,10002,10252),(12172,10002,10253),(12176,10002,10254),(12181,10002,10255),(12187,10002,10256),(11945,10002,10262),(11964,10002,10281),(11953,10002,10282),(11959,10002,10283),(11965,10002,10286),(12191,10002,10341),(12194,10002,10342),(12197,10002,10343),(12200,10002,10344),(12219,10002,10351),(12208,10002,10352),(12214,10002,10353),(12220,10002,10354),(12226,10002,10358),(12006,10002,10531),(11995,10002,10532),(12001,10002,10534),(12007,10002,10538),(11552,10002,10700),(11537,10002,10701),(11545,10002,10702),(11553,10002,10703),(12086,10002,11181),(12159,10002,11182),(12094,10002,11183),(12100,10002,11184),(12106,10002,11185),(12112,10002,11186),(12118,10002,11187),(12124,10002,11188),(12153,10002,11231),(12133,10002,11232),(12139,10002,11233),(12145,10002,11234),(12149,10002,11235),(12154,10002,11236),(12160,10002,11237),(12083,10002,11321),(12047,10002,11421),(11901,10002,12401),(11896,10002,12402),(11902,10002,12403),(11916,10002,12411),(11911,10002,12412),(11917,10002,12413),(11921,10002,12414),(12261,10002,12501),(12256,10002,12503),(12262,10002,12515),(90377,10002,50101),(11691,10003,10011),(11665,10003,10013),(11677,10003,10015),(11684,10003,10016),(11190,10003,10031),(11175,10003,10032),(11183,10003,10034),(10040,10003,10036),(11191,10003,10038),(11266,10003,10081),(11231,10003,10082),(11239,10003,10084),(11244,10003,10086),(11251,10003,10087),(11259,10003,10088),(11267,10003,10089),(11807,10003,10111),(11768,10003,10112),(11776,10003,10113),(11784,10003,10114),(11792,10003,10115),(11800,10003,10116),(11808,10003,10117),(11723,10003,10121),(11708,10003,10122),(11716,10003,10125),(11724,10003,10126),(11647,10003,10151),(11632,10003,10152),(11640,10003,10153),(11648,10003,10154),(11530,10003,10171),(11515,10003,10172),(11523,10003,10173),(11531,10003,10178),(11424,10003,10252),(11436,10003,10254),(11729,10003,10262),(11755,10003,10281),(11740,10003,10282),(11748,10003,10283),(11756,10003,10286),(10032,10003,10300),(10031,10003,10301),(10033,10003,10302),(11456,10003,10341),(11464,10003,10343),(11468,10003,10344),(11494,10003,10351),(11479,10003,10352),(11487,10003,10353),(11495,10003,10354),(11218,10003,10531),(11203,10003,10532),(11211,10003,10534),(11219,10003,10538),(11554,10003,10700),(11539,10003,10701),(11547,10003,10702),(11555,10003,10703),(11324,10003,11181),(11374,10003,11182),(11335,10003,11183),(11343,10003,11184),(11351,10003,11185),(11359,10003,11186),(11367,10003,11187),(11375,10003,11188),(11414,10003,11231),(11387,10003,11232),(11395,10003,11233),(11408,10003,11235),(11415,10003,11236),(11272,10003,11421),(11082,10003,12401),(11075,10003,12402),(11083,10003,12403),(11102,10003,12411),(11095,10003,12412),(11103,10003,12413),(11574,10003,12501),(11567,10003,12503),(11575,10003,12515),(10010,10004,10251),(10013,10005,10251),(10014,10005,10255),(10015,10005,10256),(10083,10005,11004),(11848,10006,10011),(11849,10006,10012),(11062,10006,10031),(11063,10006,10032),(10016,10006,10251),(11064,10006,10342),(11065,10006,10343),(11057,10006,11001),(11058,10006,11002),(11060,10006,11004),(11061,10006,11005),(11043,10006,11181),(11044,10006,11182),(11045,10006,11183),(11046,10006,11184),(11047,10006,11185),(11048,10006,11186),(11049,10006,11187),(11051,10006,11231),(11052,10006,11232),(11053,10006,11233),(11055,10006,11235),(10022,10008,10251),(10043,10010,10011),(10044,10010,10021),(10045,10010,10031),(10046,10010,10036),(10047,10010,10041),(10048,10010,10061),(10049,10010,10081),(10050,10010,10091),(10051,10010,10095),(10052,10010,10097),(10053,10010,10101),(10054,10010,10111),(10055,10010,10121),(10056,10010,10161),(10057,10010,10170),(10058,10010,10221),(10059,10010,10241),(10060,10010,10244),(10061,10010,10251),(10064,10010,10262),(10065,10010,10281),(10066,10010,10300),(10067,10010,10331),(10068,10010,10332),(10069,10010,10333),(10070,10010,10531),(10071,10010,10536),(10072,10010,11001),(10073,10010,11004),(10074,10010,11101),(10075,10010,11181),(10076,10010,11182),(10077,10010,11201),(10078,10010,11231),(10079,10010,12401),(10080,10010,12500),(10081,10010,12501),(10082,10010,12515),(10084,10011,10011),(10085,10011,10021),(10086,10011,10031),(10087,10011,10036),(10088,10011,10041),(10089,10011,10061),(10090,10011,10081),(10094,10011,10101),(10096,10011,10121),(10097,10011,10161),(10098,10011,10170),(10099,10011,10221),(10100,10011,10241),(10101,10011,10244),(10102,10011,10251),(10105,10011,10262),(10106,10011,10281),(10107,10011,10300),(10108,10011,10331),(10109,10011,10332),(10110,10011,10333),(10111,10011,10531),(10112,10011,10536),(10113,10011,11001),(10114,10011,11004),(10115,10011,11101),(10116,10011,11181),(10117,10011,11182),(10118,10011,11201),(10119,10011,11231),(10120,10011,12401),(10121,10011,12500),(10122,10011,12501),(10123,10011,12515),(10124,10012,10011),(10125,10012,10021),(10126,10012,10031),(10127,10012,10036),(10128,10012,10041),(10129,10012,10061),(10130,10012,10081),(10134,10012,10101),(10136,10012,10121),(10137,10012,10161),(10138,10012,10170),(10139,10012,10221),(10140,10012,10241),(10141,10012,10244),(10142,10012,10251),(10145,10012,10262),(10146,10012,10281),(10147,10012,10300),(10148,10012,10331),(10149,10012,10332),(10150,10012,10333),(10151,10012,10531),(10152,10012,10536),(10153,10012,11001),(10154,10012,11004),(10155,10012,11101),(10156,10012,11181),(10157,10012,11182),(10158,10012,11201),(10159,10012,11231),(10160,10012,12401),(10161,10012,12500),(10162,10012,12501),(10163,10012,12515),(10204,10014,10011),(10205,10014,10021),(10206,10014,10031),(10207,10014,10036),(10208,10014,10041),(10209,10014,10061),(10210,10014,10081),(10211,10014,10091),(10212,10014,10095),(10213,10014,10097),(10214,10014,10101),(10215,10014,10111),(10216,10014,10121),(10217,10014,10161),(10218,10014,10170),(10219,10014,10221),(10220,10014,10241),(10221,10014,10244),(10222,10014,10251),(10223,10014,10255),(10224,10014,10256),(10225,10014,10262),(10226,10014,10281),(10227,10014,10300),(10228,10014,10331),(10229,10014,10332),(10230,10014,10333),(10231,10014,10531),(10232,10014,10536),(10233,10014,11001),(10234,10014,11004),(10235,10014,11101),(10236,10014,11181),(10237,10014,11182),(10238,10014,11201),(10239,10014,11231),(10240,10014,12401),(10241,10014,12500),(10242,10014,12501),(10243,10014,12515),(10244,10015,10011),(10245,10015,10021),(10246,10015,10031),(10247,10015,10036),(10248,10015,10041),(10249,10015,10061),(10250,10015,10081),(10254,10015,10101),(10256,10015,10121),(10257,10015,10161),(10258,10015,10170),(10259,10015,10221),(10260,10015,10241),(10261,10015,10244),(10265,10015,10262),(10266,10015,10281),(11619,10015,10300),(11620,10015,10301),(10268,10015,10331),(10269,10015,10332),(10270,10015,10333),(10271,10015,10531),(10272,10015,10536),(10275,10015,11101),(10276,10015,11181),(10277,10015,11182),(10278,10015,11201),(10279,10015,11231),(10280,10015,12401),(10281,10015,12500),(10282,10015,12501),(10283,10015,12515),(93090,10017,11),(92139,10017,12),(92319,10017,13),(92519,10017,14),(92699,10017,15),(92899,10017,16),(93099,10017,19),(95790,10017,31),(95399,10017,32),(95599,10017,34),(95799,10017,38),(91750,10017,111),(90759,10017,112),(90959,10017,113),(91159,10017,114),(91359,10017,115),(91559,10017,116),(91759,10017,117),(94050,10017,121),(93659,10017,122),(93859,10017,125),(94059,10017,126),(94239,10017,262),(95010,10017,281),(94619,10017,282),(94819,10017,283),(95019,10017,286),(93279,10017,1321),(96370,10017,2401),(96179,10017,2402),(96379,10017,2403),(96950,10017,2411),(96759,10017,2412),(96959,10017,2413),(96999,10017,2414),(97570,10017,2501),(97379,10017,2503),(97579,10017,2515),(12080,10017,10011),(12057,10017,10012),(12060,10017,10013),(12066,10017,10014),(12069,10017,10015),(12075,10017,10016),(12081,10017,10019),(10325,10017,10021),(11987,10017,10031),(11976,10017,10032),(11982,10017,10034),(10327,10017,10036),(11988,10017,10038),(10328,10017,10041),(10329,10017,10061),(12044,10017,10081),(12018,10017,10082),(12024,10017,10084),(12027,10017,10086),(12033,10017,10087),(12039,10017,10088),(12045,10017,10089),(10331,10017,10091),(10332,10017,10095),(10333,10017,10097),(10334,10017,10101),(11809,10017,10111),(11770,10017,10112),(11778,10017,10113),(11786,10017,10114),(11794,10017,10115),(11802,10017,10116),(11810,10017,10117),(11942,10017,10121),(11931,10017,10122),(11937,10017,10125),(11943,10017,10126),(11649,10017,10151),(11634,10017,10152),(11642,10017,10153),(11650,10017,10154),(10337,10017,10161),(10338,10017,10170),(12248,10017,10171),(12237,10017,10172),(12243,10017,10173),(12249,10017,10178),(10339,10017,10221),(10340,10017,10241),(10341,10017,10244),(12227,10017,10251),(12168,10017,10252),(12174,10017,10253),(12177,10017,10254),(12183,10017,10255),(12189,10017,10256),(11946,10017,10262),(11966,10017,10281),(11955,10017,10282),(11961,10017,10283),(11967,10017,10286),(10347,10017,10300),(10348,10017,10331),(10349,10017,10332),(10350,10017,10333),(12192,10017,10341),(12195,10017,10342),(12198,10017,10343),(12201,10017,10344),(12221,10017,10351),(12210,10017,10352),(12216,10017,10353),(12222,10017,10354),(12228,10017,10358),(12008,10017,10531),(11997,10017,10532),(12003,10017,10534),(10352,10017,10536),(12009,10017,10538),(11556,10017,10700),(11541,10017,10701),(11549,10017,10702),(11557,10017,10703),(10353,10017,11001),(10354,10017,11004),(10355,10017,11101),(12087,10017,11181),(12161,10017,11182),(12096,10017,11183),(12102,10017,11184),(12108,10017,11185),(12114,10017,11186),(12120,10017,11187),(12126,10017,11188),(10358,10017,11201),(12155,10017,11231),(12135,10017,11232),(12141,10017,11233),(12147,10017,11234),(12150,10017,11235),(12156,10017,11236),(12162,10017,11237),(12084,10017,11321),(12048,10017,11421),(11903,10017,12401),(11898,10017,12402),(11904,10017,12403),(11918,10017,12411),(11913,10017,12412),(11919,10017,12413),(11922,10017,12414),(10361,10017,12500),(12263,10017,12501),(12258,10017,12503),(12264,10017,12515),(90379,10017,50101),(10364,10018,10011),(10365,10018,10021),(10366,10018,10031),(10367,10018,10036),(10368,10018,10041),(10369,10018,10061),(10370,10018,10081),(10371,10018,10091),(10374,10018,10101),(10376,10018,10121),(10377,10018,10161),(10378,10018,10170),(10379,10018,10221),(10380,10018,10241),(10381,10018,10244),(10382,10018,10251),(10385,10018,10262),(10386,10018,10281),(10387,10018,10300),(10388,10018,10331),(10389,10018,10332),(10390,10018,10333),(10391,10018,10531),(10392,10018,10536),(10393,10018,11001),(10394,10018,11004),(10395,10018,11101),(10396,10018,11181),(10397,10018,11182),(10398,10018,11201),(10399,10018,11231),(10400,10018,12401),(10401,10018,12500),(10402,10018,12501),(10403,10018,12515),(10961,10020,10011),(10962,10020,10021),(10963,10020,10031),(10964,10020,10041),(10965,10020,10061),(10966,10020,10081),(10967,10020,10091),(10969,10020,10097),(10970,10020,10101),(10972,10020,10121),(10973,10020,10161),(10974,10020,10171),(10975,10020,10221),(10976,10020,10241),(10977,10020,10244),(10978,10020,10262),(10979,10020,10281),(10980,10020,10300),(10981,10020,10331),(10982,10020,10332),(10983,10020,10333),(10984,10020,10341),(10985,10020,10342),(10986,10020,10343),(10987,10020,10344),(10988,10020,10531),(10989,10020,10700),(10990,10020,11001),(10991,10020,11004),(10992,10020,11101),(10993,10020,11181),(10994,10020,11182),(10995,10020,11201),(10996,10020,11231),(10997,10020,12401),(10998,10020,12501),(10999,10020,12503),(11000,10020,12515),(11001,10020,60101),(11002,10021,10011),(11003,10021,10021),(11004,10021,10031),(11005,10021,10041),(11006,10021,10061),(11007,10021,10081),(11008,10021,10091),(11855,10021,10097),(11856,10021,10098),(11859,10021,10101),(11858,10021,10102),(11860,10021,10109),(11013,10021,10121),(11014,10021,10161),(11015,10021,10171),(11016,10021,10221),(11852,10021,10241),(11851,10021,10242),(11853,10021,10243),(11018,10021,10244),(11019,10021,10262),(11020,10021,10281),(11021,10021,10300),(11022,10021,10331),(11023,10021,10332),(11024,10021,10333),(11025,10021,10341),(11026,10021,10342),(11027,10021,10343),(11028,10021,10344),(11029,10021,10531),(11030,10021,10700),(11031,10021,11001),(11032,10021,11004),(11863,10021,11101),(11862,10021,11102),(11864,10021,11109),(11034,10021,11181),(11035,10021,11182),(11036,10021,11201),(11037,10021,11231),(11038,10021,12401),(11039,10021,12501),(11040,10021,12503),(11041,10021,12515),(11042,10021,60101),(11621,10022,10011),(11622,10022,10012),(11579,10022,10021),(11580,10022,10031),(11581,10022,10041),(11582,10022,10061),(11583,10022,10081),(11586,10022,10097),(11587,10022,10101),(11589,10022,10121),(11590,10022,10161),(11591,10022,10171),(11592,10022,10221),(11593,10022,10241),(11594,10022,10244),(11595,10022,10262),(11596,10022,10281),(11598,10022,10331),(11599,10022,10332),(11600,10022,10333),(11601,10022,10341),(11602,10022,10342),(11603,10022,10343),(11604,10022,10344),(11605,10022,10531),(11606,10022,10700),(11607,10022,11001),(11608,10022,11004),(11609,10022,11101),(11610,10022,11181),(11611,10022,11182),(11612,10022,11201),(11613,10022,11231),(11614,10022,12401),(11615,10022,12501),(11616,10022,12503),(11617,10022,12515),(11618,10022,60101),(11865,10025,10011),(11866,10025,10111),(11867,10025,10151),(11868,10025,10341),(11869,10025,10344),(11870,10026,10011),(11871,10026,10111),(11872,10026,10151),(11873,10026,10341),(11874,10026,10344),(97734,10027,11),(97735,10027,12),(97736,10027,13),(97737,10027,14),(97738,10027,15),(97739,10027,16),(97740,10027,19),(97691,10027,21),(97692,10027,22),(97693,10027,24),(97694,10027,25),(97695,10027,26),(97696,10027,27),(97697,10027,28),(97674,10027,31),(97675,10027,32),(97676,10027,34),(97677,10027,38),(97703,10027,41),(97704,10027,42),(97705,10027,44),(97652,10027,61),(97653,10027,62),(97654,10027,64),(97655,10027,67),(97656,10027,68),(97629,10027,81),(97630,10027,82),(97631,10027,84),(97632,10027,86),(97633,10027,87),(97634,10027,88),(97635,10027,89),(97726,10027,95),(97727,10027,96),(97728,10027,97),(97729,10027,98),(97642,10027,101),(97643,10027,102),(97644,10027,104),(97645,10027,105),(97646,10027,106),(97647,10027,109),(97716,10027,111),(97717,10027,112),(97718,10027,113),(97719,10027,114),(97720,10027,115),(97721,10027,116),(97722,10027,117),(97682,10027,121),(97683,10027,122),(97684,10027,125),(97685,10027,126),(97706,10027,141),(97707,10027,142),(97708,10027,144),(97745,10027,151),(97746,10027,152),(97747,10027,153),(97748,10027,154),(97637,10027,161),(97638,10027,162),(97639,10027,163),(97640,10027,164),(97641,10027,165),(97730,10027,171),(97731,10027,172),(97732,10027,173),(97733,10027,178),(97742,10027,241),(97743,10027,242),(97744,10027,243),(97686,10027,262),(97687,10027,281),(97688,10027,282),(97689,10027,283),(97690,10027,286),(97723,10027,331),(97724,10027,332),(97725,10027,333),(97678,10027,531),(97679,10027,532),(97680,10027,534),(97681,10027,538),(97698,10027,1001),(97699,10027,1002),(97700,10027,1003),(97701,10027,1004),(97702,10027,1005),(97648,10027,1101),(97649,10027,1102),(97650,10027,1104),(97651,10027,1109),(97657,10027,1181),(97658,10027,1182),(97659,10027,1183),(97660,10027,1184),(97661,10027,1185),(97662,10027,1186),(97663,10027,1187),(97664,10027,1188),(97665,10027,1231),(97666,10027,1232),(97667,10027,1233),(97668,10027,1234),(97669,10027,1235),(97670,10027,1236),(97671,10027,1237),(97741,10027,1321),(97636,10027,1421),(97709,10027,2401),(97710,10027,2402),(97711,10027,2403),(97712,10027,2411),(97713,10027,2412),(97714,10027,2413),(97715,10027,2414),(97672,10027,5001),(97673,10027,5002),(11875,10027,10011),(11876,10027,10111),(11877,10027,10151),(11878,10027,10341),(11879,10027,10344),(11880,10028,10011),(11881,10028,10111),(11882,10028,10151),(11883,10028,10341),(11884,10028,10344),(11885,10029,10011),(11886,10029,10111),(11887,10029,10151),(11888,10029,10341),(11889,10029,10344),(97818,10030,11),(97819,10030,21),(97820,10030,31),(97821,10030,41),(97822,10030,61),(97823,10030,81),(97824,10030,91),(97825,10030,95),(97826,10030,97),(97827,10030,101),(97828,10030,111),(97829,10030,121),(97830,10030,151),(97831,10030,161),(97832,10030,171),(97833,10030,221),(97834,10030,241),(97835,10030,262),(97836,10030,281),(97837,10030,300),(97838,10030,331),(97839,10030,332),(97840,10030,333),(97841,10030,341),(97842,10030,342),(97843,10030,343),(97844,10030,344),(97845,10030,531),(97846,10030,1001),(97847,10030,1004),(97848,10030,1101),(97849,10030,1181),(97850,10030,1182),(97851,10030,1201),(97852,10030,1231),(97853,10030,2401),(97854,10030,2501),(97855,10030,2503),(97856,10030,2515),(97857,10030,5001),(97858,10030,50101),(97859,10031,11),(97860,10031,21),(97861,10031,31),(97862,10031,36),(97863,10031,41),(97864,10031,61),(97865,10031,81),(97866,10031,91),(97867,10031,95),(97868,10031,97),(97869,10031,101),(97870,10031,111),(97871,10031,121),(97872,10031,151),(97873,10031,161),(97874,10031,171),(97875,10031,221),(97876,10031,241),(97877,10031,262),(97878,10031,281),(97879,10031,331),(97880,10031,332),(97881,10031,333),(97882,10031,341),(97883,10031,342),(97884,10031,343),(97885,10031,344),(97886,10031,531),(97887,10031,1001),(97888,10031,1004),(97889,10031,1101),(97890,10031,1181),(97891,10031,1182),(97892,10031,1201),(97893,10031,1231),(97894,10031,2401),(97895,10031,2501),(97896,10031,2503),(97897,10031,2515),(97898,10031,5001),(97899,10031,50101),(97900,10032,11),(97901,10032,21),(97902,10032,31),(97903,10032,36),(97904,10032,41),(97905,10032,61),(97906,10032,81),(97907,10032,91),(97908,10032,95),(97909,10032,97),(97910,10032,101),(97911,10032,111),(97912,10032,121),(97913,10032,151),(97914,10032,161),(97915,10032,171),(97916,10032,221),(97917,10032,241),(97918,10032,262),(97919,10032,281),(97920,10032,331),(97921,10032,332),(97922,10032,333),(97923,10032,341),(97924,10032,342),(97925,10032,343),(97926,10032,344),(97927,10032,531),(97928,10032,1001),(97929,10032,1004),(97930,10032,1101),(97931,10032,1181),(97932,10032,1182),(97933,10032,1201),(97934,10032,1231),(97935,10032,2401),(97936,10032,2501),(97937,10032,2503),(97938,10032,2515),(97939,10032,5001),(97940,10032,50101),(97941,10033,11),(97942,10033,21),(97943,10033,31),(97944,10033,36),(97945,10033,41),(97946,10033,61),(97947,10033,81),(97948,10033,91),(97949,10033,95),(97950,10033,97),(97951,10033,101),(97952,10033,111),(97953,10033,121),(97954,10033,151),(97955,10033,161),(97956,10033,171),(97957,10033,221),(97958,10033,241),(97959,10033,262),(97960,10033,281),(97961,10033,331),(97962,10033,332),(97963,10033,333),(97964,10033,341),(97965,10033,342),(97966,10033,343),(97967,10033,344),(97968,10033,531),(97969,10033,1001),(97970,10033,1004),(97971,10033,1101),(97972,10033,1181),(97973,10033,1182),(97974,10033,1201),(97975,10033,1231),(97976,10033,2401),(97977,10033,2501),(97978,10033,2503),(97979,10033,2515),(97980,10033,5001),(97981,10033,50101),(97982,10034,11),(97983,10034,21),(97984,10034,31),(97985,10034,36),(97986,10034,41),(97987,10034,61),(97988,10034,81),(97989,10034,91),(97990,10034,95),(97991,10034,97),(97992,10034,101),(97993,10034,111),(97994,10034,121),(97995,10034,151),(97996,10034,161),(97997,10034,171),(97998,10034,221),(97999,10034,241),(98000,10034,262),(98001,10034,281),(98002,10034,331),(98003,10034,332),(98004,10034,333),(98005,10034,341),(98006,10034,342),(98007,10034,343),(98008,10034,344),(98009,10034,531),(98010,10034,1001),(98011,10034,1004),(98012,10034,1101),(98013,10034,1181),(98014,10034,1182),(98015,10034,1201),(98016,10034,1231),(98017,10034,2401),(98018,10034,2501),(98019,10034,2503),(98020,10034,2515),(98021,10034,5001),(98022,10034,50101),(98023,10035,11),(98024,10035,21),(98025,10035,31),(98026,10035,36),(98027,10035,41),(98028,10035,61),(98029,10035,81),(98030,10035,91),(98031,10035,95),(98032,10035,97),(98033,10035,101),(98034,10035,111),(98035,10035,121),(98036,10035,151),(98037,10035,161),(98038,10035,171),(98039,10035,221),(98040,10035,241),(98041,10035,262),(98042,10035,281),(98043,10035,331),(98044,10035,332),(98045,10035,333),(98046,10035,341),(98047,10035,342),(98048,10035,343),(98049,10035,344),(98050,10035,531),(98051,10035,1001),(98052,10035,1004),(98053,10035,1101),(98054,10035,1181),(98055,10035,1182),(98056,10035,1201),(98057,10035,1231),(98058,10035,2401),(98059,10035,2501),(98060,10035,2503),(98061,10035,2515),(98062,10035,5001),(98063,10035,50101),(98064,10036,11),(98065,10036,21),(98066,10036,31),(98067,10036,36),(98068,10036,41),(98069,10036,61),(98070,10036,81),(98071,10036,91),(98072,10036,95),(98073,10036,97),(98074,10036,101),(98075,10036,111),(98076,10036,121),(98077,10036,151),(98078,10036,161),(98079,10036,171),(98080,10036,221),(98081,10036,241),(98082,10036,262),(98083,10036,281),(98084,10036,331),(98085,10036,332),(98086,10036,333),(98087,10036,341),(98088,10036,342),(98089,10036,343),(98090,10036,344),(98091,10036,531),(98092,10036,1001),(98093,10036,1004),(98094,10036,1101),(98095,10036,1181),(98096,10036,1182),(98097,10036,1201),(98098,10036,1231),(98099,10036,2401),(98100,10036,2501),(98101,10036,2503),(98102,10036,2515),(98103,10036,5001),(98104,10036,50101),(98105,10037,11),(98106,10037,21),(98107,10037,31),(98108,10037,36),(98109,10037,41),(98110,10037,61),(98111,10037,81),(98112,10037,91),(98113,10037,95),(98114,10037,97),(98115,10037,101),(98116,10037,111),(98117,10037,121),(98118,10037,151),(98119,10037,161),(98120,10037,171),(98121,10037,221),(98122,10037,241),(98123,10037,262),(98124,10037,281),(98125,10037,331),(98126,10037,332),(98127,10037,333),(98128,10037,341),(98129,10037,342),(98130,10037,343),(98131,10037,344),(98132,10037,531),(98133,10037,1001),(98134,10037,1004),(98135,10037,1101),(98136,10037,1181),(98137,10037,1182),(98138,10037,1201),(98139,10037,1231),(98140,10037,2401),(98141,10037,2501),(98142,10037,2503),(98143,10037,2515),(98144,10037,5001),(98145,10037,50101),(98146,10038,11),(98147,10038,21),(98148,10038,31),(98149,10038,36),(98150,10038,41),(98151,10038,61),(98152,10038,81),(98153,10038,91),(98154,10038,95),(98155,10038,97),(98156,10038,101),(98157,10038,111),(98158,10038,121),(98159,10038,151),(98160,10038,161),(98161,10038,171),(98162,10038,221),(98163,10038,241),(98164,10038,262),(98165,10038,281),(98166,10038,331),(98167,10038,332),(98168,10038,333),(98169,10038,341),(98170,10038,342),(98171,10038,343),(98172,10038,344),(98173,10038,531),(98174,10038,1001),(98175,10038,1004),(98176,10038,1101),(98177,10038,1181),(98178,10038,1182),(98179,10038,1201),(98180,10038,1231),(98181,10038,2401),(98182,10038,2501),(98183,10038,2503),(98184,10038,2515),(98185,10038,5001),(98186,10038,50101);

--
-- Table structure for table `llx_usergroup`
--

CREATE TABLE `llx_usergroup` (
  `rowid` int(11) NOT NULL AUTO_INCREMENT,
  `nom` varchar(255) NOT NULL,
  `entity` int(11) NOT NULL DEFAULT '1',
  `datec` datetime DEFAULT NULL,
  `tms` timestamp NOT NULL DEFAULT CURRENT_TIMESTAMP ON UPDATE CURRENT_TIMESTAMP,
  `note` text,
  PRIMARY KEY (`rowid`),
  UNIQUE KEY `uk_usergroup_name` (`nom`,`entity`)
) ENGINE=InnoDB AUTO_INCREMENT=10006 DEFAULT CHARSET=utf8;

--
-- Dumping data for table `llx_usergroup`
--

INSERT INTO `llx_usergroup` VALUES (1,'Fondateur',1,'2011-02-15 09:57:58','2011-02-15 07:58:35','&nbsp;'),(2,'Cadre',1,'2011-02-15 09:59:48','2011-02-15 08:00:24','&nbsp;'),(3,'Chef de Projet',1,'2011-02-15 10:05:00','2011-02-15 08:05:37','&nbsp;'),(4,'Collaborateur',1,'2011-02-15 10:25:42','2011-02-15 08:26:18','&nbsp;'),(5,'Compta&Facture',1,'2011-08-02 21:06:48','2011-08-02 19:06:52',''),(6,'Direction',2,'2011-12-20 17:28:32','2011-12-20 16:28:36',''),(7,'Commercial sales',2,'2011-12-20 17:34:31','2011-12-20 16:34:35',''),(8,'Technician',2,'2011-12-22 17:13:55','2011-12-22 16:13:58',''),(9,'Cadres SV',7,'2012-06-14 23:54:29','2012-06-14 21:54:58',''),(10,'Collaborateurs SV',7,'2012-06-14 23:54:44','2012-06-14 21:54:45',''),(11,'Développeurs SV',7,'2012-06-14 23:56:32','2012-06-14 21:56:48',''),(12,'Fiduciaire SV',7,'2012-06-14 23:57:20','2012-06-14 21:57:21',''),(13,'Fondateur SV',7,'2012-06-14 23:57:29','2012-06-14 21:57:30',''),(14,'Cadres HU',6,'2014-06-12 23:54:00','2012-06-14 21:54:58',NULL),(15,'Collaborateurs HU',6,'2014-06-12 23:54:00','2012-06-14 21:54:45',NULL),(16,'Développeurs HU',6,'2014-06-12 23:56:00','2012-06-14 21:56:48',NULL),(17,'Fiduciaire HU',6,'2014-06-12 23:57:00','2012-06-14 21:57:21',NULL),(18,'Fondateur HU',6,'2014-06-12 23:57:00','2012-06-14 21:57:30',NULL),(19,'Cadres VE',3,'2012-09-10 11:11:00','2012-09-10 09:25:57',NULL),(20,'Collaborateurs VE',3,'2012-09-10 11:11:00','2012-09-10 09:25:57',NULL),(21,'Développeurs VE',3,'2012-09-10 11:11:00','2012-09-10 09:25:57',NULL),(22,'Fiduciaire VE',3,'2012-09-10 11:11:00','2012-09-10 09:25:57',NULL),(23,'Fondateur VE',3,'2012-09-10 11:11:00','2012-09-10 09:25:57',NULL),(24,'Cadres CO',4,'2012-09-10 11:11:00','2012-09-10 09:25:57',NULL),(25,'Collaborateurs CO',4,'2012-09-10 11:11:00','2012-09-10 09:25:57',NULL),(26,'Développeurs CO',4,'2012-09-10 11:11:00','2012-09-10 09:25:57',NULL),(27,'Fiduciaire CO',4,'2012-09-10 11:11:00','2012-09-10 09:25:57',NULL),(28,'Fondateur CO',4,'2012-09-10 11:11:00','2012-09-10 09:25:57',NULL),(29,'Cadres DO',5,'2012-09-10 11:11:00','2012-09-10 09:25:57',NULL),(30,'Collaborateurs DO',5,'2012-09-10 11:11:00','2012-09-10 09:25:57',NULL),(31,'Développeurs DO',5,'2012-09-10 11:11:00','2012-09-10 09:25:57',NULL),(32,'Fiduciaire DO',5,'2012-09-10 11:11:00','2012-09-10 09:25:57',NULL),(33,'Fondateur DO',5,'2012-09-10 11:11:00','2012-09-10 09:25:57',NULL),(34,'Cadres BB',12,'2012-09-10 11:11:00','2012-09-10 09:25:57',NULL),(35,'Collaborateurs BB',12,'2012-09-10 11:11:00','2012-09-10 09:25:57',NULL),(36,'Développeurs BB',12,'2012-09-10 11:11:00','2012-09-10 09:25:57',NULL),(37,'Fiduciaire BB',12,'2012-09-10 11:11:00','2012-09-10 09:25:57',NULL),(38,'Fondateur BB',12,'2012-09-10 11:11:00','2012-09-10 09:25:57',NULL),(10001,'Fondateur',10001,'2011-02-09 14:43:48','2011-02-09 13:43:53',''),(10002,'Cadres',10001,'2011-02-09 14:52:06','2011-02-09 13:52:11',''),(10003,'Collaborateurs',10001,'2011-02-09 14:59:45','2011-02-09 14:06:06',''),(10004,'Développeurs',10001,'2011-02-09 15:39:32','2011-02-09 14:39:36',''),(10005,'Fiduciaire',10001,'2011-02-25 09:13:00','2011-02-25 08:13:03','&nbsp;');

--
-- Table structure for table `llx_usergroup_rights`
--

CREATE TABLE `llx_usergroup_rights` (
  `rowid` int(11) NOT NULL AUTO_INCREMENT,
  `fk_usergroup` int(11) NOT NULL,
  `fk_id` int(11) NOT NULL,
  PRIMARY KEY (`rowid`),
  UNIQUE KEY `fk_usergroup` (`fk_usergroup`,`fk_id`),
  CONSTRAINT `fk_usergroup_rights_fk_usergroup` FOREIGN KEY (`fk_usergroup`) REFERENCES `llx_usergroup` (`rowid`)
) ENGINE=InnoDB AUTO_INCREMENT=10478 DEFAULT CHARSET=utf8;

--
-- Dumping data for table `llx_usergroup_rights`
--

INSERT INTO `llx_usergroup_rights` VALUES (54,1,11),(55,1,12),(56,1,13),(57,1,14),(58,1,15),(59,1,16),(60,1,19),(95,1,21),(96,1,22),(97,1,24),(98,1,25),(99,1,26),(100,1,27),(101,1,28),(84,1,31),(85,1,32),(86,1,34),(87,1,36),(88,1,38),(89,1,41),(90,1,42),(91,1,44),(62,1,61),(63,1,62),(64,1,64),(65,1,67),(20,1,81),(21,1,82),(22,1,84),(23,1,86),(24,1,87),(25,1,88),(26,1,89),(121,1,91),(122,1,92),(123,1,93),(124,1,94),(28,1,95),(29,1,96),(30,1,97),(31,1,98),(44,1,101),(45,1,102),(46,1,104),(47,1,109),(7,1,111),(8,1,112),(9,1,113),(10,1,114),(11,1,115),(12,1,116),(13,1,117),(107,1,121),(108,1,122),(109,1,125),(110,1,126),(92,1,141),(93,1,142),(94,1,144),(32,1,161),(33,1,162),(34,1,163),(35,1,164),(36,1,165),(37,1,170),(38,1,171),(39,1,172),(40,1,178),(80,1,221),(81,1,222),(82,1,223),(83,1,229),(17,1,241),(18,1,242),(19,1,243),(125,1,251),(126,1,252),(127,1,253),(128,1,254),(129,1,255),(130,1,256),(131,1,258),(111,1,262),(112,1,281),(113,1,282),(114,1,283),(115,1,286),(14,1,331),(15,1,332),(16,1,333),(102,1,531),(103,1,532),(104,1,534),(105,1,536),(106,1,538),(116,1,1001),(117,1,1002),(118,1,1003),(119,1,1004),(120,1,1005),(48,1,1101),(49,1,1102),(50,1,1104),(51,1,1109),(66,1,1181),(67,1,1182),(68,1,1183),(69,1,1184),(70,1,1185),(71,1,1186),(72,1,1187),(73,1,1188),(52,1,1201),(53,1,1202),(74,1,1231),(75,1,1232),(76,1,1233),(77,1,1234),(78,1,1236),(79,1,1251),(61,1,1321),(27,1,1421),(1,1,2401),(2,1,2402),(3,1,2403),(4,1,2411),(5,1,2412),(6,1,2413),(41,1,2500),(42,1,2501),(43,1,2515),(185,2,11),(189,2,15),(226,2,21),(227,2,22),(228,2,24),(229,2,25),(230,2,26),(231,2,27),(232,2,28),(215,2,31),(216,2,32),(217,2,34),(218,2,36),(219,2,38),(220,2,41),(221,2,42),(222,2,44),(193,2,61),(194,2,62),(195,2,64),(196,2,67),(151,2,81),(152,2,82),(153,2,84),(154,2,86),(155,2,87),(156,2,88),(157,2,89),(252,2,91),(254,2,93),(255,2,94),(159,2,95),(160,2,96),(161,2,97),(162,2,98),(175,2,101),(176,2,102),(177,2,104),(178,2,109),(143,2,111),(140,2,112),(142,2,113),(144,2,114),(238,2,121),(239,2,122),(240,2,125),(241,2,126),(223,2,141),(224,2,142),(225,2,144),(163,2,161),(164,2,162),(165,2,163),(166,2,164),(167,2,165),(168,2,170),(169,2,171),(170,2,172),(171,2,178),(211,2,221),(212,2,222),(213,2,223),(214,2,229),(148,2,241),(149,2,242),(150,2,243),(256,2,251),(260,2,255),(261,2,256),(242,2,262),(243,2,281),(244,2,282),(245,2,283),(246,2,286),(145,2,331),(146,2,332),(147,2,333),(233,2,531),(234,2,532),(235,2,534),(236,2,536),(237,2,538),(247,2,1001),(248,2,1002),(249,2,1003),(250,2,1004),(251,2,1005),(179,2,1101),(180,2,1102),(181,2,1104),(182,2,1109),(197,2,1181),(198,2,1182),(199,2,1183),(200,2,1184),(201,2,1185),(202,2,1186),(203,2,1187),(204,2,1188),(183,2,1201),(184,2,1202),(205,2,1231),(206,2,1232),(207,2,1233),(208,2,1234),(209,2,1236),(210,2,1251),(158,2,1421),(132,2,2401),(133,2,2402),(134,2,2403),(135,2,2411),(136,2,2412),(137,2,2413),(172,2,2500),(173,2,2501),(174,2,2515),(295,3,31),(296,3,32),(297,3,34),(298,3,36),(299,3,38),(300,3,41),(301,3,42),(302,3,44),(279,3,61),(605,3,101),(607,3,121),(309,3,122),(311,3,125),(313,3,126),(303,3,141),(304,3,142),(305,3,144),(270,3,241),(272,3,243),(319,3,251),(320,3,255),(321,3,256),(608,3,281),(267,3,331),(268,3,332),(269,3,333),(317,3,1001),(606,3,1101),(281,3,1181),(282,3,1182),(283,3,1183),(285,3,1185),(286,3,1186),(287,3,1187),(288,3,1188),(289,3,1231),(290,3,1232),(291,3,1233),(292,3,1234),(293,3,1236),(263,3,2401),(264,3,2402),(265,3,2403),(266,3,2411),(275,3,2500),(276,3,2501),(277,3,2515),(360,4,11),(364,4,15),(398,4,21),(395,4,22),(397,4,24),(399,4,25),(387,4,31),(391,4,41),(390,4,42),(392,4,44),(371,4,61),(370,4,62),(372,4,64),(332,4,81),(333,4,82),(334,4,84),(335,4,86),(336,4,87),(352,4,101),(353,4,102),(354,4,104),(355,4,109),(410,4,121),(407,4,122),(343,4,161),(342,4,162),(344,4,163),(345,4,170),(346,4,171),(347,4,172),(348,4,178),(386,4,221),(329,4,241),(330,4,242),(331,4,243),(414,4,255),(413,4,256),(411,4,281),(326,4,331),(327,4,332),(328,4,333),(400,4,531),(401,4,532),(402,4,534),(404,4,538),(412,4,1001),(356,4,1101),(357,4,1102),(358,4,1104),(339,4,1421),(322,4,2401),(323,4,2402),(324,4,2403),(325,4,2411),(349,4,2500),(350,4,2501),(502,5,11),(495,5,12),(491,5,13),(497,5,14),(493,5,15),(501,5,16),(499,5,19),(562,5,21),(553,5,22),(555,5,24),(557,5,25),(559,5,26),(561,5,27),(563,5,28),(549,5,31),(544,5,32),(546,5,34),(548,5,36),(550,5,38),(446,5,81),(435,5,82),(441,5,84),(437,5,86),(443,5,87),(439,5,88),(447,5,89),(602,5,91),(599,5,92),(601,5,93),(603,5,94),(451,5,95),(452,5,96),(453,5,97),(450,5,98),(486,5,101),(470,5,102),(472,5,104),(474,5,109),(596,5,111),(597,5,116),(593,5,121),(575,5,122),(577,5,125),(579,5,126),(462,5,170),(459,5,171),(461,5,172),(463,5,178),(431,5,241),(430,5,242),(432,5,243),(604,5,251),(594,5,262),(589,5,281),(584,5,282),(587,5,283),(590,5,286),(571,5,531),(566,5,532),(568,5,534),(570,5,536),(572,5,538),(487,5,1101),(477,5,1102),(488,5,1104),(480,5,1109),(539,5,1181),(540,5,1182),(509,5,1183),(512,5,1184),(541,5,1185),(515,5,1186),(518,5,1187),(526,5,1188),(534,5,1231),(523,5,1232),(529,5,1233),(532,5,1234),(535,5,1236),(503,5,1321),(445,5,1421),(464,5,2500),(465,5,2501),(467,5,2515),(650,6,11),(651,6,12),(652,6,13),(653,6,14),(654,6,15),(655,6,16),(656,6,19),(696,6,21),(697,6,22),(698,6,24),(699,6,25),(700,6,26),(701,6,27),(702,6,28),(686,6,31),(687,6,32),(688,6,34),(689,6,38),(690,6,41),(691,6,42),(692,6,44),(658,6,61),(659,6,62),(660,6,64),(661,6,67),(662,6,68),(619,6,81),(620,6,82),(621,6,84),(622,6,86),(623,6,87),(624,6,88),(625,6,89),(721,6,91),(722,6,92),(723,6,93),(724,6,94),(639,6,101),(640,6,102),(641,6,104),(642,6,105),(643,6,109),(609,6,111),(610,6,112),(611,6,113),(612,6,114),(613,6,115),(614,6,116),(615,6,117),(707,6,121),(708,6,122),(709,6,125),(710,6,126),(693,6,141),(694,6,142),(695,6,144),(682,6,151),(683,6,152),(684,6,153),(685,6,154),(627,6,161),(628,6,162),(629,6,163),(630,6,164),(631,6,165),(632,6,171),(633,6,172),(634,6,173),(635,6,178),(678,6,221),(679,6,222),(680,6,223),(681,6,229),(616,6,241),(617,6,242),(618,6,243),(742,6,251),(728,6,253),(732,6,256),(711,6,262),(712,6,281),(713,6,282),(714,6,283),(715,6,286),(734,6,342),(736,6,343),(744,6,358),(703,6,531),(704,6,532),(705,6,534),(706,6,538),(716,6,1001),(717,6,1002),(718,6,1003),(719,6,1004),(720,6,1005),(644,6,1101),(645,6,1102),(646,6,1104),(647,6,1109),(663,6,1181),(664,6,1182),(665,6,1183),(666,6,1184),(667,6,1185),(668,6,1186),(669,6,1187),(670,6,1188),(648,6,1201),(649,6,1202),(671,6,1231),(672,6,1232),(673,6,1233),(674,6,1234),(675,6,1235),(676,6,1236),(677,6,1251),(657,6,1321),(626,6,1421),(636,6,2501),(637,6,2503),(638,6,2515),(786,7,11),(787,7,12),(788,7,13),(789,7,14),(790,7,15),(791,7,16),(831,7,21),(832,7,22),(833,7,24),(834,7,25),(835,7,26),(836,7,27),(837,7,28),(821,7,31),(822,7,32),(824,7,38),(825,7,41),(826,7,42),(827,7,44),(794,7,61),(795,7,62),(797,7,67),(798,7,68),(756,7,81),(757,7,82),(758,7,84),(759,7,86),(760,7,87),(761,7,88),(775,7,101),(776,7,102),(777,7,104),(778,7,105),(842,7,121),(843,7,122),(844,7,125),(845,7,126),(828,7,141),(817,7,151),(818,7,152),(819,7,153),(764,7,161),(765,7,162),(766,7,163),(767,7,164),(769,7,171),(770,7,172),(771,7,173),(772,7,178),(813,7,221),(814,7,222),(815,7,223),(816,7,229),(857,7,251),(846,7,262),(847,7,281),(848,7,282),(859,7,342),(861,7,343),(838,7,531),(839,7,532),(840,7,534),(841,7,538),(851,7,1001),(852,7,1002),(854,7,1004),(780,7,1101),(781,7,1102),(782,7,1104),(799,7,1181),(800,7,1182),(801,7,1183),(802,7,1184),(803,7,1185),(804,7,1186),(805,7,1187),(807,7,1231),(808,7,1232),(809,7,1233),(811,7,1235),(812,7,1236),(793,7,1321),(763,7,1421),(774,7,2501),(896,8,11),(897,8,12),(898,8,13),(899,8,14),(900,8,15),(901,8,16),(937,8,21),(938,8,22),(940,8,25),(941,8,26),(943,8,28),(927,8,31),(928,8,32),(929,8,34),(930,8,38),(931,8,41),(932,8,42),(933,8,44),(904,8,61),(905,8,62),(906,8,64),(907,8,67),(908,8,68),(865,8,81),(866,8,82),(867,8,84),(868,8,86),(869,8,87),(870,8,88),(871,8,89),(885,8,101),(886,8,102),(887,8,104),(888,8,105),(889,8,109),(948,8,121),(949,8,122),(950,8,125),(951,8,126),(934,8,141),(923,8,151),(924,8,152),(925,8,153),(926,8,154),(873,8,161),(874,8,162),(875,8,163),(876,8,164),(878,8,171),(879,8,172),(880,8,173),(881,8,178),(862,8,241),(863,8,242),(864,8,243),(963,8,251),(952,8,262),(953,8,281),(954,8,282),(955,8,283),(956,8,286),(965,8,342),(967,8,343),(944,8,531),(945,8,532),(946,8,534),(947,8,538),(957,8,1001),(958,8,1002),(959,8,1003),(960,8,1004),(961,8,1005),(890,8,1101),(891,8,1102),(892,8,1104),(893,8,1109),(909,8,1181),(910,8,1182),(911,8,1183),(912,8,1184),(913,8,1185),(914,8,1186),(915,8,1187),(916,8,1188),(894,8,1201),(895,8,1202),(917,8,1231),(918,8,1232),(919,8,1233),(920,8,1234),(921,8,1235),(922,8,1236),(903,8,1321),(872,8,1421),(882,8,2501),(883,8,2503),(884,8,2515),(1336,9,11),(1337,9,12),(1338,9,13),(1339,9,14),(1340,9,15),(1341,9,16),(1342,9,19),(1343,9,21),(1344,9,22),(1345,9,24),(1346,9,25),(1347,9,26),(1348,9,27),(1349,9,28),(1350,9,31),(1351,9,32),(1352,9,34),(1353,9,36),(1354,9,38),(1355,9,41),(1356,9,42),(1357,9,44),(1358,9,61),(1359,9,62),(1360,9,64),(1361,9,67),(1362,9,81),(1363,9,82),(1364,9,84),(1365,9,86),(1366,9,87),(1367,9,88),(1368,9,89),(1369,9,91),(1370,9,92),(1371,9,93),(1372,9,94),(1373,9,95),(1374,9,96),(1375,9,97),(1376,9,98),(1377,9,101),(1378,9,102),(1379,9,104),(1380,9,109),(1381,9,111),(1382,9,112),(1383,9,113),(1384,9,114),(1385,9,115),(1386,9,116),(1387,9,117),(1388,9,121),(1389,9,122),(1390,9,125),(1391,9,126),(1392,9,141),(1393,9,161),(1394,9,162),(1395,9,163),(1396,9,164),(1397,9,165),(1398,9,170),(1399,9,171),(1400,9,172),(1401,9,178),(1402,9,221),(1403,9,222),(1404,9,223),(1405,9,229),(1406,9,241),(1407,9,242),(1408,9,243),(1409,9,244),(1410,9,251),(1411,9,252),(1412,9,254),(1413,9,258),(1414,9,262),(1415,9,281),(1416,9,282),(1417,9,283),(1418,9,286),(1419,9,331),(1420,9,332),(1421,9,333),(1422,9,342),(1423,9,343),(1424,9,531),(1425,9,532),(1426,9,534),(1427,9,536),(1428,9,538),(1429,9,1001),(1430,9,1002),(1431,9,1003),(1432,9,1004),(1433,9,1005),(1434,9,1101),(1435,9,1102),(1436,9,1104),(1437,9,1109),(1438,9,1181),(1439,9,1182),(1440,9,1183),(1441,9,1184),(1442,9,1185),(1443,9,1186),(1444,9,1187),(1445,9,1188),(1446,9,1201),(1447,9,1202),(1448,9,1231),(1449,9,1232),(1450,9,1233),(1451,9,1234),(1452,9,1236),(1453,9,1251),(1454,9,1321),(1455,9,1421),(1456,9,2401),(1457,9,2402),(1458,9,2403),(1459,9,2411),(1460,9,2412),(1461,9,2413),(1462,9,2500),(1463,9,2501),(1464,9,2515),(1465,10,11),(1466,10,14),(1467,10,15),(1468,10,21),(1469,10,22),(1470,10,24),(1471,10,25),(1472,10,26),(1473,10,28),(1474,10,31),(1475,10,41),(1476,10,42),(1477,10,61),(1478,10,62),(1479,10,64),(1480,10,81),(1481,10,82),(1482,10,84),(1483,10,86),(1484,10,87),(1485,10,101),(1486,10,104),(1487,10,121),(1488,10,122),(1489,10,161),(1490,10,163),(1491,10,170),(1492,10,171),(1493,10,172),(1494,10,178),(1495,10,221),(1496,10,251),(1497,10,262),(1498,10,281),(1499,10,282),(1500,10,331),(1501,10,342),(1502,10,343),(1503,10,531),(1504,10,1001),(1505,10,1004),(1506,10,1101),(1507,10,1104),(1508,10,1181),(1509,10,1182),(1510,10,1421),(1511,10,2401),(1512,10,2402),(1513,10,2403),(1514,10,2411),(1515,10,2500),(1516,10,2501),(1517,11,41),(1518,11,42),(1519,11,44),(1520,11,141),(1521,11,142),(1522,11,144),(1523,11,241),(1524,11,242),(1525,11,251),(1526,11,342),(1527,11,343),(1528,11,1201),(1529,11,2401),(1530,11,2402),(1531,11,2403),(1532,11,2411),(1533,11,2500),(1534,11,2501),(1535,11,2515),(1536,12,11),(1537,12,16),(1538,12,81),(1539,12,91),(1540,12,92),(1541,12,93),(1542,12,94),(1543,12,95),(1544,12,96),(1545,12,97),(1546,12,98),(1547,12,111),(1548,12,113),(1549,12,114),(1550,12,115),(1551,12,116),(1552,12,117),(1553,12,170),(1554,12,178),(1555,12,241),(1556,12,251),(1557,12,342),(1558,12,343),(1559,12,531),(1560,12,1001),(1561,12,1004),(1562,12,1201),(1563,12,2500),(1564,12,2501),(1565,12,2515),(1568,13,0),(1566,13,11),(1567,13,12),(1569,13,14),(1570,13,15),(1571,13,16),(1572,13,19),(1573,13,21),(1574,13,22),(1575,13,24),(1576,13,25),(1577,13,26),(1578,13,27),(1579,13,28),(1580,13,31),(1581,13,32),(1582,13,34),(1583,13,36),(1584,13,38),(1585,13,41),(1586,13,42),(1587,13,44),(1588,13,61),(1589,13,62),(1590,13,64),(1591,13,67),(1592,13,81),(1593,13,82),(1594,13,84),(1595,13,86),(1596,13,87),(1597,13,88),(1598,13,89),(1599,13,91),(1600,13,92),(1601,13,93),(1602,13,94),(1603,13,95),(1604,13,96),(1605,13,97),(1606,13,98),(1607,13,101),(1608,13,102),(1609,13,104),(1610,13,109),(1611,13,111),(1612,13,112),(1613,13,113),(1614,13,114),(1615,13,115),(1616,13,116),(1617,13,117),(1618,13,121),(1619,13,122),(1620,13,125),(1621,13,126),(1622,13,141),(1623,13,142),(1624,13,144),(1625,13,161),(1626,13,162),(1627,13,163),(1628,13,164),(1629,13,165),(1630,13,170),(1631,13,171),(1632,13,172),(1633,13,178),(1634,13,221),(1635,13,222),(1636,13,223),(1637,13,229),(1638,13,241),(1639,13,242),(1640,13,243),(1641,13,244),(1642,13,251),(1643,13,252),(1644,13,253),(1645,13,254),(1646,13,255),(1647,13,256),(1648,13,258),(1649,13,262),(1650,13,281),(1651,13,282),(1652,13,283),(1653,13,286),(1654,13,300),(1655,13,301),(1656,13,302),(1657,13,331),(1658,13,332),(1659,13,333),(1660,13,342),(1661,13,343),(1662,13,358),(1663,13,531),(1664,13,532),(1665,13,534),(1666,13,536),(1667,13,538),(1668,13,1001),(1669,13,1002),(1670,13,1003),(1671,13,1004),(1672,13,1005),(1673,13,1101),(1674,13,1102),(1675,13,1104),(1676,13,1109),(1677,13,1181),(1678,13,1182),(1679,13,1183),(1680,13,1184),(1681,13,1185),(1682,13,1186),(1683,13,1187),(1684,13,1188),(1685,13,1201),(1686,13,1202),(1687,13,1231),(1688,13,1232),(1689,13,1233),(1690,13,1234),(1691,13,1236),(1692,13,1251),(1693,13,1321),(1694,13,1421),(1695,13,2401),(1696,13,2402),(1697,13,2403),(1698,13,2411),(1699,13,2412),(1700,13,2413),(1701,13,2500),(1702,13,2501),(1703,13,2515),(971,14,0),(968,14,11),(969,14,12),(970,14,13),(972,14,15),(973,14,16),(974,14,19),(975,14,21),(976,14,22),(977,14,24),(978,14,25),(979,14,26),(980,14,27),(981,14,28),(982,14,31),(983,14,32),(984,14,34),(985,14,36),(986,14,38),(987,14,41),(988,14,42),(989,14,44),(990,14,61),(991,14,62),(992,14,64),(993,14,67),(994,14,81),(995,14,82),(996,14,84),(997,14,86),(998,14,87),(999,14,88),(1000,14,89),(1001,14,91),(1002,14,92),(1003,14,93),(1004,14,94),(1005,14,95),(1006,14,96),(1007,14,97),(1008,14,98),(1009,14,101),(1010,14,102),(1011,14,104),(1012,14,109),(1013,14,111),(1014,14,112),(1015,14,113),(1016,14,114),(1017,14,115),(1018,14,116),(1019,14,117),(1020,14,121),(1021,14,122),(1022,14,125),(1023,14,126),(1024,14,141),(1025,14,161),(1026,14,162),(1027,14,163),(1028,14,164),(1029,14,165),(1030,14,170),(1031,14,171),(1032,14,172),(1033,14,178),(1034,14,221),(1035,14,222),(1036,14,223),(1037,14,229),(1038,14,241),(1039,14,242),(1040,14,243),(1041,14,244),(1042,14,251),(1043,14,252),(1044,14,254),(1045,14,258),(1046,14,262),(1047,14,281),(1048,14,282),(1049,14,283),(1050,14,286),(1051,14,331),(1052,14,332),(1053,14,333),(1054,14,342),(1055,14,343),(1056,14,531),(1057,14,532),(1058,14,534),(1059,14,536),(1060,14,538),(1061,14,1001),(1062,14,1002),(1063,14,1003),(1064,14,1004),(1065,14,1005),(1066,14,1101),(1067,14,1102),(1068,14,1104),(1069,14,1109),(1070,14,1181),(1071,14,1182),(1072,14,1183),(1073,14,1184),(1074,14,1185),(1075,14,1186),(1076,14,1187),(1077,14,1188),(1078,14,1201),(1079,14,1202),(1080,14,1231),(1081,14,1232),(1082,14,1233),(1083,14,1234),(1084,14,1236),(1085,14,1251),(1086,14,1321),(1087,14,1421),(1088,14,2401),(1089,14,2402),(1090,14,2403),(1091,14,2411),(1092,14,2412),(1093,14,2413),(1094,14,2500),(1095,14,2501),(1096,14,2515),(1099,15,0),(1097,15,11),(1098,15,14),(1100,15,21),(1101,15,22),(1102,15,24),(1103,15,25),(1104,15,26),(1105,15,28),(1106,15,31),(1107,15,41),(1108,15,42),(1109,15,61),(1110,15,62),(1111,15,64),(1112,15,81),(1113,15,82),(1114,15,84),(1115,15,86),(1116,15,87),(1117,15,101),(1118,15,104),(1119,15,121),(1120,15,122),(1121,15,161),(1122,15,163),(1123,15,170),(1124,15,171),(1125,15,172),(1126,15,178),(1127,15,221),(1128,15,251),(1129,15,262),(1130,15,281),(1131,15,282),(1132,15,331),(1133,15,342),(1134,15,343),(1135,15,531),(1136,15,1001),(1137,15,1004),(1138,15,1101),(1139,15,1104),(1140,15,1181),(1141,15,1182),(1142,15,1421),(1143,15,2401),(1144,15,2402),(1145,15,2403),(1146,15,2411),(1147,15,2500),(1148,15,2501),(1149,16,41),(1150,16,42),(1151,16,44),(1152,16,141),(1153,16,142),(1154,16,144),(1155,16,241),(1156,16,242),(1157,16,251),(1158,16,342),(1159,16,343),(1160,16,1201),(1161,16,2401),(1162,16,2402),(1163,16,2403),(1164,16,2411),(1165,16,2500),(1166,16,2501),(1167,16,2515),(1168,17,11),(1169,17,16),(1170,17,81),(1171,17,91),(1172,17,92),(1173,17,93),(1174,17,94),(1175,17,95),(1176,17,96),(1177,17,97),(1178,17,98),(1179,17,111),(1180,17,113),(1181,17,114),(1182,17,115),(1183,17,116),(1184,17,117),(1185,17,170),(1186,17,178),(1187,17,241),(1188,17,251),(1189,17,342),(1190,17,343),(1191,17,531),(1192,17,1001),(1193,17,1004),(1194,17,1201),(1195,17,2500),(1196,17,2501),(1197,17,2515),(1198,18,11),(1199,18,12),(1200,18,13),(1201,18,14),(1202,18,15),(1203,18,16),(1204,18,19),(1205,18,21),(1206,18,22),(1207,18,24),(1208,18,25),(1209,18,26),(1210,18,27),(1211,18,28),(1212,18,31),(1213,18,32),(1214,18,34),(1215,18,36),(1216,18,38),(1217,18,41),(1218,18,42),(1219,18,44),(1220,18,61),(1221,18,62),(1222,18,64),(1223,18,67),(1224,18,81),(1225,18,82),(1226,18,84),(1227,18,86),(1228,18,87),(1229,18,88),(1230,18,89),(1231,18,91),(1232,18,92),(1233,18,93),(1234,18,94),(1235,18,95),(1236,18,96),(1237,18,97),(1238,18,98),(1239,18,101),(1240,18,102),(1241,18,104),(1242,18,109),(1243,18,111),(1244,18,112),(1245,18,113),(1246,18,114),(1247,18,115),(1248,18,116),(1249,18,117),(1250,18,121),(1251,18,122),(1252,18,125),(1253,18,126),(1254,18,141),(1255,18,142),(1256,18,144),(1257,18,161),(1258,18,162),(1259,18,163),(1260,18,164),(1261,18,165),(1262,18,170),(1263,18,171),(1264,18,172),(1265,18,178),(1266,18,221),(1267,18,222),(1268,18,223),(1269,18,229),(1270,18,241),(1271,18,242),(1272,18,243),(1273,18,244),(1274,18,251),(1275,18,252),(1276,18,253),(1277,18,254),(1278,18,255),(1279,18,256),(1280,18,258),(1281,18,262),(1282,18,281),(1283,18,282),(1284,18,283),(1285,18,286),(1286,18,300),(1287,18,301),(1288,18,302),(1289,18,331),(1290,18,332),(1291,18,333),(1292,18,342),(1293,18,343),(1294,18,358),(1295,18,531),(1296,18,532),(1297,18,534),(1298,18,536),(1299,18,538),(1300,18,1001),(1301,18,1002),(1302,18,1003),(1303,18,1004),(1304,18,1005),(1305,18,1101),(1306,18,1102),(1307,18,1104),(1308,18,1109),(1309,18,1181),(1310,18,1182),(1311,18,1183),(1312,18,1184),(1313,18,1185),(1314,18,1186),(1315,18,1187),(1316,18,1188),(1317,18,1201),(1318,18,1202),(1319,18,1231),(1320,18,1232),(1321,18,1233),(1322,18,1234),(1323,18,1236),(1324,18,1251),(1325,18,1321),(1326,18,1421),(1327,18,2401),(1328,18,2402),(1329,18,2403),(1330,18,2411),(1331,18,2412),(1332,18,2413),(1333,18,2500),(1334,18,2501),(1335,18,2515),(1710,19,0),(1704,19,11),(1705,19,12),(1706,19,13),(1707,19,14),(1708,19,15),(1709,19,16),(1711,19,21),(1712,19,22),(1713,19,24),(1714,19,25),(1715,19,26),(1716,19,27),(1717,19,28),(1718,19,31),(1719,19,32),(1720,19,34),(1721,19,36),(1722,19,38),(1723,19,41),(1724,19,42),(1725,19,44),(1726,19,61),(1727,19,62),(1728,19,64),(1729,19,67),(1730,19,81),(1731,19,82),(1732,19,84),(1733,19,86),(1734,19,87),(1735,19,88),(1736,19,89),(1737,19,91),(1738,19,92),(1739,19,93),(1740,19,94),(1741,19,95),(1742,19,96),(1743,19,97),(1744,19,98),(1745,19,101),(1746,19,102),(1747,19,104),(1748,19,109),(1749,19,111),(1750,19,112),(1751,19,113),(1752,19,114),(1753,19,115),(1754,19,116),(1755,19,117),(1756,19,121),(1757,19,122),(1758,19,125),(1759,19,126),(1760,19,141),(1761,19,161),(1762,19,162),(1763,19,163),(1764,19,164),(1765,19,165),(1766,19,170),(1767,19,171),(1768,19,172),(1769,19,178),(1770,19,221),(1771,19,222),(1772,19,223),(1773,19,229),(1774,19,241),(1775,19,242),(1776,19,243),(1777,19,244),(1778,19,251),(1779,19,252),(1780,19,254),(1781,19,258),(1782,19,262),(1783,19,281),(1784,19,282),(1785,19,283),(1786,19,286),(1787,19,331),(1788,19,332),(1789,19,333),(1790,19,342),(1791,19,343),(1792,19,531),(1793,19,532),(1794,19,534),(1795,19,536),(1796,19,538),(1797,19,1001),(1798,19,1002),(1799,19,1003),(1800,19,1004),(1801,19,1005),(1802,19,1101),(1803,19,1102),(1804,19,1104),(1805,19,1109),(1806,19,1181),(1807,19,1182),(1808,19,1183),(1809,19,1184),(1810,19,1185),(1811,19,1186),(1812,19,1187),(1813,19,1188),(1814,19,1201),(1815,19,1202),(1816,19,1231),(1817,19,1232),(1818,19,1233),(1819,19,1234),(1820,19,1236),(1821,19,1251),(1822,19,1321),(1823,19,1421),(1824,19,2401),(1825,19,2402),(1826,19,2403),(1827,19,2411),(1828,19,2412),(1829,19,2413),(1830,19,2500),(1831,19,2501),(1832,19,2515),(1833,20,11),(1834,20,14),(1835,20,15),(1836,20,21),(1837,20,22),(1838,20,24),(1839,20,25),(1840,20,26),(1841,20,28),(1842,20,31),(1843,20,41),(1844,20,42),(1845,20,61),(1846,20,62),(1847,20,64),(1848,20,81),(1849,20,82),(1850,20,84),(1851,20,86),(1852,20,87),(1853,20,101),(1854,20,104),(1855,20,121),(1856,20,122),(1857,20,161),(1858,20,163),(1859,20,170),(1860,20,171),(1861,20,172),(1862,20,178),(1863,20,221),(1864,20,251),(1865,20,262),(1866,20,281),(1867,20,282),(1868,20,331),(1869,20,342),(1870,20,343),(1871,20,531),(1872,20,1001),(1873,20,1004),(1874,20,1101),(1875,20,1104),(1876,20,1181),(1877,20,1182),(1878,20,1421),(1879,20,2401),(1880,20,2402),(1881,20,2403),(1882,20,2411),(1883,20,2500),(1884,20,2501),(1885,21,41),(1886,21,42),(1887,21,44),(1888,21,141),(1889,21,142),(1890,21,144),(1891,21,241),(1892,21,242),(1893,21,251),(1894,21,342),(1895,21,343),(1896,21,1201),(1897,21,2401),(1898,21,2402),(1899,21,2403),(1900,21,2411),(1901,21,2500),(1902,21,2501),(1903,21,2515),(1904,22,11),(1905,22,16),(1906,22,81),(1907,22,91),(1908,22,92),(1909,22,93),(1910,22,94),(1911,22,95),(1912,22,96),(1913,22,97),(1914,22,98),(1915,22,111),(1916,22,113),(1917,22,114),(1918,22,115),(1919,22,116),(1920,22,117),(1921,22,170),(1922,22,178),(1923,22,241),(1924,22,251),(1925,22,342),(1926,22,343),(1927,22,531),(1928,22,1001),(1929,22,1004),(1930,22,1201),(1931,22,2500),(1932,22,2501),(1933,22,2515),(1934,23,11),(1935,23,12),(1936,23,13),(1937,23,14),(1938,23,15),(1939,23,16),(1940,23,19),(1941,23,21),(1942,23,22),(1943,23,24),(1944,23,25),(1945,23,26),(1946,23,27),(1947,23,28),(1948,23,31),(1949,23,32),(1950,23,34),(1951,23,36),(1952,23,38),(1953,23,41),(1954,23,42),(1955,23,44),(1956,23,61),(1957,23,62),(1958,23,64),(1959,23,67),(1960,23,81),(1961,23,82),(1962,23,84),(1963,23,86),(1964,23,87),(1965,23,88),(1966,23,89),(1967,23,91),(1968,23,92),(1969,23,93),(1970,23,94),(1971,23,95),(1972,23,96),(1973,23,97),(1974,23,98),(1975,23,101),(1976,23,102),(1977,23,104),(1978,23,109),(1979,23,111),(1980,23,112),(1981,23,113),(1982,23,114),(1983,23,115),(1984,23,116),(1985,23,117),(1986,23,121),(1987,23,122),(1988,23,125),(1989,23,126),(1990,23,141),(1991,23,142),(1992,23,144),(1993,23,161),(1994,23,162),(1995,23,163),(1996,23,164),(1997,23,165),(1998,23,170),(1999,23,171),(2000,23,172),(2001,23,178),(2002,23,221),(2003,23,222),(2004,23,223),(2005,23,229),(2006,23,241),(2007,23,242),(2008,23,243),(2009,23,244),(2010,23,251),(2011,23,252),(2012,23,253),(2013,23,254),(2014,23,255),(2015,23,256),(2016,23,258),(2017,23,262),(2018,23,281),(2019,23,282),(2020,23,283),(2021,23,286),(2022,23,300),(2023,23,301),(2024,23,302),(2025,23,331),(2026,23,332),(2027,23,333),(2028,23,342),(2029,23,343),(2030,23,358),(2031,23,531),(2032,23,532),(2033,23,534),(2034,23,536),(2035,23,538),(2036,23,1001),(2037,23,1002),(2038,23,1003),(2039,23,1004),(2040,23,1005),(2041,23,1101),(2042,23,1102),(2043,23,1104),(2044,23,1109),(2045,23,1181),(2046,23,1182),(2047,23,1183),(2048,23,1184),(2049,23,1185),(2050,23,1186),(2051,23,1187),(2052,23,1188),(2053,23,1201),(2054,23,1202),(2055,23,1231),(2056,23,1232),(2057,23,1233),(2058,23,1234),(2059,23,1236),(2060,23,1251),(2061,23,1321),(2062,23,1421),(2063,23,2401),(2064,23,2402),(2065,23,2403),(2066,23,2411),(2067,23,2412),(2068,23,2413),(2069,23,2500),(2070,23,2501),(2071,23,2515),(2081,24,0),(2072,24,11),(2073,24,12),(2074,24,13),(2075,24,14),(2076,24,15),(2077,24,16),(2078,24,19),(2079,24,21),(2080,24,22),(2082,24,25),(2083,24,26),(2084,24,27),(2085,24,28),(2086,24,31),(2087,24,32),(2088,24,34),(2089,24,36),(2090,24,38),(2091,24,41),(2092,24,42),(2093,24,44),(2094,24,61),(2095,24,62),(2096,24,64),(2097,24,67),(2098,24,81),(2099,24,82),(2100,24,84),(2101,24,86),(2102,24,87),(2103,24,88),(2104,24,89),(2105,24,91),(2106,24,92),(2107,24,93),(2108,24,94),(2109,24,95),(2110,24,96),(2111,24,97),(2112,24,98),(2113,24,101),(2114,24,102),(2115,24,104),(2116,24,109),(2117,24,111),(2118,24,112),(2119,24,113),(2120,24,114),(2121,24,115),(2122,24,116),(2123,24,117),(2124,24,121),(2125,24,122),(2126,24,125),(2127,24,126),(2128,24,141),(2129,24,161),(2130,24,162),(2131,24,163),(2132,24,164),(2133,24,165),(2134,24,170),(2135,24,171),(2136,24,172),(2137,24,178),(2138,24,221),(2139,24,222),(2140,24,223),(2141,24,229),(2142,24,241),(2143,24,242),(2144,24,243),(2145,24,244),(2146,24,251),(2147,24,252),(2148,24,254),(2149,24,258),(2150,24,262),(2151,24,281),(2152,24,282),(2153,24,283),(2154,24,286),(2155,24,331),(2156,24,332),(2157,24,333),(2158,24,342),(2159,24,343),(2160,24,531),(2161,24,532),(2162,24,534),(2163,24,536),(2164,24,538),(2165,24,1001),(2166,24,1002),(2167,24,1003),(2168,24,1004),(2169,24,1005),(2170,24,1101),(2171,24,1102),(2172,24,1104),(2173,24,1109),(2174,24,1181),(2175,24,1182),(2176,24,1183),(2177,24,1184),(2178,24,1185),(2179,24,1186),(2180,24,1187),(2181,24,1188),(2182,24,1201),(2183,24,1202),(2184,24,1231),(2185,24,1232),(2186,24,1233),(2187,24,1234),(2188,24,1236),(2189,24,1251),(2190,24,1321),(2191,24,1421),(2192,24,2401),(2193,24,2402),(2194,24,2403),(2195,24,2411),(2196,24,2412),(2197,24,2413),(2198,24,2500),(2199,24,2501),(2200,24,2515),(2207,25,0),(2201,25,11),(2202,25,14),(2203,25,15),(2204,25,21),(2205,25,22),(2206,25,24),(2208,25,26),(2209,25,28),(2210,25,31),(2211,25,41),(2212,25,42),(2213,25,61),(2214,25,62),(2215,25,64),(2216,25,81),(2217,25,82),(2218,25,84),(2219,25,86),(2220,25,87),(2221,25,101),(2222,25,104),(2223,25,121),(2224,25,122),(2225,25,161),(2226,25,163),(2227,25,170),(2228,25,171),(2229,25,172),(2230,25,178),(2231,25,221),(2232,25,251),(2233,25,262),(2234,25,281),(2235,25,282),(2236,25,331),(2237,25,342),(2238,25,343),(2239,25,531),(2240,25,1001),(2241,25,1004),(2242,25,1101),(2243,25,1104),(2244,25,1181),(2245,25,1182),(2246,25,1421),(2247,25,2401),(2248,25,2402),(2249,25,2403),(2250,25,2411),(2251,25,2500),(2252,25,2501),(2253,26,41),(2254,26,42),(2255,26,44),(2256,26,141),(2257,26,142),(2258,26,144),(2259,26,241),(2260,26,242),(2261,26,251),(2262,26,342),(2263,26,343),(2264,26,1201),(2265,26,2401),(2266,26,2402),(2267,26,2403),(2268,26,2411),(2269,26,2500),(2270,26,2501),(2271,26,2515),(2272,27,11),(2273,27,16),(2274,27,81),(2275,27,91),(2276,27,92),(2277,27,93),(2278,27,94),(2279,27,95),(2280,27,96),(2281,27,97),(2282,27,98),(2283,27,111),(2284,27,113),(2285,27,114),(2286,27,115),(2287,27,116),(2288,27,117),(2289,27,170),(2290,27,178),(2291,27,241),(2292,27,251),(2293,27,342),(2294,27,343),(2295,27,531),(2296,27,1001),(2297,27,1004),(2298,27,1201),(2299,27,2500),(2300,27,2501),(2301,27,2515),(2315,28,0),(2302,28,11),(2303,28,12),(2304,28,13),(2305,28,14),(2306,28,15),(2307,28,16),(2308,28,19),(2309,28,21),(2310,28,22),(2311,28,24),(2312,28,25),(2313,28,26),(2314,28,27),(2316,28,31),(2317,28,32),(2318,28,34),(2319,28,36),(2320,28,38),(2321,28,41),(2322,28,42),(2323,28,44),(2324,28,61),(2325,28,62),(2326,28,64),(2327,28,67),(2328,28,81),(2329,28,82),(2330,28,84),(2331,28,86),(2332,28,87),(2333,28,88),(2334,28,89),(2335,28,91),(2336,28,92),(2337,28,93),(2338,28,94),(2339,28,95),(2340,28,96),(2341,28,97),(2342,28,98),(2343,28,101),(2344,28,102),(2345,28,104),(2346,28,109),(2347,28,111),(2348,28,112),(2349,28,113),(2350,28,114),(2351,28,115),(2352,28,116),(2353,28,117),(2354,28,121),(2355,28,122),(2356,28,125),(2357,28,126),(2358,28,141),(2359,28,142),(2360,28,144),(2361,28,161),(2362,28,162),(2363,28,163),(2364,28,164),(2365,28,165),(2366,28,170),(2367,28,171),(2368,28,172),(2369,28,178),(2370,28,221),(2371,28,222),(2372,28,223),(2373,28,229),(2374,28,241),(2375,28,242),(2376,28,243),(2377,28,244),(2378,28,251),(2379,28,252),(2380,28,253),(2381,28,254),(2382,28,255),(2383,28,256),(2384,28,258),(2385,28,262),(2386,28,281),(2387,28,282),(2388,28,283),(2389,28,286),(2390,28,300),(2391,28,301),(2392,28,302),(2393,28,331),(2394,28,332),(2395,28,333),(2396,28,342),(2397,28,343),(2398,28,358),(2399,28,531),(2400,28,532),(2401,28,534),(2402,28,536),(2403,28,538),(2404,28,1001),(2405,28,1002),(2406,28,1003),(2407,28,1004),(2408,28,1005),(2409,28,1101),(2410,28,1102),(2411,28,1104),(2412,28,1109),(2413,28,1181),(2414,28,1182),(2415,28,1183),(2416,28,1184),(2417,28,1185),(2418,28,1186),(2419,28,1187),(2420,28,1188),(2421,28,1201),(2422,28,1202),(2423,28,1231),(2424,28,1232),(2425,28,1233),(2426,28,1234),(2427,28,1236),(2428,28,1251),(2429,28,1321),(2430,28,1421),(2431,28,2401),(2432,28,2402),(2433,28,2403),(2434,28,2411),(2435,28,2412),(2436,28,2413),(2437,28,2500),(2438,28,2501),(2439,28,2515),(2440,29,11),(2441,29,12),(2442,29,13),(2443,29,14),(2444,29,15),(2445,29,16),(2446,29,19),(2447,29,21),(2448,29,22),(2449,29,24),(2450,29,25),(2451,29,26),(2452,29,27),(2453,29,28),(2454,29,31),(2455,29,32),(2456,29,34),(2457,29,36),(2458,29,38),(2459,29,41),(2460,29,42),(2461,29,44),(2462,29,61),(2463,29,62),(2464,29,64),(2465,29,67),(2466,29,81),(2467,29,82),(2468,29,84),(2469,29,86),(2470,29,87),(2471,29,88),(2472,29,89),(2473,29,91),(2474,29,92),(2475,29,93),(2476,29,94),(2477,29,95),(2478,29,96),(2479,29,97),(2480,29,98),(2481,29,101),(2482,29,102),(2483,29,104),(2484,29,109),(2485,29,111),(2486,29,112),(2487,29,113),(2488,29,114),(2489,29,115),(2490,29,116),(2491,29,117),(2492,29,121),(2493,29,122),(2494,29,125),(2495,29,126),(2496,29,141),(2497,29,161),(2498,29,162),(2499,29,163),(2500,29,164),(2501,29,165),(2502,29,170),(2503,29,171),(2504,29,172),(2505,29,178),(2506,29,221),(2507,29,222),(2508,29,223),(2509,29,229),(2510,29,241),(2511,29,242),(2512,29,243),(2513,29,244),(2515,29,252),(2516,29,254),(2517,29,258),(2518,29,262),(2519,29,281),(2520,29,282),(2521,29,283),(2522,29,286),(2523,29,331),(2524,29,332),(2525,29,333),(2526,29,342),(2527,29,343),(2528,29,531),(2529,29,532),(2530,29,534),(2531,29,536),(2532,29,538),(2533,29,1001),(2534,29,1002),(2535,29,1003),(2536,29,1004),(2537,29,1005),(2538,29,1101),(2539,29,1102),(2540,29,1104),(2541,29,1109),(2542,29,1181),(2543,29,1182),(2544,29,1183),(2545,29,1184),(2546,29,1185),(2547,29,1186),(2548,29,1187),(2549,29,1188),(2550,29,1201),(2551,29,1202),(2552,29,1231),(2553,29,1232),(2554,29,1233),(2555,29,1234),(2556,29,1236),(2557,29,1251),(2558,29,1321),(2559,29,1421),(2560,29,2401),(2561,29,2402),(2562,29,2403),(2563,29,2411),(2564,29,2412),(2565,29,2413),(2566,29,2500),(2567,29,2501),(2568,29,2515),(2569,30,11),(2570,30,14),(2571,30,15),(2572,30,21),(2573,30,22),(2574,30,24),(2575,30,25),(2576,30,26),(2577,30,28),(2578,30,31),(2579,30,41),(2580,30,42),(2581,30,61),(2582,30,62),(2583,30,64),(2584,30,81),(2585,30,82),(2586,30,84),(2587,30,86),(2588,30,87),(2589,30,101),(2590,30,104),(2591,30,121),(2592,30,122),(2593,30,161),(2594,30,163),(2595,30,170),(2596,30,171),(2597,30,172),(2598,30,178),(2599,30,221),(2600,30,251),(2601,30,262),(2602,30,281),(2603,30,282),(2604,30,331),(2605,30,342),(2606,30,343),(2607,30,531),(2608,30,1001),(2609,30,1004),(2610,30,1101),(2611,30,1104),(2612,30,1181),(2613,30,1182),(2614,30,1421),(2615,30,2401),(2616,30,2402),(2617,30,2403),(2618,30,2411),(2619,30,2500),(2620,30,2501),(2621,31,41),(2622,31,42),(2623,31,44),(2624,31,141),(2625,31,142),(2626,31,144),(2627,31,241),(2628,31,242),(2629,31,251),(2630,31,342),(2631,31,343),(2632,31,1201),(2633,31,2401),(2634,31,2402),(2635,31,2403),(2636,31,2411),(2637,31,2500),(2638,31,2501),(2639,31,2515),(2640,32,11),(2641,32,16),(2642,32,81),(2643,32,91),(2644,32,92),(2645,32,93),(2646,32,94),(2647,32,95),(2648,32,96),(2649,32,97),(2650,32,98),(2651,32,111),(2652,32,113),(2653,32,114),(2654,32,115),(2655,32,116),(2656,32,117),(2657,32,170),(2658,32,178),(2659,32,241),(2660,32,251),(2661,32,342),(2662,32,343),(2663,32,531),(2664,32,1001),(2665,32,1004),(2666,32,1201),(2667,32,2500),(2668,32,2501),(2669,32,2515),(2670,33,11),(2671,33,12),(2672,33,13),(2673,33,14),(2674,33,15),(2675,33,16),(2676,33,19),(2677,33,21),(2678,33,22),(2679,33,24),(2680,33,25),(2681,33,26),(2682,33,27),(2683,33,28),(2684,33,31),(2685,33,32),(2686,33,34),(2687,33,36),(2688,33,38),(2689,33,41),(2690,33,42),(2691,33,44),(2692,33,61),(2693,33,62),(2694,33,64),(2695,33,67),(2696,33,81),(2697,33,82),(2698,33,84),(2699,33,86),(2700,33,87),(2701,33,88),(2702,33,89),(2703,33,91),(2704,33,92),(2705,33,93),(2706,33,94),(2707,33,95),(2708,33,96),(2709,33,97),(2710,33,98),(2711,33,101),(2712,33,102),(2713,33,104),(2714,33,109),(2715,33,111),(2716,33,112),(2717,33,113),(2718,33,114),(2719,33,115),(2720,33,116),(2721,33,117),(2722,33,121),(2723,33,122),(2724,33,125),(2725,33,126),(2726,33,141),(2727,33,142),(2728,33,144),(2729,33,161),(2730,33,162),(2731,33,163),(2732,33,164),(2733,33,165),(2734,33,170),(2735,33,171),(2736,33,172),(2737,33,178),(2738,33,221),(2739,33,222),(2740,33,223),(2741,33,229),(2742,33,241),(2743,33,242),(2744,33,243),(2745,33,244),(2746,33,251),(2747,33,252),(2748,33,253),(2749,33,254),(2750,33,255),(2751,33,256),(2752,33,258),(2753,33,262),(2754,33,281),(2755,33,282),(2756,33,283),(2757,33,286),(2758,33,300),(2759,33,301),(2760,33,302),(2761,33,331),(2762,33,332),(2763,33,333),(2764,33,342),(2765,33,343),(2766,33,358),(2767,33,531),(2768,33,532),(2769,33,534),(2770,33,536),(2771,33,538),(2772,33,1001),(2773,33,1002),(2774,33,1003),(2775,33,1004),(2776,33,1005),(2777,33,1101),(2778,33,1102),(2779,33,1104),(2780,33,1109),(2781,33,1181),(2782,33,1182),(2783,33,1183),(2784,33,1184),(2785,33,1185),(2786,33,1186),(2787,33,1187),(2788,33,1188),(2789,33,1201),(2790,33,1202),(2791,33,1231),(2792,33,1232),(2793,33,1233),(2794,33,1234),(2795,33,1236),(2796,33,1251),(2797,33,1321),(2798,33,1421),(2799,33,2401),(2800,33,2402),(2801,33,2403),(2802,33,2411),(2803,33,2412),(2804,33,2413),(2805,33,2500),(2806,33,2501),(2807,33,2515),(2824,34,0),(2808,34,11),(2809,34,12),(2810,34,13),(2811,34,14),(2812,34,15),(2813,34,16),(2814,34,19),(2815,34,21),(2816,34,22),(2817,34,24),(2818,34,25),(2819,34,26),(2820,34,27),(2821,34,28),(2822,34,31),(2823,34,32),(2825,34,36),(2826,34,38),(2827,34,41),(2828,34,42),(2829,34,44),(2830,34,61),(2831,34,62),(2832,34,64),(2833,34,67),(2834,34,81),(2835,34,82),(2836,34,84),(2837,34,86),(2838,34,87),(2839,34,88),(2840,34,89),(2841,34,91),(2842,34,92),(2843,34,93),(2844,34,94),(2845,34,95),(2846,34,96),(2847,34,97),(2848,34,98),(2849,34,101),(2850,34,102),(2851,34,104),(2852,34,109),(2853,34,111),(2854,34,112),(2855,34,113),(2856,34,114),(2857,34,115),(2858,34,116),(2859,34,117),(2860,34,121),(2861,34,122),(2862,34,125),(2863,34,126),(2864,34,141),(2865,34,161),(2866,34,162),(2867,34,163),(2868,34,164),(2869,34,165),(2870,34,170),(2871,34,171),(2872,34,172),(2873,34,178),(2874,34,221),(2875,34,222),(2876,34,223),(2877,34,229),(2878,34,241),(2879,34,242),(2880,34,243),(2881,34,244),(2882,34,251),(2883,34,252),(2884,34,254),(2885,34,258),(2886,34,262),(2887,34,281),(2888,34,282),(2889,34,283),(2890,34,286),(2891,34,331),(2892,34,332),(2893,34,333),(2894,34,342),(2895,34,343),(2896,34,531),(2897,34,532),(2898,34,534),(2899,34,536),(2900,34,538),(2901,34,1001),(2902,34,1002),(2903,34,1003),(2904,34,1004),(2905,34,1005),(2906,34,1101),(2907,34,1102),(2908,34,1104),(2909,34,1109),(2910,34,1181),(2911,34,1182),(2912,34,1183),(2913,34,1184),(2914,34,1185),(2915,34,1186),(2916,34,1187),(2917,34,1188),(2918,34,1201),(2919,34,1202),(2920,34,1231),(2921,34,1232),(2922,34,1233),(2923,34,1234),(2924,34,1236),(2925,34,1251),(2926,34,1321),(2927,34,1421),(2928,34,2401),(2929,34,2402),(2930,34,2403),(2931,34,2411),(2932,34,2412),(2933,34,2413),(2934,34,2500),(2935,34,2501),(2936,34,2515),(2937,35,11),(2938,35,14),(2939,35,15),(2940,35,21),(2941,35,22),(2942,35,24),(2943,35,25),(2944,35,26),(2945,35,28),(2946,35,31),(2947,35,41),(2948,35,42),(2949,35,61),(2950,35,62),(2951,35,64),(2952,35,81),(2953,35,82),(2954,35,84),(2955,35,86),(2956,35,87),(2957,35,101),(2958,35,104),(2959,35,121),(2960,35,122),(2961,35,161),(2962,35,163),(2963,35,170),(2964,35,171),(2965,35,172),(2966,35,178),(2967,35,221),(2968,35,251),(2969,35,262),(2970,35,281),(2971,35,282),(2972,35,331),(2973,35,342),(2974,35,343),(2975,35,531),(2976,35,1001),(2977,35,1004),(2978,35,1101),(2979,35,1104),(2980,35,1181),(2981,35,1182),(2982,35,1421),(2983,35,2401),(2984,35,2402),(2985,35,2403),(2986,35,2411),(2987,35,2500),(2988,35,2501),(2989,36,41),(2990,36,42),(2991,36,44),(2992,36,141),(2993,36,142),(2994,36,144),(2995,36,241),(2996,36,242),(2997,36,251),(2998,36,342),(2999,36,343),(3000,36,1201),(3001,36,2401),(3002,36,2402),(3003,36,2403),(3004,36,2411),(3005,36,2500),(3006,36,2501),(3007,36,2515),(3008,37,11),(3009,37,16),(3010,37,81),(3011,37,91),(3012,37,92),(3013,37,93),(3014,37,94),(3015,37,95),(3016,37,96),(3017,37,97),(3018,37,98),(3019,37,111),(3020,37,113),(3021,37,114),(3022,37,115),(3023,37,116),(3024,37,117),(3025,37,170),(3026,37,178),(3027,37,241),(3028,37,251),(3029,37,342),(3030,37,343),(3031,37,531),(3032,37,1001),(3033,37,1004),(3034,37,1201),(3035,37,2500),(3036,37,2501),(3037,37,2515),(3056,38,0),(3038,38,11),(3039,38,12),(3040,38,13),(3041,38,14),(3042,38,15),(3043,38,16),(3044,38,19),(3045,38,21),(3046,38,22),(3047,38,24),(3048,38,25),(3049,38,26),(3050,38,27),(3051,38,28),(3052,38,31),(3053,38,32),(3054,38,34),(3055,38,36),(3057,38,41),(3058,38,42),(3059,38,44),(3060,38,61),(3061,38,62),(3062,38,64),(3063,38,67),(3064,38,81),(3065,38,82),(3066,38,84),(3067,38,86),(3068,38,87),(3069,38,88),(3070,38,89),(3071,38,91),(3072,38,92),(3073,38,93),(3074,38,94),(3075,38,95),(3076,38,96),(3077,38,97),(3078,38,98),(3079,38,101),(3080,38,102),(3081,38,104),(3082,38,109),(3083,38,111),(3084,38,112),(3085,38,113),(3086,38,114),(3087,38,115),(3088,38,116),(3089,38,117),(3090,38,121),(3091,38,122),(3092,38,125),(3093,38,126),(3094,38,141),(3095,38,142),(3096,38,144),(3097,38,161),(3098,38,162),(3099,38,163),(3100,38,164),(3101,38,165),(3102,38,170),(3103,38,171),(3104,38,172),(3105,38,178),(3106,38,221),(3107,38,222),(3108,38,223),(3109,38,229),(3110,38,241),(3111,38,242),(3112,38,243),(3113,38,244),(3114,38,251),(3115,38,252),(3116,38,253),(3117,38,254),(3118,38,255),(3119,38,256),(3120,38,258),(3121,38,262),(3122,38,281),(3123,38,282),(3124,38,283),(3125,38,286),(3126,38,300),(3127,38,301),(3128,38,302),(3129,38,331),(3130,38,332),(3131,38,333),(3132,38,342),(3133,38,343),(3134,38,358),(3135,38,531),(3136,38,532),(3137,38,534),(3138,38,536),(3139,38,538),(3140,38,1001),(3141,38,1002),(3142,38,1003),(3143,38,1004),(3144,38,1005),(3145,38,1101),(3146,38,1102),(3147,38,1104),(3148,38,1109),(3149,38,1181),(3150,38,1182),(3151,38,1183),(3152,38,1184),(3153,38,1185),(3154,38,1186),(3155,38,1187),(3156,38,1188),(3157,38,1201),(3158,38,1202),(3159,38,1231),(3160,38,1232),(3161,38,1233),(3162,38,1234),(3163,38,1236),(3164,38,1251),(3165,38,1321),(3166,38,1421),(3167,38,2401),(3168,38,2402),(3169,38,2403),(3170,38,2411),(3171,38,2412),(3172,38,2413),(3173,38,2500),(3174,38,2501),(3175,38,2515),(10099,10001,10011),(10100,10001,10012),(10101,10001,10013),(10102,10001,10014),(10103,10001,10015),(10104,10001,10016),(10105,10001,10019),(10140,10001,10021),(10141,10001,10022),(10142,10001,10024),(10143,10001,10025),(10144,10001,10026),(10145,10001,10027),(10146,10001,10028),(10129,10001,10031),(10130,10001,10032),(10131,10001,10034),(10132,10001,10036),(10133,10001,10038),(10134,10001,10041),(10135,10001,10042),(10136,10001,10044),(10107,10001,10061),(10108,10001,10062),(10109,10001,10064),(10110,10001,10067),(10065,10001,10081),(10066,10001,10082),(10067,10001,10084),(10068,10001,10086),(10069,10001,10087),(10070,10001,10088),(10071,10001,10089),(10166,10001,10091),(10167,10001,10092),(10168,10001,10093),(10169,10001,10094),(10073,10001,10095),(10074,10001,10096),(10075,10001,10097),(10076,10001,10098),(10089,10001,10101),(10090,10001,10102),(10091,10001,10104),(10092,10001,10109),(10051,10001,10111),(10052,10001,10112),(10053,10001,10113),(10054,10001,10114),(10055,10001,10115),(10056,10001,10116),(10057,10001,10117),(10152,10001,10121),(10153,10001,10122),(10154,10001,10125),(10155,10001,10126),(10137,10001,10141),(10138,10001,10142),(10139,10001,10144),(10077,10001,10161),(10078,10001,10162),(10079,10001,10163),(10080,10001,10164),(10081,10001,10165),(10082,10001,10170),(10083,10001,10171),(10084,10001,10172),(10085,10001,10178),(10125,10001,10221),(10126,10001,10222),(10127,10001,10223),(10128,10001,10229),(10061,10001,10241),(10062,10001,10242),(10063,10001,10243),(10064,10001,10244),(10476,10001,10251),(10171,10001,10252),(10172,10001,10253),(10173,10001,10254),(10174,10001,10255),(10175,10001,10256),(10176,10001,10258),(10156,10001,10262),(10157,10001,10281),(10158,10001,10282),(10159,10001,10283),(10160,10001,10286),(10471,10001,10300),(10472,10001,10301),(10473,10001,10302),(10058,10001,10331),(10059,10001,10332),(10060,10001,10333),(10474,10001,10342),(10475,10001,10343),(10477,10001,10358),(10147,10001,10531),(10148,10001,10532),(10149,10001,10534),(10150,10001,10536),(10151,10001,10538),(10161,10001,11001),(10162,10001,11002),(10163,10001,11003),(10164,10001,11004),(10165,10001,11005),(10093,10001,11101),(10094,10001,11102),(10095,10001,11104),(10096,10001,11109),(10111,10001,11181),(10112,10001,11182),(10113,10001,11183),(10114,10001,11184),(10115,10001,11185),(10116,10001,11186),(10117,10001,11187),(10118,10001,11188),(10097,10001,11201),(10098,10001,11202),(10119,10001,11231),(10120,10001,11232),(10121,10001,11233),(10122,10001,11234),(10123,10001,11236),(10124,10001,11251),(10106,10001,11321),(10072,10001,11421),(10045,10001,12401),(10046,10001,12402),(10047,10001,12403),(10048,10001,12411),(10049,10001,12412),(10050,10001,12413),(10086,10001,12500),(10087,10001,12501),(10088,10001,12515),(10315,10002,10011),(10221,10002,10012),(10222,10002,10013),(10223,10002,10014),(10224,10002,10015),(10225,10002,10016),(10316,10002,10019),(10262,10002,10021),(10263,10002,10022),(10264,10002,10024),(10265,10002,10025),(10266,10002,10026),(10267,10002,10027),(10268,10002,10028),(10250,10002,10031),(10251,10002,10032),(10252,10002,10034),(10253,10002,10036),(10254,10002,10038),(10260,10002,10041),(10257,10002,10042),(10259,10002,10044),(10228,10002,10061),(10229,10002,10062),(10230,10002,10064),(10231,10002,10067),(10319,10002,10081),(10187,10002,10082),(10188,10002,10084),(10189,10002,10086),(10190,10002,10087),(10191,10002,10088),(10320,10002,10089),(10288,10002,10091),(10289,10002,10092),(10290,10002,10093),(10291,10002,10094),(10194,10002,10095),(10195,10002,10096),(10321,10002,10097),(10322,10002,10098),(10210,10002,10101),(10211,10002,10102),(10212,10002,10104),(10213,10002,10109),(10043,10002,10111),(10034,10002,10112),(10036,10002,10113),(10038,10002,10114),(10040,10002,10115),(10042,10002,10116),(10044,10002,10117),(10274,10002,10121),(10275,10002,10122),(10276,10002,10125),(10277,10002,10126),(10261,10002,10141),(10317,10002,10161),(10199,10002,10162),(10200,10002,10163),(10201,10002,10164),(10318,10002,10165),(10203,10002,10170),(10204,10002,10171),(10205,10002,10172),(10206,10002,10178),(10246,10002,10221),(10247,10002,10222),(10248,10002,10223),(10249,10002,10229),(10292,10002,10241),(10293,10002,10242),(10294,10002,10243),(10295,10002,10244),(10021,10002,10251),(10014,10002,10252),(10022,10002,10254),(10018,10002,10258),(10278,10002,10262),(10279,10002,10281),(10280,10002,10282),(10281,10002,10283),(10282,10002,10286),(10183,10002,10331),(10184,10002,10332),(10185,10002,10333),(10469,10002,10342),(10470,10002,10343),(10269,10002,10531),(10270,10002,10532),(10271,10002,10534),(10272,10002,10536),(10273,10002,10538),(10283,10002,11001),(10284,10002,11002),(10285,10002,11003),(10286,10002,11004),(10287,10002,11005),(10214,10002,11101),(10215,10002,11102),(10216,10002,11104),(10217,10002,11109),(10232,10002,11181),(10233,10002,11182),(10234,10002,11183),(10235,10002,11184),(10236,10002,11185),(10237,10002,11186),(10238,10002,11187),(10239,10002,11188),(10218,10002,11201),(10219,10002,11202),(10240,10002,11231),(10241,10002,11232),(10242,10002,11233),(10243,10002,11234),(10244,10002,11236),(10245,10002,11251),(10227,10002,11321),(10193,10002,11421),(10177,10002,12401),(10178,10002,12402),(10179,10002,12403),(10180,10002,12411),(10181,10002,12412),(10182,10002,12413),(10207,10002,12500),(10208,10002,12501),(10209,10002,12515),(10360,10003,10011),(10361,10003,10015),(10390,10003,10021),(10391,10003,10022),(10392,10003,10024),(10393,10003,10025),(10394,10003,10026),(10383,10003,10031),(10385,10003,10041),(10386,10003,10042),(10365,10003,10061),(10364,10003,10062),(10329,10003,10081),(10330,10003,10082),(10331,10003,10084),(10332,10003,10086),(10333,10003,10087),(10354,10003,10101),(10351,10003,10104),(10458,10003,10121),(10453,10003,10122),(10338,10003,10161),(10339,10003,10163),(10344,10003,10170),(10341,10003,10171),(10342,10003,10172),(10345,10003,10178),(10382,10003,10221),(10459,10003,10262),(10450,10003,10281),(10451,10003,10282),(10443,10003,10331),(10460,10003,10342),(10461,10003,10343),(10462,10003,10531),(10463,10003,11001),(10464,10003,11004),(10355,10003,11101),(10356,10003,11104),(10379,10003,11181),(10380,10003,11182),(10336,10003,11421),(10323,10003,12401),(10324,10003,12402),(10325,10003,12403),(10326,10003,12411),(10347,10003,12500),(10445,10003,12501),(10309,10004,10041),(10310,10004,10042),(10311,10004,10044),(10312,10004,10141),(10313,10004,10142),(10314,10004,10144),(10303,10004,10241),(10304,10004,10242),(10030,10004,10251),(10467,10004,10342),(10468,10004,10343),(10308,10004,11201),(10296,10004,12401),(10297,10004,12402),(10298,10004,12403),(10299,10004,12411),(10305,10004,12500),(10306,10004,12501),(10307,10004,12515),(10430,10005,10011),(10429,10005,10016),(10415,10005,10081),(10440,10005,10091),(10437,10005,10092),(10439,10005,10093),(10441,10005,10094),(10416,10005,10095),(10417,10005,10096),(10419,10005,10097),(10420,10005,10098),(10412,10005,10111),(10405,10005,10113),(10407,10005,10114),(10409,10005,10115),(10411,10005,10116),(10413,10005,10117),(10421,10005,10170),(10422,10005,10178),(10414,10005,10241),(10455,10005,10251),(10465,10005,10342),(10466,10005,10343),(10454,10005,10531),(10433,10005,11001),(10434,10005,11004),(10426,10005,11201),(10423,10005,12500),(10424,10005,12501),(10425,10005,12515);

--
-- Table structure for table `llx_usergroup_user`
--

CREATE TABLE `llx_usergroup_user` (
  `rowid` int(11) NOT NULL AUTO_INCREMENT,
  `entity` int(11) NOT NULL DEFAULT '1',
  `fk_user` int(11) NOT NULL,
  `fk_usergroup` int(11) NOT NULL,
  PRIMARY KEY (`rowid`),
  UNIQUE KEY `uk_usergroup_user` (`entity`,`fk_user`,`fk_usergroup`),
  KEY `fk_usergroup_user_fk_user` (`fk_user`),
  KEY `fk_usergroup_user_fk_usergroup` (`fk_usergroup`),
  CONSTRAINT `fk_usergroup_user_fk_user` FOREIGN KEY (`fk_user`) REFERENCES `llx_user` (`rowid`),
  CONSTRAINT `fk_usergroup_user_fk_usergroup` FOREIGN KEY (`fk_usergroup`) REFERENCES `llx_usergroup` (`rowid`)
) ENGINE=InnoDB AUTO_INCREMENT=10050 DEFAULT CHARSET=utf8;

--
-- Dumping data for table `llx_usergroup_user`
--

INSERT INTO `llx_usergroup_user` VALUES (3,1,2,1),(4,1,3,2),(1,1,4,2),(2,1,4,3),(6,1,6,2),(5,1,6,4),(10,1,9,2),(17,1,9,5),(11,1,11,2),(13,1,13,3),(15,1,14,2),(16,1,15,2),(19,1,16,2),(18,1,16,5),(26,1,20,2),(25,1,20,5),(29,1,22,4),(34,1,25,2),(32,1,25,4),(51,1,43,2),(52,1,43,5),(53,1,44,2),(55,1,45,2),(54,1,45,4),(56,1,46,2),(57,1,47,2),(58,1,48,2),(59,1,49,1),(60,1,49,2),(61,1,49,5),(10041,1,10031,1),(10040,1,10031,2),(10043,1,10032,2),(10042,1,10032,5),(10044,1,10033,2),(10045,1,10034,2),(10046,1,10035,2),(10047,1,10036,5),(10049,1,10038,2),(10048,1,10038,5),(20,2,17,6),(21,2,17,7),(22,2,18,7),(24,2,19,7),(23,2,19,8),(39,3,27,23),(40,3,33,23),(49,3,40,22),(41,4,28,28),(42,4,35,28),(43,4,36,28),(50,4,42,27),(38,5,29,33),(36,5,31,29),(35,5,31,31),(37,5,32,33),(46,5,39,33),(48,5,41,32),(28,7,21,9),(33,7,26,9),(44,12,37,38),(45,12,38,38),(10002,10001,10002,10001),(10003,10001,10002,10002),(10029,10001,10003,10003),(10005,10001,10004,10003),(10006,10001,10005,10003),(10007,10001,10006,10003),(10010,10001,10008,10002),(10009,10001,10008,10004),(10012,10001,10010,10005),(10013,10001,10011,10003),(10014,10001,10012,10003),(10030,10001,10015,10002),(10016,10001,10015,10003),(10018,10001,10017,10002),(10019,10001,10018,10003),(10021,10001,10020,10003),(10028,10001,10021,10002),(10025,10001,10021,10003),(10027,10001,10021,10005),(10023,10001,10022,10003),(10031,10001,10025,10003),(10033,10001,10026,10002),(10032,10001,10026,10005),(10035,10001,10027,10002),(10034,10001,10027,10005),(10036,10001,10028,10002),(10038,10001,10029,10002),(10039,10001,10030,10002);

--
-- Table structure for table `llx_ventilation_achat`
--

CREATE TABLE `llx_ventilation_achat` (
  `rowid` int(11) NOT NULL AUTO_INCREMENT,
  `fk_code_ventilation` int(11) DEFAULT NULL,
  `fk_facture` int(11) DEFAULT NULL,
  `fk_facture_fourn_det` int(11) DEFAULT NULL,
  `ventilation` varchar(255) DEFAULT NULL,
  `qty` double DEFAULT NULL,
  PRIMARY KEY (`rowid`)
) ENGINE=InnoDB DEFAULT CHARSET=latin1;

--
-- Dumping data for table `llx_ventilation_achat`
--



