--
-- Host: sql20.modules    Database: 776360-4
-- ------------------------------------------------------


--
-- Table structure for table `jos_banner`
--

CREATE TABLE `jos_banner` (
  `bid` int(11) NOT NULL AUTO_INCREMENT,
  `cid` int(11) NOT NULL DEFAULT '0',
  `type` varchar(30) NOT NULL DEFAULT 'banner',
  `name` varchar(255) NOT NULL DEFAULT '',
  `alias` varchar(255) NOT NULL DEFAULT '',
  `imptotal` int(11) NOT NULL DEFAULT '0',
  `impmade` int(11) NOT NULL DEFAULT '0',
  `clicks` int(11) NOT NULL DEFAULT '0',
  `imageurl` varchar(100) NOT NULL DEFAULT '',
  `clickurl` varchar(200) NOT NULL DEFAULT '',
  `date` datetime DEFAULT NULL,
  `showBanner` tinyint(1) NOT NULL DEFAULT '0',
  `checked_out` tinyint(1) NOT NULL DEFAULT '0',
  `checked_out_time` datetime NOT NULL DEFAULT '0000-00-00 00:00:00',
  `editor` varchar(50) DEFAULT NULL,
  `custombannercode` text,
  `catid` int(10) unsigned NOT NULL DEFAULT '0',
  `description` text NOT NULL,
  `sticky` tinyint(1) unsigned NOT NULL DEFAULT '0',
  `ordering` int(11) NOT NULL DEFAULT '0',
  `publish_up` datetime NOT NULL DEFAULT '0000-00-00 00:00:00',
  `publish_down` datetime NOT NULL DEFAULT '0000-00-00 00:00:00',
  `tags` text NOT NULL,
  `params` text NOT NULL,
  PRIMARY KEY (`bid`),
  KEY `viewbanner` (`showBanner`),
  KEY `idx_banner_catid` (`catid`)
) ENGINE=MyISAM DEFAULT CHARSET=utf8;

--
-- Dumping data for table `jos_banner`
--


--
-- Table structure for table `jos_bannerclient`
--

CREATE TABLE `jos_bannerclient` (
  `cid` int(11) NOT NULL AUTO_INCREMENT,
  `name` varchar(255) NOT NULL DEFAULT '',
  `contact` varchar(255) NOT NULL DEFAULT '',
  `email` varchar(255) NOT NULL DEFAULT '',
  `extrainfo` text NOT NULL,
  `checked_out` tinyint(1) NOT NULL DEFAULT '0',
  `checked_out_time` time DEFAULT NULL,
  `editor` varchar(50) DEFAULT NULL,
  PRIMARY KEY (`cid`)
) ENGINE=MyISAM DEFAULT CHARSET=utf8;

--
-- Dumping data for table `jos_bannerclient`
--


--
-- Table structure for table `jos_bannertrack`
--

CREATE TABLE `jos_bannertrack` (
  `track_date` date NOT NULL,
  `track_type` int(10) unsigned NOT NULL,
  `banner_id` int(10) unsigned NOT NULL
) ENGINE=MyISAM DEFAULT CHARSET=utf8;

--
-- Dumping data for table `jos_bannertrack`
--


--
-- Table structure for table `jos_categories`
--

CREATE TABLE `jos_categories` (
  `id` int(11) NOT NULL AUTO_INCREMENT,
  `parent_id` int(11) NOT NULL DEFAULT '0',
  `title` varchar(255) NOT NULL DEFAULT '',
  `name` varchar(255) NOT NULL DEFAULT '',
  `alias` varchar(255) NOT NULL DEFAULT '',
  `image` varchar(255) NOT NULL DEFAULT '',
  `section` varchar(50) NOT NULL DEFAULT '',
  `image_position` varchar(30) NOT NULL DEFAULT '',
  `description` text NOT NULL,
  `published` tinyint(1) NOT NULL DEFAULT '0',
  `checked_out` int(11) unsigned NOT NULL DEFAULT '0',
  `checked_out_time` datetime NOT NULL DEFAULT '0000-00-00 00:00:00',
  `editor` varchar(50) DEFAULT NULL,
  `ordering` int(11) NOT NULL DEFAULT '0',
  `access` tinyint(3) unsigned NOT NULL DEFAULT '0',
  `count` int(11) NOT NULL DEFAULT '0',
  `params` text NOT NULL,
  PRIMARY KEY (`id`),
  KEY `cat_idx` (`section`,`published`,`access`),
  KEY `idx_access` (`access`),
  KEY `idx_checkout` (`checked_out`)
) ENGINE=MyISAM AUTO_INCREMENT=9 DEFAULT CHARSET=utf8;

--
-- Dumping data for table `jos_categories`
--

INSERT INTO `jos_categories` VALUES (1,0,'Première année','','premiere-annee','','2','left','',1,0,'0000-00-00 00:00:00',NULL,1,0,0,''),(2,0,'La course automobile','','la-course-automobile','','3','left','',1,0,'0000-00-00 00:00:00',NULL,1,0,0,''),(3,0,'L\'épopée industrielle','','lepopee-industrielle','','4','left','',1,0,'0000-00-00 00:00:00',NULL,1,0,0,''),(4,0,'Les années Citroën','','les-annees-citroen','','5','left','',1,0,'0000-00-00 00:00:00',NULL,1,0,0,''),(5,0,'La guerre 14-18','','la-guerre-14-18','','6','left','',1,0,'0000-00-00 00:00:00',NULL,1,0,0,''),(6,0,'Les dernières étapes','','les-dernieres-etapes','','7','left','',1,0,'0000-00-00 00:00:00',NULL,1,0,0,''),(7,0,'Histoires de famille','','histoires-de-famille','','8','left','',1,0,'0000-00-00 00:00:00',NULL,1,0,0,''),(8,0,'Contact','','contact','','9','left','',1,0,'0000-00-00 00:00:00',NULL,1,0,0,'');

--
-- Table structure for table `jos_components`
--

CREATE TABLE `jos_components` (
  `id` int(11) NOT NULL AUTO_INCREMENT,
  `name` varchar(50) NOT NULL DEFAULT '',
  `link` varchar(255) NOT NULL DEFAULT '',
  `menuid` int(11) unsigned NOT NULL DEFAULT '0',
  `parent` int(11) unsigned NOT NULL DEFAULT '0',
  `admin_menu_link` varchar(255) NOT NULL DEFAULT '',
  `admin_menu_alt` varchar(255) NOT NULL DEFAULT '',
  `option` varchar(50) NOT NULL DEFAULT '',
  `ordering` int(11) NOT NULL DEFAULT '0',
  `admin_menu_img` varchar(255) NOT NULL DEFAULT '',
  `iscore` tinyint(4) NOT NULL DEFAULT '0',
  `params` text NOT NULL,
  `enabled` tinyint(4) NOT NULL DEFAULT '1',
  PRIMARY KEY (`id`),
  KEY `parent_option` (`parent`,`option`(32))
) ENGINE=MyISAM AUTO_INCREMENT=35 DEFAULT CHARSET=utf8;

--
-- Dumping data for table `jos_components`
--

INSERT INTO `jos_components` VALUES (1,'Banners','',0,0,'','Banner Management','com_banners',0,'js/ThemeOffice/component.png',0,'track_impressions=0\ntrack_clicks=0\ntag_prefix=\n\n',1),(2,'Banners','',0,1,'option=com_banners','Active Banners','com_banners',1,'js/ThemeOffice/edit.png',0,'',1),(3,'Clients','',0,1,'option=com_banners&c=client','Manage Clients','com_banners',2,'js/ThemeOffice/categories.png',0,'',1),(4,'Web Links','option=com_weblinks',0,0,'','Manage Weblinks','com_weblinks',0,'js/ThemeOffice/component.png',0,'show_comp_description=1\ncomp_description=\nshow_link_hits=1\nshow_link_description=1\nshow_other_cats=1\nshow_headings=1\nshow_page_title=1\nlink_target=0\nlink_icons=\n\n',1),(5,'Links','',0,4,'option=com_weblinks','View existing weblinks','com_weblinks',1,'js/ThemeOffice/edit.png',0,'',1),(6,'Categories','',0,4,'option=com_categories&section=com_weblinks','Manage weblink categories','',2,'js/ThemeOffice/categories.png',0,'',1),(7,'Contacts','option=com_contact',0,0,'','Edit contact details','com_contact',0,'js/ThemeOffice/component.png',1,'contact_icons=0\nicon_address=\nicon_email=\nicon_telephone=\nicon_fax=\nicon_misc=\nshow_headings=1\nshow_position=1\nshow_email=0\nshow_telephone=1\nshow_mobile=1\nshow_fax=1\nbannedEmail=\nbannedSubject=\nbannedText=\nsession=1\ncustomReply=0\n\n',1),(8,'Contacts','',0,7,'option=com_contact','Edit contact details','com_contact',0,'js/ThemeOffice/edit.png',1,'',1),(9,'Categories','',0,7,'option=com_categories&section=com_contact_details','Manage contact categories','',2,'js/ThemeOffice/categories.png',1,'contact_icons=0\nicon_address=\nicon_email=\nicon_telephone=\nicon_fax=\nicon_misc=\nshow_headings=1\nshow_position=1\nshow_email=0\nshow_telephone=1\nshow_mobile=1\nshow_fax=1\nbannedEmail=\nbannedSubject=\nbannedText=\nsession=1\ncustomReply=0\n\n',1),(10,'Polls','option=com_poll',0,0,'option=com_poll','Manage Polls','com_poll',0,'js/ThemeOffice/component.png',0,'',1),(11,'News Feeds','option=com_newsfeeds',0,0,'','News Feeds Management','com_newsfeeds',0,'js/ThemeOffice/component.png',0,'',1),(12,'Feeds','',0,11,'option=com_newsfeeds','Manage News Feeds','com_newsfeeds',1,'js/ThemeOffice/edit.png',0,'show_headings=1\nshow_name=1\nshow_articles=1\nshow_link=1\nshow_cat_description=1\nshow_cat_items=1\nshow_feed_image=1\nshow_feed_description=1\nshow_item_description=1\nfeed_word_count=0\n\n',1),(13,'Categories','',0,11,'option=com_categories&section=com_newsfeeds','Manage Categories','',2,'js/ThemeOffice/categories.png',0,'',1),(14,'User','option=com_user',0,0,'','','com_user',0,'',1,'',1),(15,'Search','option=com_search',0,0,'option=com_search','Search Statistics','com_search',0,'js/ThemeOffice/component.png',1,'enabled=0\n\n',1),(16,'Categories','',0,1,'option=com_categories&section=com_banner','Categories','',3,'',1,'',1),(17,'Wrapper','option=com_wrapper',0,0,'','Wrapper','com_wrapper',0,'',1,'',1),(18,'Mail To','',0,0,'','','com_mailto',0,'',1,'',1),(19,'Media Manager','',0,0,'option=com_media','Media Manager','com_media',0,'',1,'upload_extensions=bmp,csv,doc,epg,gif,ico,jpg,odg,odp,ods,odt,pdf,png,ppt,swf,txt,xcf,xls,BMP,CSV,DOC,EPG,GIF,ICO,JPG,ODG,ODP,ODS,ODT,PDF,PNG,PPT,SWF,TXT,XCF,XLS\nupload_maxsize=10000000\nfile_path=images\nimage_path=images/stories\nrestrict_uploads=1\nallowed_media_usergroup=3\ncheck_mime=1\nimage_extensions=bmp,gif,jpg,png\nignore_extensions=\nupload_mime=image/jpeg,image/gif,image/png,image/bmp,application/x-shockwave-flash,application/msword,application/excel,application/pdf,application/powerpoint,text/plain,application/x-zip\nupload_mime_illegal=text/html\nenable_flash=0\n\n',1),(20,'Articles','option=com_content',0,0,'','','com_content',0,'',1,'show_noauth=0\nshow_title=1\nlink_titles=1\nshow_intro=1\nshow_section=0\nlink_section=0\nshow_category=0\nlink_category=0\nshow_author=0\nshow_create_date=0\nshow_modify_date=0\nshow_item_navigation=0\nshow_readmore=1\nshow_vote=0\nshow_icons=1\nshow_pdf_icon=0\nshow_print_icon=1\nshow_email_icon=1\nshow_hits=0\nfeed_summary=0\nfilter_tags=\nfilter_attritbutes=\n\n',1),(21,'Configuration Manager','',0,0,'','Configuration','com_config',0,'',1,'',1),(22,'Installation Manager','',0,0,'','Installer','com_installer',0,'',1,'',1),(23,'Language Manager','',0,0,'','Languages','com_languages',0,'',1,'',1),(24,'Mass mail','',0,0,'','Mass Mail','com_massmail',0,'',1,'mailSubjectPrefix=\nmailBodySuffix=\n\n',1),(25,'Menu Editor','',0,0,'','Menu Editor','com_menus',0,'',1,'',1),(27,'Messaging','',0,0,'','Messages','com_messages',0,'',1,'',1),(28,'Modules Manager','',0,0,'','Modules','com_modules',0,'',1,'',1),(29,'Plugin Manager','',0,0,'','Plugins','com_plugins',0,'',1,'',1),(30,'Template Manager','',0,0,'','Templates','com_templates',0,'',1,'',1),(31,'User Manager','',0,0,'','Users','com_users',0,'',1,'allowUserRegistration=1\nnew_usertype=Registered\nuseractivation=1\nfrontend_userparams=1\n\n',1),(32,'Cache Manager','',0,0,'','Cache','com_cache',0,'',1,'',1),(33,'Control Panel','',0,0,'','Control Panel','com_cpanel',0,'',1,'',1),(34,'JA Extensions Manager','option=com_jaextmanager',0,0,'option=com_jaextmanager','JA Extensions Manager','com_jaextmanager',0,'components/com_jaextmanager/assets/images/jauc.png',0,'\nMYSQL_PATH=mysql\nMYSQLDUMP_PATH=mysqldump\nDATA_FOLDER=jaextmanager_data',1);

--
-- Table structure for table `jos_contact_details`
--

CREATE TABLE `jos_contact_details` (
  `id` int(11) NOT NULL AUTO_INCREMENT,
  `name` varchar(255) NOT NULL DEFAULT '',
  `alias` varchar(255) NOT NULL DEFAULT '',
  `con_position` varchar(255) DEFAULT NULL,
  `address` text,
  `suburb` varchar(100) DEFAULT NULL,
  `state` varchar(100) DEFAULT NULL,
  `country` varchar(100) DEFAULT NULL,
  `postcode` varchar(100) DEFAULT NULL,
  `telephone` varchar(255) DEFAULT NULL,
  `fax` varchar(255) DEFAULT NULL,
  `misc` mediumtext,
  `image` varchar(255) DEFAULT NULL,
  `imagepos` varchar(20) DEFAULT NULL,
  `email_to` varchar(255) DEFAULT NULL,
  `default_con` tinyint(1) unsigned NOT NULL DEFAULT '0',
  `published` tinyint(1) unsigned NOT NULL DEFAULT '0',
  `checked_out` int(11) unsigned NOT NULL DEFAULT '0',
  `checked_out_time` datetime NOT NULL DEFAULT '0000-00-00 00:00:00',
  `ordering` int(11) NOT NULL DEFAULT '0',
  `params` text NOT NULL,
  `user_id` int(11) NOT NULL DEFAULT '0',
  `catid` int(11) NOT NULL DEFAULT '0',
  `access` tinyint(3) unsigned NOT NULL DEFAULT '0',
  `mobile` varchar(255) NOT NULL DEFAULT '',
  `webpage` varchar(255) NOT NULL DEFAULT '',
  PRIMARY KEY (`id`),
  KEY `catid` (`catid`)
) ENGINE=MyISAM DEFAULT CHARSET=utf8;

--
-- Dumping data for table `jos_contact_details`
--


--
-- Table structure for table `jos_content`
--

CREATE TABLE `jos_content` (
  `id` int(11) unsigned NOT NULL AUTO_INCREMENT,
  `title` varchar(255) NOT NULL DEFAULT '',
  `alias` varchar(255) NOT NULL DEFAULT '',
  `title_alias` varchar(255) NOT NULL DEFAULT '',
  `introtext` mediumtext NOT NULL,
  `fulltext` mediumtext NOT NULL,
  `state` tinyint(3) NOT NULL DEFAULT '0',
  `sectionid` int(11) unsigned NOT NULL DEFAULT '0',
  `mask` int(11) unsigned NOT NULL DEFAULT '0',
  `catid` int(11) unsigned NOT NULL DEFAULT '0',
  `created` datetime NOT NULL DEFAULT '0000-00-00 00:00:00',
  `created_by` int(11) unsigned NOT NULL DEFAULT '0',
  `created_by_alias` varchar(255) NOT NULL DEFAULT '',
  `modified` datetime NOT NULL DEFAULT '0000-00-00 00:00:00',
  `modified_by` int(11) unsigned NOT NULL DEFAULT '0',
  `checked_out` int(11) unsigned NOT NULL DEFAULT '0',
  `checked_out_time` datetime NOT NULL DEFAULT '0000-00-00 00:00:00',
  `publish_up` datetime NOT NULL DEFAULT '0000-00-00 00:00:00',
  `publish_down` datetime NOT NULL DEFAULT '0000-00-00 00:00:00',
  `images` text NOT NULL,
  `urls` text NOT NULL,
  `attribs` text NOT NULL,
  `version` int(11) unsigned NOT NULL DEFAULT '1',
  `parentid` int(11) unsigned NOT NULL DEFAULT '0',
  `ordering` int(11) NOT NULL DEFAULT '0',
  `metakey` text NOT NULL,
  `metadesc` text NOT NULL,
  `access` int(11) unsigned NOT NULL DEFAULT '0',
  `hits` int(11) unsigned NOT NULL DEFAULT '0',
  `metadata` text NOT NULL,
  PRIMARY KEY (`id`),
  KEY `idx_section` (`sectionid`),
  KEY `idx_access` (`access`),
  KEY `idx_checkout` (`checked_out`),
  KEY `idx_state` (`state`),
  KEY `idx_catid` (`catid`),
  KEY `idx_createdby` (`created_by`)
) ENGINE=MyISAM AUTO_INCREMENT=10 DEFAULT CHARSET=utf8;

--
-- Dumping data for table `jos_content`
--

INSERT INTO `jos_content` VALUES (1,'Les automobiles Mors de la Piste à la Route','jcpruvost','','<h1 style=\"margin: 0.0px 0.0px 0.0px 0.0px; font: 32.0px Verdana;\"><span style=\"white-space: pre;\"> </span>•<span style=\"white-space: pre;\"> </span>Historique<span style=\"font: 32.0px \'Lucida Grande\';\"> </span></h1>\r\n<h2 class=\"MsoNormal\" style=\"margin-left: 18pt;\"><span style=\"font-family: \">Fondée en 1851, la Maison MIRAND fabrique des fleurs artificielles, <br /></span></h2>\r\n<h2 class=\"MsoNormal\" style=\"margin-left: 18pt;\"><span style=\"font-family: \">Puis utilisant sa technologie, une machine pour croiser des fils de fer, se met au fil électrique, c\'est la grande époque de la fée électricité<br /></span></h2>\r\n<h2 class=\"MsoNormal\" style=\"margin-left: 18pt;\"><span style=\"font-family: \">En 1874, Louis-Auguste Mors (48 ans, ingénieur de Bruxelles ) rachète l’entreprise MIRAND</span></h2>\r\n<h2 class=\"MsoNormal\" style=\"margin-left: 18pt;\"><span style=\"font-family: \">Il cherche de nouvelles applications et le développement du chemin de fer ouvre un nouveau champ d’application<span> </span>: la signalisation ferroviaire</span><span style=\"font-family: \"> </span></h2>\r\n<h2 class=\"MsoNormal\" style=\"margin-left: 18pt;\"><span style=\"font-family: \">Il se lance dans la recherche </span><span style=\"font-family: \">et développe l’électro sémaphore auprès de le Cie du Nord, le PLM, PO (Paris Orléans), Cie de l’Est, la Cie du midi et même en Russie.</span></h2>\r\n<h2 class=\"MsoNormal\" style=\"margin-left: 18pt;\"><span style=\"font-family: \">Malade, en 1880 il cède son entreprise à ses deux fils, Louis et Emile, tous deux centraliens âgés de 25 et 21 ans. Brillants, inventifs, ingénieux, ils vont engager la société sur des voies nouvelles :</span></h2>\r\n<h2 class=\"MsoNormal\" style=\"margin-left: 18pt;\"><span style=\"font-family: \">La société déménage et s’installe au 48 rue du Théâtre, dans le XVème</span></h2>\r\n<h2 class=\"MsoNormal\" style=\"margin-left: 18pt;\"><span style=\"font-family: \">Ce sera toujours l’électricité : les téléphones, les dynamos, les lampes incandescentes<span> mais aussi </span>l’Automobile, cette nouvelle passion française</span></h2>\r\n<h2 class=\"MsoNormal\" style=\"margin-left: 18pt;\"><strong><span style=\"font-family: \">La fée Electricité finance l’automobile</span></strong><span style=\"font-family: \"> </span></h2>\r\n<h2 class=\"MsoNormal\" style=\"margin-left: 18pt;\"><span style=\"font-family: \">Les applications électriques de la société Mors font fureur, médaille d’or à l’exposition internationale d’Anvers pour leur dynamo en 1885.</span></h2>\r\n<h2 class=\"MsoNormal\" style=\"margin-left: 18pt;\"><span style=\"font-family: \">La société est très profitable et peut financer sa nouvelle activité : L’automobile</span></h2>\r\n<h2 class=\"MsoNormal\" style=\"margin-left: 18pt;\"><span style=\"font-family: \">1884 première voiture à moteur à essence par Edouard Delamare-Deboutteville</span></h2>\r\n<h2 class=\"MsoNormal\" style=\"margin-left: 18pt;\"><span style=\"font-family: \">Puis Emile et Louis Mors se rangent du coté de la vapeur et font leur premier tricycle à vapeur 1885. </span></h2>\r\n<h2 class=\"MsoNormal\" style=\"margin-left: 18pt;\"><span style=\"font-family: \">Ils font partie des pionniers avec les Bollée, Serpollet, Levassor, Clément et Michelin, appelées les six bonne fées barbues penchées sur le berceau de l’automobile;</span></h2>\r\n<h2 class=\"MsoNormal\" style=\"margin-left: 18pt;\"><span style=\"font-family: \">Emile Mors, le plus impliqué des frères, tâtonne, passe au pétrole, et après 10 ans, la première voiture Mors sort de l’usine de la rue du Théâtre en 1996.</span></h2>\r\n<h2 class=\"MsoNormal\" style=\"margin-left: 18pt;\"><span style=\"font-family: \">D’une puissance de 5 Ch, elle est déjà dédié aux compétitions sportives, pour se mesurer aux Peugeot, Panhard et Levassor.</span></h2>\r\n<h2 class=\"MsoNormal\" style=\"margin-left: 18pt;\"><span style=\"font-family: \">Le siècle se termine, et les Mors sont engagés dans toutes les courses de l’ACF,<span> </span>6 et 7 ème sur les trajets Paris-Dieppe et Paris-Trouville en 1897.</span></h2>\r\n<h2 class=\"MsoNormal\" style=\"margin-left: 18pt;\"><span style=\"font-family: \">Emile conduit lui-même et se fait appelé «Walrus », le Phoque en raison de sa moustache.</span></h2>\r\n<p><span style=\"font-family: \"><br /></span></p>\r\n<h3 style=\"margin: 0.0px 0.0px 0.0px 0.0px; font: 16.0px Verdana;\">Contact : vous vous intéressez à cette marque automobile, mieux vous possédez une mors, écrivez nous : contact@automobilemors.com</h3>','',1,2,0,1,'2011-04-28 16:51:50',63,'','2012-04-29 10:10:21',64,0,'0000-00-00 00:00:00','2011-04-28 16:51:50','0000-00-00 00:00:00','','','show_title=\nlink_titles=\nshow_intro=\nshow_section=\nlink_section=\nshow_category=\nlink_category=\nshow_vote=\nshow_author=\nshow_create_date=\nshow_modify_date=\nshow_pdf_icon=\nshow_print_icon=\nshow_email_icon=\nlanguage=\nkeyref=\nreadmore=',15,0,1,'','',0,7804,'robots=\nauthor='),(2,'La course automobile','jcpruvost','','<h2><span style=\"color: #000000; font-family: verdana, arial, sans-serif; font-size: 16px; line-height: normal;\"> </span></h2>\r\n<h1 class=\"MsoNormal\" style=\"margin-left: 18pt;\"><strong><span style=\"font-family: \">L’automobile</span></strong><span style=\"font-family: \"> </span></h1>\r\n<h2 class=\"MsoNormal\" style=\"margin-left: 18pt;\"><span style=\"font-family: \">En 1896, Mors présente avec succès au 4e Salon du Cycle de Paris son premier véhicule à moteur à essence, un <a href=\"http://fr.academic.ru/dic.nsf/frwiki/969134\">landau</a> de type vis-à-vis doté d\'un 4 cylindres en V incliné À 45° à soupape d’admission commandée, d’un graissage à carter sec, de culasses refroidies par eau et de cylindres refroidis par air avec l\'innovation d\'un <a href=\"http://fr.academic.ru/dic.nsf/frwiki/85958\">allumage</a> à <a href=\"http://fr.academic.ru/dic.nsf/frwiki/1464362\">rupteur</a>.</span></h2>\r\n<h2 class=\"MsoNormal\" style=\"margin-left: 18pt;\"><span style=\"font-family: \">En 1898, l\'industrie Mors construit déjà 200 voitures par an dans son usine de la rue du Théâtre.<br /></span></h2>\r\n<h2 class=\"MsoNormal\" style=\"margin-left: 18pt;\"><span style=\"font-family: \"> </span></h2>\r\n<h1 class=\"MsoNormal\" style=\"margin-left: 18pt;\"><strong><span style=\"font-family: \">Les pionniers et la conquête de la vitesse</span></strong><span style=\"font-family: \"> </span></h1>\r\n<h2 class=\"MsoNormal\" style=\"margin-left: 18pt;\"><span style=\"font-family: \">Entre 1898 et 1903, les voitures passent de 6 à 70 ch, les vitesses dépassent allègrement 100 km/h.</span></h2>\r\n<h2 class=\"MsoNormal\" style=\"margin-left: 18pt;\"><span style=\"font-family: \">Deux marques émergent dans les courses : Mors et Panhard.</span></h2>\r\n<h1 class=\"MsoNormal\" style=\"margin-left: 18pt;\"><strong><span style=\"font-family: \">Victoires dans de nombreuses courses automobiles</span></strong><span style=\"font-family: \"> </span></h1>\r\n<h2 class=\"MsoNormal\" style=\"margin-left: 18pt;\"><span style=\"font-family: \">En 1900, le Paris-Toulouse-Paris est gagné par une Mors en 20h et 50 mn à la moyenne de 72 km/h.</span></h2>\r\n<h2 class=\"MsoNormal\" style=\"margin-left: 18pt;\"><span style=\"font-family: \">En 1901, outre une 10HP à moteur 4 cylindres en ligne refroidi par air, les deux frères construisirent un véhicule de compétition propulsé par un 4 cylindres de 9 232 cm³ de 60 ch.</span></h2>\r\n<h2 class=\"MsoNormal\" style=\"margin-left: 18pt;\"><span style=\"font-family: \">Sur Paris Berlin, pas moins de 7 Mors sont engagées, Pilotée par Henri Fournier, face à <a href=\"http://fr.academic.ru/dic.nsf/frwiki/1423127\">Renault</a>, <a href=\"http://fr.academic.ru/dic.nsf/frwiki/791357\">Hotchkiss</a> ou <a href=\"http://fr.academic.ru/dic.nsf/frwiki/1698104\">Vauxhall</a>, la victoire est au bout.</span></h2>\r\n<h2 class=\"MsoNormal\" style=\"margin-left: 18pt;\"><span style=\"font-family: \">C’est la consécration en 1904, sur Paris-Madrid, 14 mors de 70 ch sont engagées, Gabriel sur Mors est le premier à Bordeaux, mais avec 8 morts, dont un des frères Renault, la course est arrêtée par le gouvernement.<br /></span></h2>\r\n<h1 class=\"MsoNormal\" style=\"margin-left: 18pt;\"><span style=\"font-family: \">C’est la fin des courses sur route ouverte et la suprématie des Mors. </span></h1>\r\n<h2 class=\"MsoNormal\" style=\"margin-left: 18pt;\"><span style=\"font-family: \">La course a ouvert la voie à un nouveau mode de transport : l\'automobile et c’est vers les voitures de tourisme que se tournent maintenant la marque pour répondre aux besoins du public.</span></h2>','',1,3,0,2,'2011-04-29 06:19:53',63,'','2012-04-29 10:25:57',64,0,'0000-00-00 00:00:00','2011-04-29 06:19:53','0000-00-00 00:00:00','','','show_title=\nlink_titles=\nshow_intro=\nshow_section=\nlink_section=\nshow_category=\nlink_category=\nshow_vote=\nshow_author=\nshow_create_date=\nshow_modify_date=\nshow_pdf_icon=\nshow_print_icon=\nshow_email_icon=\nlanguage=\nkeyref=\nreadmore=',7,0,1,'','',0,4601,'robots=\nauthor='),(3,'La période Citroën 1906-1925','jcpruvost','','<h1 style=\"margin: 0.0px 0.0px 0.0px 0.0px; font: 16.0px Verdana;\">En 1908, André CITROEN est polytechnicien, il a alors 28 ans, c\'est son premier poste de direction.</h1>\r\n<h2 style=\"margin: 0.0px 0.0px 0.0px 0.0px; font: 16.0px Verdana;\">Appelé au chevet de la société automobile Mors en difficulté, pourtant célèbre pour avoir battu au début du siècle des records de vitesse, il participe à son redressement entre 1906 et 1914, lui permettant de décupler son chiffre d\'affaires.</h2>\r\n<h2 style=\"margin: 0.0px 0.0px 0.0px 0.0px; font: 16.0px Verdana;\">Il est ainsi nommé directeur général administrateur chez le constructeur automobile Mors par les frères Émile et Louis Mors. Il réorganise l\'étude des besoins clientèles, la gestion, modernise, crée de nouveaux modèles et double la production de la marque en 10 ans.</h2>\r\n<h2 style=\"margin: 0.0px 0.0px 0.0px 0.0px; font: 16.0px Verdana;\">L\'entreprise produit 300 modèles en 1908, pour atteindre 800 unités en 1913.</h2>\r\n<h2 style=\"margin: 0.0px 0.0px 0.0px 0.0px; font: 16.0px Verdana;\">André Citroën est un découvreur de talents et un organisateur de génie. Il n\'est ni inventeur, ni technicien. Il se passionne pour la « fabrication et la distribution à grande échelle ».</h2>\r\n<h2 style=\"margin: 0.0px 0.0px 0.0px 0.0px; font: 16.0px Verdana;\">En 1912, dans le cadre de son travail pour les usines Mors, André Citroën effectue son premier voyage aux États-Unis, voyage qui marquera profondément sa vie et sa carrière. Il visite l\'usine Ford d\'Henry Ford à Deaborn près de Détroit, dans laquelle est appliqué le taylorisme, devenu fordisme.</h2>\r\n<h2 style=\"margin: 0.0px 0.0px 0.0px 0.0px; font: 16.0px Verdana;\">Il s\'agit de la démocratisation de biens de production industrielle fabriqués en grande série à moindre coût de revient. Sa visite lui permet de s\'imprégner des méthodes appliquées dans les usines américaines.</h2>\r\n<h2 style=\"margin: 0.0px 0.0px 0.0px 0.0px; font: 16.0px Verdana;\">La direction des usines Mors permet à Citroën d\'acquérir une certaine expérience, notamment dans les domaines humains. En effet, les conditions de travail des ouvriers à cette époque sont rudes, ce qui les amènent en 1912 à se mettre en grève, pour l\'adoption de la « semaine anglaise » des cinq jours.</h2>\r\n<h2 style=\"margin: 0.0px 0.0px 0.0px 0.0px; font: 16.0px Verdana;\">Citroën sait se montrer ouvert afin d\'éviter toutes confrontations, et améliore ainsi les conditions de vie des travailleurs, et de ce fait, leur efficacité également. C\'est dans cette entreprise qu\'André Citroën va tisser de nombreux réseaux d\'experts et de conseillers.</h2>\r\n<h2 style=\"margin: 0.0px 0.0px 0.0px 0.0px; font: 16.0px Verdana;\">Normal 0   21   false false false  FR X-NONE X-NONE                                                                                                                                                                          /* Style Definitions */  table.MsoNormalTable 	{mso-style-name:\"Tableau Normal\"; 	mso-tstyle-rowband-size:0; 	mso-tstyle-colband-size:0; 	mso-style-noshow:yes; 	mso-style-priority:99; 	mso-style-qformat:yes; 	mso-style-parent:\"\"; 	mso-padding-alt:0cm 5.4pt 0cm 5.4pt; 	mso-para-margin:0cm; 	mso-para-margin-bottom:.0001pt; 	mso-pagination:widow-orphan; 	font-size:10.0pt; 	font-family:\"Times New Roman\",\"serif\";}</h2>\r\n<h1 class=\"MsoNormal\" style=\"margin-left: 18pt;\"><strong><span style=\"font-family: \">Les années folles et rideau sur une marque pionnière</span></strong><span style=\"font-family: \"> </span></h1>\r\n<h2 class=\"MsoNormal\" style=\"margin-left: 18pt;\"><span style=\"font-family: \">En 1919, au lendemain de la Première Guerre mondiale, André Citroën reconvertit son usine d\'armement en industrie automobile et fonde Citroën en absorbant la partie automobile de Mors</span></h2>\r\n<h2 class=\"MsoNormal\" style=\"margin-left: 18pt;\"><span style=\"font-family: \">En effet, Louis Mors décède en 1917, Emile prévoyant qu’il ne rattrapera pas ses grands concurrents cède les activités automobiles à André Citroën, pour se consacrer aux activités électriques.</span></h2>\r\n<h2 class=\"MsoNormal\" style=\"margin-left: 18pt;\"><span style=\"font-family: \">En 1921 Mors commercialise un nouveau modèle</span></h2>\r\n<h2 class=\"MsoNormal\" style=\"margin-left: 18pt;\"><span style=\"font-family: \">En 1923 commercialisation du dernier modèle sous la marque Mors : la 12/16 HP Sport.</span></h2>\r\n<h2 class=\"MsoNormal\" style=\"margin-left: 18pt;\"><span style=\"font-family: \">Une époque, celle des pionniers audacieux, s’achève, commence maintenant pour l’automobile, l’ère des industriels.</span></h2>\r\n<h2 class=\"MsoNormal\" style=\"margin-left: 18pt;\"><span style=\"font-family: \">De son coté, la société Signaux Mors continue dans l’électricité avec succès devient MJB dans les années 60 puis GTIE, et fut<span> </span>finalement<span> </span>absorbé par le groupe Vinci.</span></h2>\r\n<h2 class=\"MsoNormal\" style=\"margin-left: 18pt;\"><span style=\"font-family: \">Ce que nous savons c’est que Louis, plus dur en affaire, avait accumulé et fait fortune, il possédait tout le quartier entre rue des vignes et rue des marronniers dans le 16<sup>ème </sup>, fit construire un théâtre, aujourd’hui le cinéma du Ranelagh,<span> </span>au contraire de son frère Emile, qui finit plus ou moins ruiné,<span> </span>vivant chichement jusqu’en 1942. </span></h2>\r\n<h2 class=\"MsoNormal\" style=\"margin-left: 18pt;\"><span style=\"font-family: \">Par un hasard de l’histoire, Louis qui avait eu une fille,<span> </span>celle-ci mariée à un écrivain académicien René Boylesves, n’eut<span> </span>pas de descendance,<span> </span>celle-ci à sa mort légua une partie du reste de la fortune des Mors à sa cousine, ma grand-mère Marie-Rose Mors, mariée Pruvost. </span></h2>\r\n<h2 class=\"MsoNormal\" style=\"margin-left: 18pt;\"><span style=\"font-family: \">Ainsi, les deux frères restèrent finalement unis bien après leur mort.</span></h2>','',1,5,0,4,'2011-04-29 15:19:00',63,'','2012-04-29 10:45:10',64,0,'0000-00-00 00:00:00','2011-04-29 15:19:00','0000-00-00 00:00:00','','','show_title=\nlink_titles=\nshow_intro=\nshow_section=\nlink_section=\nshow_category=\nlink_category=\nshow_vote=\nshow_author=\nshow_create_date=\nshow_modify_date=\nshow_pdf_icon=\nshow_print_icon=\nshow_email_icon=\nlanguage=\nkeyref=\nreadmore=',4,0,1,'','',0,4606,'robots=\nauthor='),(4,'L\'épopée industrielle','jcpruvost','','<p> </p>\r\n<h1 style=\"margin-bottom: 0.0001pt; text-align: justify; padding-left: 30px;\"><span style=\"font-size: 12pt; font-family: \">L\'automobile au début de ce siècle est française</span></h1>\r\n<h2 style=\"margin-bottom: 0.0001pt; padding-left: 30px;\"><span style=\"font-family: \">Les extraordinaires machines qui ont marquées le début  de la course automobile sont majoritairement francaises:  Mors, De Dietrich, Panhard-Levassor, Bollée, Lebrun-Daimler, Peugeot, De Dion-Bouton mais aussi  avec les marques étrangères Darracq, Brasier, Mercedes, Gladiator, Napier, CGV, Hotchkiss.</span></h2>\r\n<h2 style=\"margin-bottom: 0.0001pt; padding-left: 30px;\"><span style=\"font-family: \">En 1903 sur un total de 61.927 véhicules produits de par le monde, 30.204 sont produits en France, 11.235 aux USA, 9.437 en Angleterre, 6.904 en Allemagne, 2.839 en Belgique et 1.308 en Italie.</span></h2>\r\n<h1 class=\"MsoNormal\" style=\"margin-left: 18pt;\"><strong><span style=\"font-family: \">De l’atelier à l’usine</span></strong><span style=\"font-family: \"> </span></h1>\r\n<h2 class=\"MsoNormal\" style=\"margin-left: 18pt;\">Les voitures Mors, encore produites à la main dans des ateliers, sont trop chères, aucun modèle n\'est standardisé, le chassis acheté, vous vous tournez vers un carrossier qui finit le travail.</h2>\r\n<h2 class=\"MsoNormal\" style=\"margin-left: 18pt;\">Une grave crise économique affecte l\'Europe et la clientèle se détourne.</h2>\r\n<h2 class=\"MsoNormal\" style=\"margin-left: 18pt;\"><span style=\"font-family: \">Pour faire face aux difficultés économiques, les frères Mors font appel à André Citroën, il a 30 ans, polytechnicien, il est lié par son frère aux Haarbleicher, actionnaire de Mors.</span></h2>\r\n<h2 class=\"MsoNormal\" style=\"margin-left: 18pt;\"><span style=\"font-family: \">Sa société d’engrenage fondée en 1905 est située quai de javel, tout près des usines Mors.</span></h2>\r\n<h2 class=\"MsoNormal\" style=\"margin-left: 18pt;\"><span style=\"font-family: \">Il s’attache à réorganiser les ateliers, mal disposés, à investir dans de nouvelles méthodes de production qu’il reprend de Ford. Il standardise la production, se dirige vers de petits modèles plus facile à vendre et pour le salon de 1910, face à Ford et son modèle unique à 5800 Francs, Mors présente 8 modèles démarrant à 6750 Francs.</span></h2>\r\n<h2 class=\"MsoNormal\" style=\"margin-left: 18pt;\"><span style=\"font-family: \">Ces efforts portent leurs fruits, la production passe de 280 en 1908, à 600 en 1911 et 800 en 1913, contre 3000 pour Renault.</span></h2>\r\n<h2 class=\"MsoNormal\" style=\"margin-left: 18pt;\"><span style=\"font-family: \">La guerre vient bouleverser le monde et les efforts entrepris. C\'est la fin d\'une époque.<br /></span></h2>\r\n<h2 class=\"MsoNormal\" style=\"margin-left: 18pt;\"><span style=\"font-family: \">Convertissant son usine d’engrenages en usine à munition, André Citroën fait fortune, et reviendra à ses premiers amours automobiles au sortir de la guerre.</span></h2>','',1,4,0,3,'2011-04-29 15:22:02',63,'','2012-04-29 10:40:35',64,0,'0000-00-00 00:00:00','2011-04-29 15:22:02','0000-00-00 00:00:00','','','show_title=\nlink_titles=\nshow_intro=\nshow_section=\nlink_section=\nshow_category=\nlink_category=\nshow_vote=\nshow_author=\nshow_create_date=\nshow_modify_date=\nshow_pdf_icon=\nshow_print_icon=\nshow_email_icon=\nlanguage=\nkeyref=\nreadmore=',6,0,1,'','',0,2693,'robots=\nauthor='),(5,'Les dernières étapes','les-dernieres-etapes','','<p> </p>\r\n<p style=\"margin: 0.0px 0.0px 0.0px 0.0px; font: 32.0px Verdana;\">Les dernières étapes</p>\r\n<p style=\"margin: 0.0px 0.0px 0.0px 0.0px; font: 16.0px Verdana;\"> </p>\r\n<p style=\"margin: 0.0px 0.0px 0.0px 0.0px; font: 24.0px Verdana;\">Cabine électrique Mors</p>\r\n<p style=\"margin: 0.0px 0.0px 0.0px 0.0px; font: 16.0px Verdana;\"> </p>\r\n<p style=\"margin: 0.0px 0.0px 0.0px 0.0px; font: 16.0px Verdana;\">Poste d\'aiguillage de la gare de Laon, technologie Mors à enclenchement mécanique de leviers d\'itinéraires, construit vers 1925 par la Compagnie du Nord En 1925, Mors suspend définitivement ses activités automobile au détriment de Citroën et se lance dans l\'électroménager. Dans les années 1960 Mors se spécialise dans l\'installation électrique pour devenir \" Mors Jean Bouchon \"(MJB)\" avant de devenir en 1984 «GTIE» (Générale de Travaux et d\'Installations électriques), à ce jour filiale du Groupe Vinci. Mors a continué des activités aeronautiques,ferroviaires et maritimes jusqu\'en 1996 ainsi que dans le domaine des contacteurs devenu la société Apem. Ces activités ont été vendues séparement à des groupes fran&ccdil;ais.De 1993 à 1995, son PDG était Claude MANCEAU</p>\r\n<p> </p>','',1,7,0,6,'2011-04-29 15:24:45',63,'','2011-04-29 16:11:25',63,0,'0000-00-00 00:00:00','2011-04-29 15:24:45','0000-00-00 00:00:00','','','show_title=\nlink_titles=\nshow_intro=\nshow_section=\nlink_section=\nshow_category=\nlink_category=\nshow_vote=\nshow_author=\nshow_create_date=\nshow_modify_date=\nshow_pdf_icon=\nshow_print_icon=\nshow_email_icon=\nlanguage=\nkeyref=\nreadmore=',2,0,1,'','',0,2535,'robots=\nauthor='),(6,'Histoires de famille','jcpruvost','','<p> </p>\r\n<h1 class=\"MsoNormal\"><strong><span style=\"font-family: \">Histoires de famille</span></strong></h1>\r\n<h2 class=\"MsoNormal\"><span style=\"font-family: \"> </span></h2>\r\n<h2 class=\"MsoNormal\"><span style=\"font-family: \">A l’origine, c’est l’activité de la compagnie électrique qui finança les débuts de l’activité automobile.</span></h2>\r\n<h2 class=\"MsoNormal\"><span style=\"font-family: \"> </span></h2>\r\n<h2 class=\"MsoNormal\"><span style=\"font-family: \">Des deux frères, Emile fut celui qui s’intéressa le plus à l’automobile, électricien et ingénieur brillant, il savait trouver les solutions aux problèmes techniques du début de l’ère automobile. Il invente notamment la dynamo.</span></h2>\r\n<h2 class=\"MsoNormal\"><span style=\"font-family: \">De caractère heureux, il n’était intéressé que par la technique et pilotait lui-même les bolides qu’il concevait.</span></h2>\r\n<h2 class=\"MsoNormal\"><span style=\"font-family: \">De haute stature, il arborait fièrement une grande moustache.</span></h2>\r\n<h1 class=\"MsoNormal\"><span style=\"font-family: \">Marié à Marie Tardiveau, il donnait naissance en 1898 à Marie-Rose, ma grand-mère paternelle, plus tard marié à Emmanuel Pruvost, avocat à Lille.</span></h1>\r\n<h2 class=\"MsoNormal\"><span style=\"font-family: \">Les automobiles Mors affecté par la crise de 1908 puis par la guerre perdirent leur avance technologique et connurent des difficultés, l’activité fut reprise par les usines Citroën.</span></h2>\r\n<h2 class=\"MsoNormal\"><span style=\"font-family: \">Affecté durablement par ces évènements, Emile s’éteignit tristement en 1942.</span></h2>\r\n<h2 class=\"MsoNormal\"><span style=\"font-family: \"> </span></h2>\r\n<h2 class=\"MsoNormal\"><span style=\"font-family: \">Louis, ingénieur de l’Ecole Centrale, fier de ses origines nordistes, était un travailleur acharné et savait être exigeant. Redouté et respecté par le personnel des usines, il était dur au mal et savait mener son affaire. </span></h2>\r\n<h2 class=\"MsoNormal\"><span style=\"font-family: \">Jusqu\'à la fin de sa vie, ses affaires furent florissantes et sut diversifier à temps ses différentes activités.</span></h2>\r\n<h2 class=\"MsoNormal\"><span style=\"font-family: \">Il fut également mécène et finance une chaire de musicologie au collège de France.</span></h2>\r\n<h2 class=\"MsoNormal\"><span style=\"font-family: \">Il décédât en 1917.</span></h2>\r\n<h1 class=\"MsoNormal\"><span style=\"font-family: \">Il eut une fille Alice, marié à René Boylesve, brillant écrivain, élu à l\'académie française en 1918 au 23ème fauteuil :</span></h1>\r\n<h1 class=\"MsoNormal\"><span style=\"font-family: \"> le couple resta sans descendance.</span></h1>\r\n<h1 class=\"MsoNormal\"><span style=\"font-family: \">L’histoire de cette marque, c’est aussi celle des tous les passionnés et amoureux de l’époque de ces pionniers de l’automobile.</span></h1>\r\n<h2 class=\"MsoNormal\"><span style=\"font-family: \">C’est une histoire familiale, de tradition orale, et il y a sans doute des incertitudes ou inexactitudes, et je vous prie de les excuser par avance.</span></h2>\r\n<h2 class=\"MsoNormal\"><span style=\"font-family: \">Si vous avez des informations, photos, documents concernant la marque Mors, je serai très heureux de les partager avec le plus grand nombre, grâce à ce site.</span></h2>\r\n<h2 class=\"MsoNormal\"><span style=\"font-family: \">Merci de votre visite, </span></h2>\r\n<h2 class=\"MsoNormal\"><span style=\"font-family: \">Remerciement à tous les collectionneurs et amoureux d’automobiles anciennes</span></h2>\r\n<h2 class=\"MsoNormal\"><span style=\"font-family: \">Par Jean-Christophe Pruvost,<span> </span>arrière petit fils d’Emile Mors</span></h2>\r\n<p><span style=\"font-family: \"><img src=\"images/mors/jcp2.jpg\" border=\"0\" alt=\"jc Pruvost-Mors\" title=\"jc Pruvost-Mors\" /><br /></span></p>\r\n<h2 class=\"MsoNormal\"><span style=\"font-family: \">contact@automobilemors.com<span> </span></span></h2>','',1,8,0,7,'2011-04-29 15:27:36',63,'','2012-05-16 15:32:14',65,65,'2012-05-16 15:41:25','2011-04-29 15:27:36','0000-00-00 00:00:00','','','show_title=\nlink_titles=\nshow_intro=\nshow_section=\nlink_section=\nshow_category=\nlink_category=\nshow_vote=\nshow_author=\nshow_create_date=\nshow_modify_date=\nshow_pdf_icon=\nshow_print_icon=\nshow_email_icon=\nlanguage=\nkeyref=\nreadmore=',9,0,2,'','',0,2690,'robots=\nauthor='),(7,'R.-M. Pruvost-Mors','jcpruvost','','<p> </p>\r\n<p style=\"margin: 0.0px 0.0px 0.0px 0.0px; font: 16.0px Verdana;\">En 1947 Marie-Rose Pruvost-Mors « fut la victime heureuse d\'une révélation inattendue. Elle était à l\'âge où les illusions commencent à émigrer, où la solitude se découvre comme un remède à ce mal sourd : vivre. Il advint alors qu\'elle regarda comme elle ne l\'avait jamais fait, les maisons, les toits, le ciel et soudain fit une chute vertigineuse dans un abime d\'humilité. Elle fut comme le puisatier qui du fond de son puits même en plein midi voit scintiller les étoiles. » comme l\'écrit Robert Rey dans son livre en 1962</p>\r\n<p style=\"margin: 0.0px 0.0px 0.0px 0.0px; font: 16.0px Verdana;\"> </p>\r\n<p style=\"margin: 0.0px 0.0px 0.0px 0.0px; font: 16.0px Verdana;\"> </p>\r\n<p style=\"margin: 0.0px 0.0px 0.0px 0.0px; font: 19.0px Verdana;\">La peinture De Rose-Marie Pruvost-Mors décrite et analysée par Robert Rey conservateur au musée du Louvre</p>\r\n<p style=\"margin: 0.0px 0.0px 0.0px 0.0px; font: 16.0px Verdana;\"> </p>\r\n<p style=\"margin: 0.0px 0.0px 0.0px 0.0px; font: 16.0px Verdana;\"> </p>\r\n<p style=\"margin: 0.0px 0.0px 0.0px 0.0px; font: 16.0px Verdana;\"> </p>\r\n<p style=\"margin: 0.0px 0.0px 0.0px 0.0px; font: 16.0px Verdana;\">J\'aime les peintres du dimanche.</p>\r\n<p style=\"margin: 0.0px 0.0px 0.0px 0.0px; font: 16.0px Verdana;\"> </p>\r\n<p style=\"margin: 0.0px 0.0px 0.0px 0.0px; font: 16.0px Verdana;\">Ils sont agis par le souffle de la poésie pure. Une candeur sans prix émane de leurs travaux. Sans doute, parmi ces authentiques inspirés se glisse parfois des tricheurs affreusement roublards. Laissons-les. Mon amour n\'est pas superstition.</p>\r\n<p style=\"margin: 0.0px 0.0px 0.0px 0.0px; font: 16.0px Verdana;\"> </p>\r\n<p style=\"margin: 0.0px 0.0px 0.0px 0.0px; font: 16.0px Verdana;\">Quant aux vrais, leur sainte modestie les comble de félicité. Sans autre intérêt que mon plaisir de m\'étonner et de louer, j\'ai voulu consacrer ce petit livre à l\'un d\'entre eux : Rose-Marie Pruvost Mors un cas.</p>\r\n<p style=\"margin: 0.0px 0.0px 0.0px 0.0px; font: 16.0px Verdana;\"> </p>\r\n<p style=\"margin: 0.0px 0.0px 0.0px 0.0px; font: 16.0px Verdana;\">Peintre du Dimanche ? Peut-être l\'est-elle en ce sens qu\'elle n\'a rien appris, de personne. Pourtant combien de peintres connus, « arrivés » comme on dit, égaleraient la qualité de ses tableaux, le sentiment raffiné de leur mélancolie, leur émotion si retenue et pourtant si pénétrante ?</p>\r\n<p style=\"margin: 0.0px 0.0px 0.0px 0.0px; font: 16.0px Verdana;\"> </p>\r\n<p style=\"margin: 0.0px 0.0px 0.0px 0.0px; font: 16.0px Verdana;\">Voici quinze ans bientôt, elle fut la victime heureuse d\'une révélation inattendue. Elle était à l\'âge ou les illusions commencent à émigrer, ou la solitude se découvre comme un remède à ce mal sourd : vivre. Il advint alors qu\'elle regarda, comme elle ne l\'avait jamais fait, les maisons, les toits, le ciel ; et soudain fit une chute vertigineuse dans un abîme d\'humilité. Elle fut comme le puisatier qui, du fond de son puit,même, change, les lucarnes plate amarrée à sa fiche, est venue en plein midi, voit scintiller les étoiles.</p>\r\n<p style=\"margin: 0.0px 0.0px 0.0px 0.0px; font: 16.0px Verdana;\"> </p>\r\n<p style=\"margin: 0.0px 0.0px 0.0px 0.0px; font: 16.0px Verdana;\">De sa vie elle n\'avait touché ni pinceau ni crayon. Elle n\'escomptait nulle gloire. Elle voulait seulement désaltérer la soif qui la prit de peindre tant de beautés encloses dans tant de banalité, de les peindre de toute sa ferveur revêtue d\'ignorance.</p>\r\n<p style=\"margin: 0.0px 0.0px 0.0px 0.0px; font: 16.0px Verdana;\"> </p>\r\n<p style=\"margin: 0.0px 0.0px 0.0px 0.0px; font: 16.0px Verdana;\">Bien sûr, elle n\'est pas Vermeer. Mais un émerveillement l\'envahit, comparable à celui qu\'éprouvait Vermeer devant un mur de briques dont chacune a sa couleur qui converse avec sa voisine. C\'est assez dire que Rose-Marie Mors n\'est pas une exubérante. Elle ne provoque pas les hasards de l\'ébauche ni les chances du bariolage. Elle n\'oserait « interpréter » la nature. Elle ne se permet que de la copier avec une obéissance de nonne au salut.</p>\r\n<p style=\"margin: 0.0px 0.0px 0.0px 0.0px; font: 16.0px Verdana;\"> </p>\r\n<p style=\"margin: 0.0px 0.0px 0.0px 0.0px; font: 16.0px Verdana;\">Les rues, les ardoises, les pierres, se mirent à la dévorer de questions, Je me demande si parfois une parcelle---oh une toute petite parcelle, mais c\'est déjà beaucoup--- de l\'âme de Meryon, errante par l\'espace, n\'est pas venue se fixer sur Rose-Marie Pruvost-Mors comme une sorte d\'implant ;</p>\r\n<p style=\"margin: 0.0px 0.0px 0.0px 0.0px; font: 16.0px Verdana;\"> </p>\r\n<p style=\"margin: 0.0px 0.0px 0.0px 0.0px; font: 16.0px Verdana;\">En l\'honneur de Rose-Marie Pruvost les zincs mouillés des toitures profilent des gris-bleus délicats sur le bleu-gris du ciel. Pas un chéneau, pas une gouttière qui ne requière et ne re&cdil;oive sa part de considération ; et (Rose-Marie Pruvost le voulût-elle ou non) qui ne suscite des rêves ;</p>\r\n<p style=\"margin: 0.0px 0.0px 0.0px 0.0px; font: 16.0px Verdana;\"> </p>\r\n<p style=\"margin: 0.0px 0.0px 0.0px 0.0px; font: 16.0px Verdana;\">Car le fleuve du temps court en torrent sur la chaussée, au long des boutiques ; mais le flâneur dont le regard s\'élève d\' étage en étage et arrive jusqu\'au silence des toits aper&cdil;oit de grands morceaux d\'autrefois pris dans le remmaillage des tuiles.je connais tel faîtage décrépit du côté de la rue Saint Jacques ou doit encore s\'entendre, en écoutant bien, le canon des Trois Glorieuses ; et rue Fermat, des maisons vieillardes ou le grenier frémit encore aux feux de pelotons des Versaillais ,vers la barrière du Maine. Vues de l\'étroite rue Féru, les deux tours géantes de Saint-Sulpice étayent à des hauteurs incroyables les précieuses pâleurs du firmament et répètent les homélies du père Olier ;</p>\r\n<p style=\"margin: 0.0px 0.0px 0.0px 0.0px; font: 16.0px Verdana;\"> </p>\r\n<p style=\"margin: 0.0px 0.0px 0.0px 0.0px; font: 16.0px Verdana;\">Et puis il y a dans Paris, de grands refuges ou, pas plus que la place Saint-Marc , les bruits ne sont admis : La cour Carrée du Louvre, celle des Invalides, les galeries du Palais royal...</p>\r\n<p style=\"margin: 0.0px 0.0px 0.0px 0.0px; font: 16.0px Verdana;\"> </p>\r\n<p style=\"margin: 0.0px 0.0px 0.0px 0.0px; font: 16.0px Verdana;\">Il faut beaucoup d\'ingénuité pour aborder de front un «motif» sur lequel on vient de buter par hazard . Exemple : au Louvre, Rose Marie Pruvost, au moment de franchir la voûte du Pavillon Sully, s\'arrêta net, comme devant un Monarque sur son trône. C\'est qu\'une parfaite harmonie architecturale venait de s\'imposer avec une royale évidence. Tout y contribuait : le grand cintre de la porte avec son intrados clair et ses deux factionnaires (non, ses deux lampadaires) au fond, le pavillon central de la colonnade avec ses deux étages, son tympan triangulaire, ses vingt- quatre colonnes superposées. Ainsi cadré, ce pavillon, séparé du peintre par le désert pavé de la Cour Carrée, devient comme une grande idole de pierre.</p>\r\n<p style=\"margin: 0.0px 0.0px 0.0px 0.0px; font: 16.0px Verdana;\"> </p>\r\n<p style=\"margin: 0.0px 0.0px 0.0px 0.0px; font: 16.0px Verdana;\">Ailleurs, les abords d\'un autre havre de grâce se compliquent de couloirs, de rampes, d\'escaliers, de colonnes en quinconce, c\'est l\'entrée des galeries du Palais Royal, par la rue de beaujolais, face au passage des deux-Pavillons.</p>\r\n<p style=\"margin: 0.0px 0.0px 0.0px 0.0px; font: 16.0px Verdana;\"> </p>\r\n<p style=\"margin: 0.0px 0.0px 0.0px 0.0px; font: 16.0px Verdana;\">Rose-Marie Pruvost n\'escamote aucun écueil, car elle ne fraude jamais. Elle éclaire pourtant avec bien du tact la pénombre de ces lieux hypostyles. Elle franchit cette passe difficile et la voici donc entre amis, avec ces faux muets que sont les colonnes du pourtour, les barreaux des grilles, les beaux globes suspendus si contents d\'être enfin regardés et qui découpent sur le ciel leur ventre transparent.</p>\r\n<p style=\"margin: 0.0px 0.0px 0.0px 0.0px; font: 16.0px Verdana;\"> </p>\r\n<p style=\"margin: 0.0px 0.0px 0.0px 0.0px; font: 16.0px Verdana;\">Il y a chez Rose-Marie Pruvost un besoin lancinant de fuir la foule. Son désir la conduit à pas feutré vers les rivières, les dunes, la glaise du rivage, l\'odeur doucement pourrie des herbes gorgées d\'eau. Elle est comme ces furtifs animaux, ces butors, ces loutres qui avancent avec d\'infinies précautions et soudain se découvrent à deux pas d\'un pêcheur immobile.</p>\r\n<p style=\"margin: 0.0px 0.0px 0.0px 0.0px; font: 16.0px Verdana;\"> </p>\r\n<p style=\"margin: 0.0px 0.0px 0.0px 0.0px; font: 16.0px Verdana;\">Elle connait comme eux les branchages, les creux des saules, les mystères des souches émergées et cet instant de l\'aube, au calme si glacial, ou tout se fige dans un absolu néant de bruit et de mouvement.</p>\r\n<p style=\"margin: 0.0px 0.0px 0.0px 0.0px; font: 16.0px Verdana;\"> </p>\r\n<p style=\"margin: 0.0px 0.0px 0.0px 0.0px; font: 16.0px Verdana;\">Comme elle a bien vu, bien compris la maison de bois, imbibée d\'eau, sur pilotis, ou tout dort, sans penser à ce qui se passe en dessous, dans la vase que sillonne l\'anguille en quête d\'un poisson mort !</p>\r\n<p style=\"margin: 0.0px 0.0px 0.0px 0.0px; font: 16.0px Verdana;\"> </p>\r\n<p style=\"margin: 0.0px 0.0px 0.0px 0.0px; font: 16.0px Verdana;\">Dans la petite ville d\'oû s\'élève un dôme au profil de pièce montée, un marchand, seul dans toute la rue, n\'a devant son étal qu\'une seule cliente</p>\r\n<p style=\"margin: 0.0px 0.0px 0.0px 0.0px; font: 16.0px Verdana;\"> </p>\r\n<p style=\"margin: 0.0px 0.0px 0.0px 0.0px; font: 16.0px Verdana;\">Dans son petit pavillon de banlieue, tout rapetassé, avec sa marquise depuis vingt ans sans vitre, son hangar chancelant, bricole un bricoleur à sa forge mobile. Et un grand arbre curieusement desséché fait des grâces derrière la roulotte bâchée. Et puis voici l\'autre roulotte. Elle s\'est arrêtée, celle- là, dans la broussaille au bord de la route, contre deux pins dépenaillés. Et ne reste pour la garder que deux linges à sécher sur une corde.</p>\r\n<p style=\"margin: 0.0px 0.0px 0.0px 0.0px; font: 16.0px Verdana;\"> </p>\r\n<p style=\"margin: 0.0px 0.0px 0.0px 0.0px; font: 16.0px Verdana;\">Et tout cela se déroule dans exactement le contraire d\'au faite ce qu\'on appellerait le monde snob. Sites sans prétention et petites gens quand on les voit.</p>\r\n<p style=\"margin: 0.0px 0.0px 0.0px 0.0px; font: 16.0px Verdana;\"> </p>\r\n<p style=\"margin: 0.0px 0.0px 0.0px 0.0px; font: 16.0px Verdana;\">On n\'est pas, on ne peut pas être sincère devant la nature à vingt ans. La sincérité s\'acquiert au prix d\'une longue existence et de grands renoncements. Aussi, je savoure ici la sincérité acquise à ce prix par Rose-Marie Pruvost. Elle ne ressemble à personne.</p>\r\n<p style=\"margin: 0.0px 0.0px 0.0px 0.0px; font: 16.0px Verdana;\"> </p>\r\n<p style=\"margin: 0.0px 0.0px 0.0px 0.0px; font: 16.0px Verdana;\"> </p>\r\n<p style=\"margin: 0.0px 0.0px 0.0px 0.0px; font: 16.0px Verdana;\">Son phare au bout de la jetée sur cette étendue sans fin de sable à marée basse est le fait d\'une sincérité non voulue. Au fait, une sincérité voulue, ne serait-ce pas un contre sens dans les termes.</p>\r\n<p style=\"margin: 0.0px 0.0px 0.0px 0.0px; font: 16.0px Verdana;\"> </p>\r\n<p style=\"margin: 0.0px 0.0px 0.0px 0.0px; font: 16.0px Verdana;\">Certains peintres de la nostalgie ont besoin d\'animer leurs tableaux par des présences humaines. Pourquoi donc Utrillo fait-il arpenter ses rues par des femmes à gros derrières ? Parce que son âme angoissée de chien perdu se raccroche parfois aux passantes, plus apitoyées que les passants.</p>\r\n<p style=\"margin: 0.0px 0.0px 0.0px 0.0px; font: 16.0px Verdana;\"> </p>\r\n<p style=\"margin: 0.0px 0.0px 0.0px 0.0px; font: 16.0px Verdana;\">Rose-Marie Pruvost n\'admet le bipède qu\'à distance ; Mieux encore : autant que faire se peut, elle l\'élimine.</p>\r\n<p style=\"margin: 0.0px 0.0px 0.0px 0.0px; font: 16.0px Verdana;\"> </p>\r\n<p style=\"margin: 0.0px 0.0px 0.0px 0.0px; font: 16.0px Verdana;\">Le mur de la colonnade, le dôme, le balustre, voila ses personnages.</p>\r\n<p style=\"margin: 0.0px 0.0px 0.0px 0.0px; font: 16.0px Verdana;\"> </p>\r\n<p style=\"margin: 0.0px 0.0px 0.0px 0.0px; font: 16.0px Verdana;\">Dans une cité , nettoyée par quelque épidémie, les rares survivants, métamorphosés, non telle la femme de Loth, en statue de sel, mais en becs de gaz, demeurent figés au garde- à-vous. L\'Institut pourrait n\'être qu\'une carte postale. Mais il devient, quand Rose-Marie Pruvost le portraicture, temple pesant, coupole céleste. Sa calotte à tranches s\'éclaire en s\'élevant. Et son lanterneau attend patiemment l\'habit vert assez curieux pour y grimper et s\'y rincer les muqueuses dans le vent frais qui court au ras des toits.</p>\r\n<p style=\"margin: 0.0px 0.0px 0.0px 0.0px; font: 16.0px Verdana;\"> </p>\r\n<p style=\"margin: 0.0px 0.0px 0.0px 0.0px; font: 16.0px Verdana;\">C\'est bizarre un organisme qu\'on détourne de son destin.</p>\r\n<p style=\"margin: 0.0px 0.0px 0.0px 0.0px; font: 16.0px Verdana;\"> </p>\r\n<p style=\"margin: 0.0px 0.0px 0.0px 0.0px; font: 16.0px Verdana;\">Exemple : un ponton de bateau mouche promu demeure familiale (singulière reconversion ) avec son fusain en caisse, la niche pour le chien et, sous le verrière, le père à l\'établi, la mère à sa couture, le petit dans sa voiture que nul roulis ne met en route vers le bord sans rambarde après lequel viendrait le plongeon dans l\'eau gluante.</p>\r\n<p style=\"margin: 0.0px 0.0px 0.0px 0.0px; font: 16.0px Verdana;\"> </p>\r\n<p style=\"margin: 0.0px 0.0px 0.0px 0.0px; font: 16.0px Verdana;\">Un pêcheur à la ligne, sur sa barque plate amarrée à sa fiche, est venu s\'intégrer dans ce poème de la placidité flottante ;</p>\r\n<p style=\"margin: 0.0px 0.0px 0.0px 0.0px; font: 16.0px Verdana;\"> </p>\r\n<p style=\"margin: 0.0px 0.0px 0.0px 0.0px; font: 16.0px Verdana;\">De sa berge, Rose-Marie Pruvost l\'écouta minutieusement et n\'en oublie pas une rime.</p>\r\n<p style=\"margin: 0.0px 0.0px 0.0px 0.0px; font: 16.0px Verdana;\"> </p>\r\n<p style=\"margin: 0.0px 0.0px 0.0px 0.0px; font: 16.0px Verdana;\">On dit que l\'art est fait de sacrifice. C\'est selon. Il est un art qui précisément, consiste dans le refus de tout sacrifice.</p>\r\n<p style=\"margin: 0.0px 0.0px 0.0px 0.0px; font: 16.0px Verdana;\"> </p>\r\n<p style=\"margin: 0.0px 0.0px 0.0px 0.0px; font: 16.0px Verdana;\">Qu\'elle est donc rare la faculté de s\'étonner ! ( les enfants eux-mêmes ne s\'étonnent plus...)</p>\r\n<p style=\"margin: 0.0px 0.0px 0.0px 0.0px; font: 16.0px Verdana;\"> </p>\r\n<p style=\"margin: 0.0px 0.0px 0.0px 0.0px; font: 16.0px Verdana;\">Rose-Marie Pruvost bénéficie de cette grâce. Dans sa cour des Invalides, elle a su voir le gros obusier du premier plan à gauche, comme, enfant, je le voyais. Elle me le restitue en même temps que mon enfance. Les toitures, les lucarnes héroïques, les arcades sur deux rangs qui regardent la lointaine parade, le dôme qui se hausse, derrière, pour voir, lui aussi, la parade ; la parade des petits soldats qui font, avec leurs guêtres et leurs buffleteries blanches, avec leurs drapeaux tout vifs de rouge et de bleu, une minuscule broderie sur l\'immense aire de la cour. Peinture de revenant qui se promène invisible, peinture d\'archéologue errant dans une Babylone intacte ou se passe une grande revue de petits combattants fantômes.</p>\r\n<p style=\"margin: 0.0px 0.0px 0.0px 0.0px; font: 16.0px Verdana;\"> </p>\r\n<p style=\"margin: 0.0px 0.0px 0.0px 0.0px; font: 16.0px Verdana;\">C\'est un bien terrible thème que celui de la ville, ce madrépore aux milliers de têtes qui peut prendre la voix d\'un cœur antique. Rappelons-nous œdipe à la colonne et la glorification de ce bourg de l\'Attique ou s\'exalte l\' irréductible amour de la liberté !</p>\r\n<p style=\"margin: 0.0px 0.0px 0.0px 0.0px; font: 16.0px Verdana;\"> </p>\r\n<p style=\"margin: 0.0px 0.0px 0.0px 0.0px; font: 16.0px Verdana;\">Il y a tant de rumeurs, de soleil, dans la ville quand les génies heureux, de Pissaro jusqu\'à Marquet, la contemplent et se délectent de ses clartés !</p>\r\n<p style=\"margin: 0.0px 0.0px 0.0px 0.0px; font: 16.0px Verdana;\"> </p>\r\n<p style=\"margin: 0.0px 0.0px 0.0px 0.0px; font: 16.0px Verdana;\">Mais il y a ceux qu\'elle inquiète ? voyez-la découper au loin ses faites inégaux dans  .Ceux- là n\'osent s\'en approcher et Rose-Marie Pruvost ne l\'aborde pas avec plus de désinvolture. Elle met au besoin toute la Seine, infranchissable rempart, entre son chevalet et le quai au fleurs, traité d\'ailleurs avec une audace qu\'explique seulement son inconscience ;</p>\r\n<p style=\"margin: 0.0px 0.0px 0.0px 0.0px; font: 16.0px Verdana;\"> </p>\r\n<p style=\"margin: 0.0px 0.0px 0.0px 0.0px; font: 16.0px Verdana;\">Au premier plan, l\'eau ; puis l\'immense mur du quai ( il va d\'un bout à l\'autre de la toile) ; derrière des masures coincées entre de grands immeubles ; plus loin encore, la crête compliquée de Notre-Dame, sa flèche, ses tours. Beau tableau, si peu frivole, et qu\'il est difficile d\'oublier.</p>\r\n<p style=\"margin: 0.0px 0.0px 0.0px 0.0px; font: 16.0px Verdana;\"> </p>\r\n<p style=\"margin: 0.0px 0.0px 0.0px 0.0px; font: 16.0px Verdana;\"> </p>\r\n<p style=\"margin: 0.0px 0.0px 0.0px 0.0px; font: 16.0px Verdana;\"> </p>\r\n<p style=\"margin: 0.0px 0.0px 0.0px 0.0px; font: 16.0px Verdana;\">Le mot «silence» et le mot «solitude» reviennent souvent à l\'esprit devant les tableaux de Rose-Marie Pruvost. La nature prend un extraordinaire visage quand l\'inondation recouvre les prés, change les haies et les arbres en buissons flottants. Alors une paix grave, un recueillementsépulcral s\'étend sur le site. Plus un ramage, plus un mugissement, plus un appel. La barrière qui menait au pacage n\'a plus de sens ; La barque du pêcheur glisse comme un traineau sur la soie grise de cette eau. Elle n\'y laisse point de sillage et n\'y propage aucune ride.</p>\r\n<p style=\"margin: 0.0px 0.0px 0.0px 0.0px; font: 16.0px Verdana;\"> </p>\r\n<p style=\"margin: 0.0px 0.0px 0.0px 0.0px; font: 16.0px Verdana;\"> </p>\r\n<p> </p>','',1,8,0,7,'2011-04-29 15:31:45',63,'','2012-04-29 09:55:11',64,0,'0000-00-00 00:00:00','2011-04-29 15:31:45','0000-00-00 00:00:00','','','show_title=\nlink_titles=\nshow_intro=\nshow_section=\nlink_section=\nshow_category=\nlink_category=\nshow_vote=\nshow_author=\nshow_create_date=\nshow_modify_date=\nshow_pdf_icon=\nshow_print_icon=\nshow_email_icon=\nlanguage=\nkeyref=\nreadmore=',3,0,3,'','',0,0,'robots=\nauthor='),(8,'Contact','contact','','<p> </p>\r\n<p style=\"margin: 0.0px 0.0px 0.0px 0.0px; font: 32.0px Verdana;\">Contact</p>\r\n<p style=\"margin: 0.0px 0.0px 0.0px 0.0px; font: 16.0px Verdana;\"> </p>\r\n<p style=\"margin: 0.0px 0.0px 0.0px 0.0px; font: 16.0px Verdana;\"> </p>\r\n<p style=\"margin: 0.0px 0.0px 0.0px 0.0px; font: 16.0px Verdana;\"><span style=\"font: 19.0px Verdana;\"><span style=\"white-space: pre;\"> </span>•<span style=\"white-space: pre;\"> </span>Témoignage</span><span style=\"font: 19.0px \'Lucida Grande\';\"><br /> <br /> </span> <span style=\"font: 16.0px \'Lucida Grande\';\"><br /> </span>L\'histoire de cette marque, c\'est aussi celle des tous les passionnés et amoureux de l\'époque de ces pionniers de l\'automobile. C\'est une histoire familiale, de tradition orale, avec sans doute des incertitudes ou inexactitudes, et je vous prie de les excuser par avance. <span style=\"font: 16.0px \'Lucida Grande\';\"><br /> </span> <span style=\"font: 16.0px \'Lucida Grande\';\"><br /> </span>Si vous avez des informations, photos, documents concernant la marque Mors, je serai très heureux de les partager avec le plus grand nombre, grâce à ce site. <span style=\"font: 16.0px \'Lucida Grande\';\"><br /> </span> <span style=\"font: 16.0px \'Lucida Grande\';\"><br /> </span> <span style=\"font: 16.0px \'Lucida Grande\';\"><br /> </span>Merci de votre visite, <span style=\"font: 16.0px \'Lucida Grande\';\"><br /> </span> <span style=\"font: 16.0px \'Lucida Grande\';\"><br /> </span></p>\r\n<p style=\"margin: 0.0px 0.0px 0.0px 0.0px; font: 16.0px Verdana; min-height: 19.0px;\"> </p>\r\n<p style=\"margin: 0.0px 0.0px 0.0px 0.0px; font: 19.0px Verdana;\">Jean-Christophe Pruvost</p>\r\n<p style=\"margin: 0.0px 0.0px 0.0px 0.0px; font: 16.0px Verdana;\">email : <a href=\"mailto:contact@automobilemors.com\">contact@automobilemors.com</a></p>\r\n<p style=\"margin: 0.0px 0.0px 0.0px 0.0px; font: 16.0px Verdana;\">Arrière petit fils d\'Émile MORS(1859-1942), fondateur avec son frère Louis de la marque.</p>\r\n<p style=\"margin: 0.0px 0.0px 0.0px 0.0px; font: 16.0px Verdana;\"> </p>\r\n<p style=\"margin: 0.0px 0.0px 0.0px 0.0px; font: 16.0px Verdana;\"> </p>\r\n<p> </p>','',1,9,0,8,'2011-04-29 15:34:30',63,'','2011-04-29 16:12:11',63,0,'0000-00-00 00:00:00','2011-04-29 15:34:30','0000-00-00 00:00:00','','','show_title=\nlink_titles=\nshow_intro=\nshow_section=\nlink_section=\nshow_category=\nlink_category=\nshow_vote=\nshow_author=\nshow_create_date=\nshow_modify_date=\nshow_pdf_icon=\nshow_print_icon=\nshow_email_icon=\nlanguage=\nkeyref=\nreadmore=',2,0,1,'','',0,0,'robots=\nauthor='),(9,'René Boylesve','jcpruvost','','<p>René <strong>Boylesve </strong></p>\r\n<p><img src=\"images/stories/220px-ren_boylesve.jpg\" border=\"0\" alt=\"René Boylesve\" title=\"René Boylesve\" /></p>\r\n<p>14 avril 1867 - 14 janvier 1926</p>\r\n<p> </p>','',1,8,0,7,'2012-05-16 15:44:06',64,'','0000-00-00 00:00:00',0,0,'0000-00-00 00:00:00','2012-05-16 15:44:06','0000-00-00 00:00:00','','','show_title=\nlink_titles=\nshow_intro=\nshow_section=\nlink_section=\nshow_category=\nlink_category=\nshow_vote=\nshow_author=\nshow_create_date=\nshow_modify_date=\nshow_pdf_icon=\nshow_print_icon=\nshow_email_icon=\nlanguage=\nkeyref=\nreadmore=',1,0,1,'','',0,38,'robots=\nauthor=');

--
-- Table structure for table `jos_content_frontpage`
--

CREATE TABLE `jos_content_frontpage` (
  `content_id` int(11) NOT NULL DEFAULT '0',
  `ordering` int(11) NOT NULL DEFAULT '0',
  PRIMARY KEY (`content_id`)
) ENGINE=MyISAM DEFAULT CHARSET=utf8;

--
-- Dumping data for table `jos_content_frontpage`
--

INSERT INTO `jos_content_frontpage` VALUES (1,2),(9,1);

--
-- Table structure for table `jos_content_rating`
--

CREATE TABLE `jos_content_rating` (
  `content_id` int(11) NOT NULL DEFAULT '0',
  `rating_sum` int(11) unsigned NOT NULL DEFAULT '0',
  `rating_count` int(11) unsigned NOT NULL DEFAULT '0',
  `lastip` varchar(50) NOT NULL DEFAULT '',
  PRIMARY KEY (`content_id`)
) ENGINE=MyISAM DEFAULT CHARSET=utf8;

--
-- Dumping data for table `jos_content_rating`
--


--
-- Table structure for table `jos_core_acl_aro`
--

CREATE TABLE `jos_core_acl_aro` (
  `id` int(11) NOT NULL AUTO_INCREMENT,
  `section_value` varchar(240) NOT NULL DEFAULT '0',
  `value` varchar(240) NOT NULL DEFAULT '',
  `order_value` int(11) NOT NULL DEFAULT '0',
  `name` varchar(255) NOT NULL DEFAULT '',
  `hidden` int(11) NOT NULL DEFAULT '0',
  PRIMARY KEY (`id`),
  UNIQUE KEY `jos_section_value_value_aro` (`section_value`(100),`value`(100)),
  KEY `jos_gacl_hidden_aro` (`hidden`)
) ENGINE=MyISAM AUTO_INCREMENT=19 DEFAULT CHARSET=utf8;

--
-- Dumping data for table `jos_core_acl_aro`
--

INSERT INTO `jos_core_acl_aro` VALUES (10,'users','62',0,'Administrator',0),(11,'users','63',0,'willy',0),(12,'users','64',0,'jcpruvost',0),(13,'users','65',0,'Dominique FAURE',0),(14,'users','66',0,'nightppa81',0),(15,'users','67',0,'thisuser',0),(16,'users','68',0,'Admin',0),(17,'users','69',0,'akunamatata',0),(18,'users','70',0,'keinelust',0);

--
-- Table structure for table `jos_core_acl_aro_groups`
--

CREATE TABLE `jos_core_acl_aro_groups` (
  `id` int(11) NOT NULL AUTO_INCREMENT,
  `parent_id` int(11) NOT NULL DEFAULT '0',
  `name` varchar(255) NOT NULL DEFAULT '',
  `lft` int(11) NOT NULL DEFAULT '0',
  `rgt` int(11) NOT NULL DEFAULT '0',
  `value` varchar(255) NOT NULL DEFAULT '',
  PRIMARY KEY (`id`),
  KEY `jos_gacl_parent_id_aro_groups` (`parent_id`),
  KEY `jos_gacl_lft_rgt_aro_groups` (`lft`,`rgt`)
) ENGINE=MyISAM AUTO_INCREMENT=31 DEFAULT CHARSET=utf8;

--
-- Dumping data for table `jos_core_acl_aro_groups`
--

INSERT INTO `jos_core_acl_aro_groups` VALUES (17,0,'ROOT',1,22,'ROOT'),(28,17,'USERS',2,21,'USERS'),(29,28,'Public Frontend',3,12,'Public Frontend'),(18,29,'Registered',4,11,'Registered'),(19,18,'Author',5,10,'Author'),(20,19,'Editor',6,9,'Editor'),(21,20,'Publisher',7,8,'Publisher'),(30,28,'Public Backend',13,20,'Public Backend'),(23,30,'Manager',14,19,'Manager'),(24,23,'Administrator',15,18,'Administrator'),(25,24,'Super Administrator',16,17,'Super Administrator');

--
-- Table structure for table `jos_core_acl_aro_map`
--

CREATE TABLE `jos_core_acl_aro_map` (
  `acl_id` int(11) NOT NULL DEFAULT '0',
  `section_value` varchar(230) NOT NULL DEFAULT '0',
  `value` varchar(100) NOT NULL,
  PRIMARY KEY (`acl_id`,`section_value`,`value`)
) ENGINE=MyISAM DEFAULT CHARSET=utf8;

--
-- Dumping data for table `jos_core_acl_aro_map`
--


--
-- Table structure for table `jos_core_acl_aro_sections`
--

CREATE TABLE `jos_core_acl_aro_sections` (
  `id` int(11) NOT NULL AUTO_INCREMENT,
  `value` varchar(230) NOT NULL DEFAULT '',
  `order_value` int(11) NOT NULL DEFAULT '0',
  `name` varchar(230) NOT NULL DEFAULT '',
  `hidden` int(11) NOT NULL DEFAULT '0',
  PRIMARY KEY (`id`),
  UNIQUE KEY `jos_gacl_value_aro_sections` (`value`),
  KEY `jos_gacl_hidden_aro_sections` (`hidden`)
) ENGINE=MyISAM AUTO_INCREMENT=11 DEFAULT CHARSET=utf8;

--
-- Dumping data for table `jos_core_acl_aro_sections`
--

INSERT INTO `jos_core_acl_aro_sections` VALUES (10,'users',1,'Users',0);

--
-- Table structure for table `jos_core_acl_groups_aro_map`
--

CREATE TABLE `jos_core_acl_groups_aro_map` (
  `group_id` int(11) NOT NULL DEFAULT '0',
  `section_value` varchar(240) NOT NULL DEFAULT '',
  `aro_id` int(11) NOT NULL DEFAULT '0',
  UNIQUE KEY `group_id_aro_id_groups_aro_map` (`group_id`,`section_value`,`aro_id`)
) ENGINE=MyISAM DEFAULT CHARSET=utf8;

--
-- Dumping data for table `jos_core_acl_groups_aro_map`
--

INSERT INTO `jos_core_acl_groups_aro_map` VALUES (18,'',14),(18,'',15),(18,'',16),(18,'',17),(18,'',18),(23,'',13),(24,'',11),(24,'',12),(25,'',10);

--
-- Table structure for table `jos_core_log_items`
--

CREATE TABLE `jos_core_log_items` (
  `time_stamp` date NOT NULL DEFAULT '0000-00-00',
  `item_table` varchar(50) NOT NULL DEFAULT '',
  `item_id` int(11) unsigned NOT NULL DEFAULT '0',
  `hits` int(11) unsigned NOT NULL DEFAULT '0'
) ENGINE=MyISAM DEFAULT CHARSET=utf8;

--
-- Dumping data for table `jos_core_log_items`
--


--
-- Table structure for table `jos_core_log_searches`
--

CREATE TABLE `jos_core_log_searches` (
  `search_term` varchar(128) NOT NULL DEFAULT '',
  `hits` int(11) unsigned NOT NULL DEFAULT '0'
) ENGINE=MyISAM DEFAULT CHARSET=utf8;

--
-- Dumping data for table `jos_core_log_searches`
--


--
-- Table structure for table `jos_groups`
--

CREATE TABLE `jos_groups` (
  `id` tinyint(3) unsigned NOT NULL DEFAULT '0',
  `name` varchar(50) NOT NULL DEFAULT '',
  PRIMARY KEY (`id`)
) ENGINE=MyISAM DEFAULT CHARSET=utf8;

--
-- Dumping data for table `jos_groups`
--

INSERT INTO `jos_groups` VALUES (0,'Public'),(1,'Registered'),(2,'Special');

--
-- Table structure for table `jos_jaem_log`
--

CREATE TABLE `jos_jaem_log` (
  `id` int(11) NOT NULL AUTO_INCREMENT,
  `ext_id` varchar(50) DEFAULT NULL,
  `check_date` datetime DEFAULT NULL,
  `check_info` text,
  PRIMARY KEY (`id`),
  UNIQUE KEY `ext_id` (`ext_id`)
) ENGINE=MyISAM AUTO_INCREMENT=9 DEFAULT CHARSET=utf8;

--
-- Dumping data for table `jos_jaem_log`
--

INSERT INTO `jos_jaem_log` VALUES (1,'template-ja_quartz','2011-06-30 22:29:45','<div class=\\\"status-normal\\\">No new version found</div>'),(2,'module-20','2011-06-30 22:28:32','<div class=\\\"status-normal\\\">No new version found</div>'),(3,'component-34','2011-06-30 22:28:59','<div class=\\\"status-normal\\\">No new version found</div>'),(4,'module-17','2011-06-30 22:29:25','<div class=\\\"status-normal\\\">No new version found</div>'),(5,'module-18','2011-06-30 22:29:23','<div class=\\\"status-normal\\\">No new version found</div>'),(6,'module-19','2011-04-17 22:36:20','<div class=\\\"status-normal\\\">No new version found</div>'),(7,'module-16','2011-06-30 22:29:27','<div class=\\\"status-normal\\\">No new version found</div>'),(8,'plugin-35','2011-06-30 22:29:49','<div class=\\\"status-normal\\\">No new version found</div>');

--
-- Table structure for table `jos_menu`
--

CREATE TABLE `jos_menu` (
  `id` int(11) NOT NULL AUTO_INCREMENT,
  `menutype` varchar(75) DEFAULT NULL,
  `name` varchar(255) DEFAULT NULL,
  `alias` varchar(255) NOT NULL DEFAULT '',
  `link` text,
  `type` varchar(50) NOT NULL DEFAULT '',
  `published` tinyint(1) NOT NULL DEFAULT '0',
  `parent` int(11) unsigned NOT NULL DEFAULT '0',
  `componentid` int(11) unsigned NOT NULL DEFAULT '0',
  `sublevel` int(11) DEFAULT '0',
  `ordering` int(11) DEFAULT '0',
  `checked_out` int(11) unsigned NOT NULL DEFAULT '0',
  `checked_out_time` datetime NOT NULL DEFAULT '0000-00-00 00:00:00',
  `pollid` int(11) NOT NULL DEFAULT '0',
  `browserNav` tinyint(4) DEFAULT '0',
  `access` tinyint(3) unsigned NOT NULL DEFAULT '0',
  `utaccess` tinyint(3) unsigned NOT NULL DEFAULT '0',
  `params` text NOT NULL,
  `lft` int(11) unsigned NOT NULL DEFAULT '0',
  `rgt` int(11) unsigned NOT NULL DEFAULT '0',
  `home` int(1) unsigned NOT NULL DEFAULT '0',
  PRIMARY KEY (`id`),
  KEY `componentid` (`componentid`,`menutype`,`published`,`access`),
  KEY `menutype` (`menutype`)
) ENGINE=MyISAM AUTO_INCREMENT=9 DEFAULT CHARSET=utf8;

--
-- Dumping data for table `jos_menu`
--

INSERT INTO `jos_menu` VALUES (1,'Menu','Accueil','accueil','index.php?option=com_content&view=article&id=1','component',1,0,20,0,1,0,'0000-00-00 00:00:00',0,0,0,3,'show_noauth=\nshow_title=\nlink_titles=\nshow_intro=\nshow_section=\nlink_section=\nshow_category=\nlink_category=\nshow_author=\nshow_create_date=\nshow_modify_date=\nshow_item_navigation=\nshow_readmore=\nshow_vote=\nshow_icons=\nshow_pdf_icon=\nshow_print_icon=\nshow_email_icon=\nshow_hits=\nfeed_summary=\npage_title=\nshow_page_title=1\npageclass_sfx=\nmenu_image=-1\nsecure=0\n\n',0,0,1),(2,'Menu','Première année','premiere-annee','index.php?option=com_content&view=article&id=2','component',1,0,20,0,2,0,'0000-00-00 00:00:00',0,0,0,0,'show_noauth=\nshow_title=\nlink_titles=\nshow_intro=\nshow_section=\nlink_section=\nshow_category=\nlink_category=\nshow_author=\nshow_create_date=\nshow_modify_date=\nshow_item_navigation=\nshow_readmore=\nshow_vote=\nshow_icons=\nshow_pdf_icon=\nshow_print_icon=\nshow_email_icon=\nshow_hits=\nfeed_summary=\npage_title=\nshow_page_title=1\npageclass_sfx=\nmenu_image=-1\nsecure=0\n\n',0,0,0),(3,'Menu','Les courses','les-courses','index.php?option=com_content&view=article&id=2','component',1,0,20,0,3,0,'0000-00-00 00:00:00',0,0,0,0,'show_noauth=\nshow_title=\nlink_titles=\nshow_intro=\nshow_section=\nlink_section=\nshow_category=\nlink_category=\nshow_author=\nshow_create_date=\nshow_modify_date=\nshow_item_navigation=\nshow_readmore=\nshow_vote=\nshow_icons=\nshow_pdf_icon=\nshow_print_icon=\nshow_email_icon=\nshow_hits=\nfeed_summary=\npage_title=\nshow_page_title=1\npageclass_sfx=\nmenu_image=-1\nsecure=0\n\n',0,0,0),(4,'Menu','L\'épopée industrielle','lepopee-industrielle','index.php?option=com_content&view=article&id=4','component',1,0,20,0,4,0,'0000-00-00 00:00:00',0,0,0,0,'show_noauth=\nshow_title=\nlink_titles=\nshow_intro=\nshow_section=\nlink_section=\nshow_category=\nlink_category=\nshow_author=\nshow_create_date=\nshow_modify_date=\nshow_item_navigation=\nshow_readmore=\nshow_vote=\nshow_icons=\nshow_pdf_icon=\nshow_print_icon=\nshow_email_icon=\nshow_hits=\nfeed_summary=\npage_title=\nshow_page_title=1\npageclass_sfx=\nmenu_image=-1\nsecure=0\n\n',0,0,0),(5,'Menu','Les années Citroën','les-annees-citroen','index.php?option=com_content&view=article&id=3','component',1,0,20,0,5,0,'0000-00-00 00:00:00',0,0,0,0,'show_noauth=\nshow_title=\nlink_titles=\nshow_intro=\nshow_section=\nlink_section=\nshow_category=\nlink_category=\nshow_author=\nshow_create_date=\nshow_modify_date=\nshow_item_navigation=\nshow_readmore=\nshow_vote=\nshow_icons=\nshow_pdf_icon=\nshow_print_icon=\nshow_email_icon=\nshow_hits=\nfeed_summary=\npage_title=\nshow_page_title=1\npageclass_sfx=\nmenu_image=-1\nsecure=0\n\n',0,0,0),(6,'Menu','La guerre 14-18','la-guerre-14-18','index.php?option=com_content&view=article&id=3','component',1,0,20,0,6,0,'0000-00-00 00:00:00',0,0,0,0,'show_noauth=\nshow_title=\nlink_titles=\nshow_intro=\nshow_section=\nlink_section=\nshow_category=\nlink_category=\nshow_author=\nshow_create_date=\nshow_modify_date=\nshow_item_navigation=\nshow_readmore=\nshow_vote=\nshow_icons=\nshow_pdf_icon=\nshow_print_icon=\nshow_email_icon=\nshow_hits=\nfeed_summary=\npage_title=\nshow_page_title=1\npageclass_sfx=\nmenu_image=-1\nsecure=0\n\n',0,0,0),(7,'Menu','Les dernières étapes','les-dernieres-etapes','index.php?option=com_content&view=article&id=5','component',1,0,20,0,7,0,'0000-00-00 00:00:00',0,0,0,0,'show_noauth=\nshow_title=\nlink_titles=\nshow_intro=\nshow_section=\nlink_section=\nshow_category=\nlink_category=\nshow_author=\nshow_create_date=\nshow_modify_date=\nshow_item_navigation=\nshow_readmore=\nshow_vote=\nshow_icons=\nshow_pdf_icon=\nshow_print_icon=\nshow_email_icon=\nshow_hits=\nfeed_summary=\npage_title=\nshow_page_title=1\npageclass_sfx=\nmenu_image=-1\nsecure=0\n\n',0,0,0),(8,'Menu','Histoires de famille','histoires-de-famille','index.php?option=com_content&view=article&id=6','component',1,0,20,0,8,0,'0000-00-00 00:00:00',0,0,0,0,'show_noauth=\nshow_title=\nlink_titles=\nshow_intro=\nshow_section=\nlink_section=\nshow_category=\nlink_category=\nshow_author=\nshow_create_date=\nshow_modify_date=\nshow_item_navigation=\nshow_readmore=\nshow_vote=\nshow_icons=\nshow_pdf_icon=\nshow_print_icon=\nshow_email_icon=\nshow_hits=\nfeed_summary=\npage_title=\nshow_page_title=1\npageclass_sfx=\nmenu_image=-1\nsecure=0\n\n',0,0,0);

--
-- Table structure for table `jos_menu_types`
--

CREATE TABLE `jos_menu_types` (
  `id` int(10) unsigned NOT NULL AUTO_INCREMENT,
  `menutype` varchar(75) NOT NULL DEFAULT '',
  `title` varchar(255) NOT NULL DEFAULT '',
  `description` varchar(255) NOT NULL DEFAULT '',
  PRIMARY KEY (`id`),
  UNIQUE KEY `menutype` (`menutype`)
) ENGINE=MyISAM AUTO_INCREMENT=9 DEFAULT CHARSET=utf8;

--
-- Dumping data for table `jos_menu_types`
--

INSERT INTO `jos_menu_types` VALUES (1,'Menu','Menu','Menu principal');

--
-- Table structure for table `jos_messages`
--

CREATE TABLE `jos_messages` (
  `message_id` int(10) unsigned NOT NULL AUTO_INCREMENT,
  `user_id_from` int(10) unsigned NOT NULL DEFAULT '0',
  `user_id_to` int(10) unsigned NOT NULL DEFAULT '0',
  `folder_id` int(10) unsigned NOT NULL DEFAULT '0',
  `date_time` datetime NOT NULL DEFAULT '0000-00-00 00:00:00',
  `state` int(11) NOT NULL DEFAULT '0',
  `priority` int(1) unsigned NOT NULL DEFAULT '0',
  `subject` text NOT NULL,
  `message` text NOT NULL,
  PRIMARY KEY (`message_id`),
  KEY `useridto_state` (`user_id_to`,`state`)
) ENGINE=MyISAM DEFAULT CHARSET=utf8;

--
-- Dumping data for table `jos_messages`
--


--
-- Table structure for table `jos_messages_cfg`
--

CREATE TABLE `jos_messages_cfg` (
  `user_id` int(10) unsigned NOT NULL DEFAULT '0',
  `cfg_name` varchar(100) NOT NULL DEFAULT '',
  `cfg_value` varchar(255) NOT NULL DEFAULT '',
  UNIQUE KEY `idx_user_var_name` (`user_id`,`cfg_name`)
) ENGINE=MyISAM DEFAULT CHARSET=utf8;

--
-- Dumping data for table `jos_messages_cfg`
--


--
-- Table structure for table `jos_migration_backlinks`
--

CREATE TABLE `jos_migration_backlinks` (
  `itemid` int(11) NOT NULL,
  `name` varchar(100) NOT NULL,
  `url` text NOT NULL,
  `sefurl` text NOT NULL,
  `newurl` text NOT NULL,
  PRIMARY KEY (`itemid`)
) ENGINE=MyISAM DEFAULT CHARSET=utf8;

--
-- Dumping data for table `jos_migration_backlinks`
--


--
-- Table structure for table `jos_modules`
--

CREATE TABLE `jos_modules` (
  `id` int(11) NOT NULL AUTO_INCREMENT,
  `title` text NOT NULL,
  `content` text NOT NULL,
  `ordering` int(11) NOT NULL DEFAULT '0',
  `position` varchar(50) DEFAULT NULL,
  `checked_out` int(11) unsigned NOT NULL DEFAULT '0',
  `checked_out_time` datetime NOT NULL DEFAULT '0000-00-00 00:00:00',
  `published` tinyint(1) NOT NULL DEFAULT '0',
  `module` varchar(50) DEFAULT NULL,
  `numnews` int(11) NOT NULL DEFAULT '0',
  `access` tinyint(3) unsigned NOT NULL DEFAULT '0',
  `showtitle` tinyint(3) unsigned NOT NULL DEFAULT '1',
  `params` text NOT NULL,
  `iscore` tinyint(4) NOT NULL DEFAULT '0',
  `client_id` tinyint(4) NOT NULL DEFAULT '0',
  `control` text NOT NULL,
  PRIMARY KEY (`id`),
  KEY `published` (`published`,`access`),
  KEY `newsfeeds` (`module`,`published`)
) ENGINE=MyISAM AUTO_INCREMENT=22 DEFAULT CHARSET=utf8;

--
-- Dumping data for table `jos_modules`
--

INSERT INTO `jos_modules` VALUES (1,'Menu','',2,'left',0,'0000-00-00 00:00:00',1,'mod_mainmenu',0,0,1,'menutype=Menu\nmenu_style=list\nstartLevel=0\nendLevel=0\nshowAllChildren=0\nwindow_open=\nshow_whitespace=0\ncache=1\ntag_id=\nclass_sfx=\nmoduleclass_sfx=_menu\nmaxdepth=10\nmenu_images=0\nmenu_images_align=0\nmenu_images_link=0\nexpand_menu=0\nactivate_parent=0\nfull_active_id=0\nindent_image=0\nindent_image1=\nindent_image2=\nindent_image3=\nindent_image4=\nindent_image5=\nindent_image6=\nspacer=\nend_spacer=\n\n',1,0,''),(2,'Login','',1,'login',0,'0000-00-00 00:00:00',1,'mod_login',0,0,1,'',1,1,''),(3,'Popular','',3,'cpanel',0,'0000-00-00 00:00:00',1,'mod_popular',0,2,1,'',0,1,''),(4,'Recent added Articles','',4,'cpanel',0,'0000-00-00 00:00:00',1,'mod_latest',0,2,1,'ordering=c_dsc\nuser_id=0\ncache=0\n\n',0,1,''),(5,'Menu Stats','',5,'cpanel',0,'0000-00-00 00:00:00',1,'mod_stats',0,2,1,'',0,1,''),(6,'Unread Messages','',1,'header',0,'0000-00-00 00:00:00',1,'mod_unread',0,2,1,'',1,1,''),(7,'Online Users','',2,'header',0,'0000-00-00 00:00:00',1,'mod_online',0,2,1,'',1,1,''),(8,'Toolbar','',1,'toolbar',0,'0000-00-00 00:00:00',1,'mod_toolbar',0,2,1,'',1,1,''),(9,'Quick Icons','',1,'icon',0,'0000-00-00 00:00:00',1,'mod_quickicon',0,2,1,'',1,1,''),(10,'Logged in Users','',2,'cpanel',0,'0000-00-00 00:00:00',1,'mod_logged',0,2,1,'',0,1,''),(11,'Footer','',0,'footer',0,'0000-00-00 00:00:00',1,'mod_footer',0,0,1,'',1,1,''),(12,'Admin Menu','',1,'menu',0,'0000-00-00 00:00:00',1,'mod_menu',0,2,1,'',0,1,''),(13,'Admin SubMenu','',1,'submenu',0,'0000-00-00 00:00:00',1,'mod_submenu',0,2,1,'',0,1,''),(14,'User Status','',1,'status',0,'0000-00-00 00:00:00',1,'mod_status',0,2,1,'',0,1,''),(15,'Title','',1,'title',0,'0000-00-00 00:00:00',1,'mod_title',0,2,1,'',0,1,''),(16,'JA Tabs','',2,'ja-tabs',0,'0000-00-00 00:00:00',1,'mod_jatabs',0,0,1,'moduleclass_sfx=\ntype=modules\nmodules-position=0\nmodule-modulename=mod_search, mod_login\narticlesIDs-ids=1, 2, 3, 4\ncategoryID-catid=10\nk2IDs-k2ids=1, 2, 3, 4\nk2categoryID-k2catid=10\ncontent-content=[tab title=\'Title tab 1\']This is tab content 1[/tab]  [tab title=\'Title tab 2\']This is tab content 2[/tab]  [tab title=\'Title tab 3\']This is tab content 3[/tab]  [tab title=\'Title tab 4\']This is tab content 4[/tab] \nstyle=\nHeight=auto\nWidth=100%\nposition=top\ntHeight=\ntWidth=\nanimType=animNone\nmouseType=click\najax=0\nview=introtext\nduration=1000\ncolors=\n\n',0,0,''),(17,'JA Slideshow2 Module','',0,'header',0,'0000-00-00 00:00:00',1,'mod_jaslideshow2',0,0,1,'moduleclass_sfx=\nskin=business\nsource=images\nsource-articles-display_model=modcats\nsource-articles-display_model-modarts-with_keyword=featured\nsource-articles-display_model-modcats-category=\nsource-articles-sort_order_field=created\nsource-articles-sort_order=DESC\nsource-articles-max_items=5\nsource-images-orderby=0\nsource-images-sort=0\nfolder=images/highslide\ndescription=\nautoplay=1\nmainWidth=710\nmainHeight=360\nstartItem=1\nanimation=move\ncontainer=1\nduration=300\neffect=Fx.Transitions.linear\ninterval=5000\nanimationRepeat=yes\nshowdesc=\nshow_readmore=1\nreadmoretext=Readmore\ntitle_max_chars=200\nmaxchars=255\nincludeTags=p,h5,h4\ndescOpacity=0.8\nshowdescwhen=mouseover\nmasker-alignment=bottom\nmasker-width=auto\nmasker-height=auto\nmasker-transition-style=opacity\nmarker-transition=Fx.Transitions.linear\ncontrol=0\nnavigation=\nnavigation-alignment=horizontal\nshowItem=4\nitem-navwidth=20\nitem-navheight=20\nsource-articles-navwidth=240\nsource-articles-navheight=80\nnav_showthumb=1\nthumbWidth=60\nthumbHeight=60\nthumbSpace=3:3\nthumbOpacity=0.8\nsource-articles-nav_showdate=1\nsource-articles-nav_showdesc=1\nsource-articles-nav_descmaxlength=40\noverlapOpacity=0.4\nenable_cache=0\ncache_time=30\nopen_target=parent\nsource-articles-images-thumbnail_mode=crop\nsource-articles-images-thumbnail_mode-resize-use_ratio=0\n\n',0,0,''),(18,'Ja HighSlide','',0,'header',0,'0000-00-00 00:00:00',0,'mod_jahighslide',0,0,1,'moduleclass_sfx=\ntype=url-slideshow-caption\nurl-url=\nurl-folder=images/highslide/img4.jpg\nitem-itemid=\nmodules-position=\nmodule-modulename=0\nhtml-contentid=\nhtml-content=\nHeight=200\nWidth=300\npositions=top, left\nclass=\ncaptionText=\nevent=click\ndismissbuton=0\ndisplay=none\nnotshowagain=0\nloaddelay=0\nnotshowagaintime=0\nfirst-content=\ncentr-content=\nlast-content=\n\n',0,0,''),(19,'Spotlight Module Content with Image','',5,'left',0,'0000-00-00 00:00:00',0,'mod_jacatslwi',0,0,1,'@group= \nsort_order_field=ordering\nsort_order=DESC\nnumelem=5\nheight=200\ntextcolor=FFFFFF\nbgcolor=008800\ntransparent=80\nexpandheight=120\ncollapseheight=30\nthumbnail_mode=crop\nthumbnail_mode-resize-use_ratio=1\niwidth=152\niheight=200\n',0,0,''),(20,'JA Bulletin','',6,'left',0,'0000-00-00 00:00:00',0,'mod_jabulletin',0,0,1,'@group= \ntype=latest\ncount=5\nshow_front=1\nshow_date=1\nshow_image=1\nthumbnail_mode=crop\nthumbnail_mode-resize-use_ratio=1\n',0,0,'');

--
-- Table structure for table `jos_modules_menu`
--

CREATE TABLE `jos_modules_menu` (
  `moduleid` int(11) NOT NULL DEFAULT '0',
  `menuid` int(11) NOT NULL DEFAULT '0',
  PRIMARY KEY (`moduleid`,`menuid`)
) ENGINE=MyISAM DEFAULT CHARSET=utf8;

--
-- Dumping data for table `jos_modules_menu`
--

INSERT INTO `jos_modules_menu` VALUES (1,0),(16,0),(17,0),(18,0),(19,0),(20,0);

--
-- Table structure for table `jos_newsfeeds`
--

CREATE TABLE `jos_newsfeeds` (
  `catid` int(11) NOT NULL DEFAULT '0',
  `id` int(11) NOT NULL AUTO_INCREMENT,
  `name` text NOT NULL,
  `alias` varchar(255) NOT NULL DEFAULT '',
  `link` text NOT NULL,
  `filename` varchar(200) DEFAULT NULL,
  `published` tinyint(1) NOT NULL DEFAULT '0',
  `numarticles` int(11) unsigned NOT NULL DEFAULT '1',
  `cache_time` int(11) unsigned NOT NULL DEFAULT '3600',
  `checked_out` tinyint(3) unsigned NOT NULL DEFAULT '0',
  `checked_out_time` datetime NOT NULL DEFAULT '0000-00-00 00:00:00',
  `ordering` int(11) NOT NULL DEFAULT '0',
  `rtl` tinyint(4) NOT NULL DEFAULT '0',
  PRIMARY KEY (`id`),
  KEY `published` (`published`),
  KEY `catid` (`catid`)
) ENGINE=MyISAM DEFAULT CHARSET=utf8;

--
-- Dumping data for table `jos_newsfeeds`
--


--
-- Table structure for table `jos_plugins`
--

CREATE TABLE `jos_plugins` (
  `id` int(11) NOT NULL AUTO_INCREMENT,
  `name` varchar(100) NOT NULL DEFAULT '',
  `element` varchar(100) NOT NULL DEFAULT '',
  `folder` varchar(100) NOT NULL DEFAULT '',
  `access` tinyint(3) unsigned NOT NULL DEFAULT '0',
  `ordering` int(11) NOT NULL DEFAULT '0',
  `published` tinyint(3) NOT NULL DEFAULT '0',
  `iscore` tinyint(3) NOT NULL DEFAULT '0',
  `client_id` tinyint(3) NOT NULL DEFAULT '0',
  `checked_out` int(11) unsigned NOT NULL DEFAULT '0',
  `checked_out_time` datetime NOT NULL DEFAULT '0000-00-00 00:00:00',
  `params` text NOT NULL,
  PRIMARY KEY (`id`),
  KEY `idx_folder` (`published`,`client_id`,`access`,`folder`)
) ENGINE=MyISAM AUTO_INCREMENT=37 DEFAULT CHARSET=utf8;

--
-- Dumping data for table `jos_plugins`
--

INSERT INTO `jos_plugins` VALUES (1,'Authentication - Joomla','joomla','authentication',0,1,1,1,0,0,'0000-00-00 00:00:00',''),(2,'Authentication - LDAP','ldap','authentication',0,2,0,1,0,0,'0000-00-00 00:00:00','host=\nport=389\nuse_ldapV3=0\nnegotiate_tls=0\nno_referrals=0\nauth_method=bind\nbase_dn=\nsearch_string=\nusers_dn=\nusername=\npassword=\nldap_fullname=fullName\nldap_email=mail\nldap_uid=uid\n\n'),(3,'Authentication - GMail','gmail','authentication',0,4,0,0,0,0,'0000-00-00 00:00:00',''),(4,'Authentication - OpenID','openid','authentication',0,3,0,0,0,0,'0000-00-00 00:00:00',''),(5,'User - Joomla!','joomla','user',0,0,1,0,0,0,'0000-00-00 00:00:00','autoregister=1\n\n'),(6,'Search - Content','content','search',0,1,1,1,0,0,'0000-00-00 00:00:00','search_limit=50\nsearch_content=1\nsearch_uncategorised=1\nsearch_archived=1\n\n'),(7,'Search - Contacts','contacts','search',0,3,1,1,0,0,'0000-00-00 00:00:00','search_limit=50\n\n'),(8,'Search - Categories','categories','search',0,4,1,0,0,0,'0000-00-00 00:00:00','search_limit=50\n\n'),(9,'Search - Sections','sections','search',0,5,1,0,0,0,'0000-00-00 00:00:00','search_limit=50\n\n'),(10,'Search - Newsfeeds','newsfeeds','search',0,6,1,0,0,0,'0000-00-00 00:00:00','search_limit=50\n\n'),(11,'Search - Weblinks','weblinks','search',0,2,1,1,0,0,'0000-00-00 00:00:00','search_limit=50\n\n'),(12,'Content - Pagebreak','pagebreak','content',0,10000,1,1,0,0,'0000-00-00 00:00:00','enabled=1\ntitle=1\nmultipage_toc=1\nshowall=1\n\n'),(13,'Content - Rating','vote','content',0,4,1,1,0,0,'0000-00-00 00:00:00',''),(14,'Content - Email Cloaking','emailcloak','content',0,5,1,0,0,0,'0000-00-00 00:00:00','mode=1\n\n'),(15,'Content - Code Hightlighter (GeSHi)','geshi','content',0,5,0,0,0,0,'0000-00-00 00:00:00',''),(16,'Content - Load Module','loadmodule','content',0,6,1,0,0,0,'0000-00-00 00:00:00','enabled=1\nstyle=0\n\n'),(17,'Content - Page Navigation','pagenavigation','content',0,2,1,1,0,0,'0000-00-00 00:00:00','position=1\n\n'),(18,'Editor - No Editor','none','editors',0,0,1,1,0,0,'0000-00-00 00:00:00',''),(19,'Editor - TinyMCE','tinymce','editors',0,0,1,1,0,0,'0000-00-00 00:00:00','mode=advanced\nskin=0\ncompressed=0\ncleanup_startup=0\ncleanup_save=2\nentity_encoding=raw\nlang_mode=0\nlang_code=en\ntext_direction=ltr\ncontent_css=1\ncontent_css_custom=\nrelative_urls=1\nnewlines=0\ninvalid_elements=applet\nextended_elements=\ntoolbar=top\ntoolbar_align=left\nhtml_height=550\nhtml_width=750\nelement_path=1\nfonts=1\npaste=1\nsearchreplace=1\ninsertdate=1\nformat_date=%Y-%m-%d\ninserttime=1\nformat_time=%H:%M:%S\ncolors=1\ntable=1\nsmilies=1\nmedia=1\nhr=1\ndirectionality=1\nfullscreen=1\nstyle=1\nlayer=1\nxhtmlxtras=1\nvisualchars=1\nnonbreaking=1\ntemplate=0\nadvimage=1\nadvlink=1\nautosave=1\ncontextmenu=1\ninlinepopups=1\nsafari=1\ncustom_plugin=\ncustom_button=\n\n'),(20,'Editor - XStandard Lite 2.0','xstandard','editors',0,0,0,1,0,0,'0000-00-00 00:00:00',''),(21,'Editor Button - Image','image','editors-xtd',0,0,1,0,0,0,'0000-00-00 00:00:00',''),(22,'Editor Button - Pagebreak','pagebreak','editors-xtd',0,0,1,0,0,0,'0000-00-00 00:00:00',''),(23,'Editor Button - Readmore','readmore','editors-xtd',0,0,1,0,0,0,'0000-00-00 00:00:00',''),(24,'XML-RPC - Joomla','joomla','xmlrpc',0,7,0,1,0,0,'0000-00-00 00:00:00',''),(25,'XML-RPC - Blogger API','blogger','xmlrpc',0,7,0,1,0,0,'0000-00-00 00:00:00','catid=1\nsectionid=0\n\n'),(27,'System - SEF','sef','system',0,1,1,0,0,0,'0000-00-00 00:00:00',''),(28,'System - Debug','debug','system',0,2,1,0,0,0,'0000-00-00 00:00:00','queries=1\nmemory=1\nlangauge=1\n\n'),(29,'System - Legacy','legacy','system',0,3,0,1,0,0,'0000-00-00 00:00:00','route=0\n\n'),(30,'System - Cache','cache','system',0,4,0,1,0,0,'0000-00-00 00:00:00','browsercache=0\ncachetime=15\n\n'),(31,'System - Log','log','system',0,5,0,1,0,0,'0000-00-00 00:00:00',''),(32,'System - Remember Me','remember','system',0,6,1,1,0,0,'0000-00-00 00:00:00',''),(33,'System - Backlink','backlink','system',0,7,0,1,0,0,'0000-00-00 00:00:00',''),(34,'System - Mootools Upgrade','mtupgrade','system',0,8,0,1,0,0,'0000-00-00 00:00:00',''),(35,'JA Tabs for Joomla! 1.5','ja_tabs','content',0,0,0,0,0,0,'0000-00-00 00:00:00','style=default\n'),(36,'Content - JA Highslide','ja_highslide','content',0,0,1,0,0,0,'0000-00-00 00:00:00','outlineType=2\nshowHSCredits=1\nloadingText=Loading...\nwidth=100\nautoresize=1\npaththum=images/highslide/\n\n');

--
-- Table structure for table `jos_poll_data`
--

CREATE TABLE `jos_poll_data` (
  `id` int(11) NOT NULL AUTO_INCREMENT,
  `pollid` int(11) NOT NULL DEFAULT '0',
  `text` text NOT NULL,
  `hits` int(11) NOT NULL DEFAULT '0',
  PRIMARY KEY (`id`),
  KEY `pollid` (`pollid`,`text`(1))
) ENGINE=MyISAM DEFAULT CHARSET=utf8;

--
-- Dumping data for table `jos_poll_data`
--


--
-- Table structure for table `jos_poll_date`
--

CREATE TABLE `jos_poll_date` (
  `id` bigint(20) NOT NULL AUTO_INCREMENT,
  `date` datetime NOT NULL DEFAULT '0000-00-00 00:00:00',
  `vote_id` int(11) NOT NULL DEFAULT '0',
  `poll_id` int(11) NOT NULL DEFAULT '0',
  PRIMARY KEY (`id`),
  KEY `poll_id` (`poll_id`)
) ENGINE=MyISAM DEFAULT CHARSET=utf8;

--
-- Dumping data for table `jos_poll_date`
--


--
-- Table structure for table `jos_poll_menu`
--

CREATE TABLE `jos_poll_menu` (
  `pollid` int(11) NOT NULL DEFAULT '0',
  `menuid` int(11) NOT NULL DEFAULT '0',
  PRIMARY KEY (`pollid`,`menuid`)
) ENGINE=MyISAM DEFAULT CHARSET=utf8;

--
-- Dumping data for table `jos_poll_menu`
--


--
-- Table structure for table `jos_polls`
--

CREATE TABLE `jos_polls` (
  `id` int(11) unsigned NOT NULL AUTO_INCREMENT,
  `title` varchar(255) NOT NULL DEFAULT '',
  `alias` varchar(255) NOT NULL DEFAULT '',
  `voters` int(9) NOT NULL DEFAULT '0',
  `checked_out` int(11) NOT NULL DEFAULT '0',
  `checked_out_time` datetime NOT NULL DEFAULT '0000-00-00 00:00:00',
  `published` tinyint(1) NOT NULL DEFAULT '0',
  `access` int(11) NOT NULL DEFAULT '0',
  `lag` int(11) NOT NULL DEFAULT '0',
  PRIMARY KEY (`id`)
) ENGINE=MyISAM DEFAULT CHARSET=utf8;

--
-- Dumping data for table `jos_polls`
--


--
-- Table structure for table `jos_sections`
--

CREATE TABLE `jos_sections` (
  `id` int(11) NOT NULL AUTO_INCREMENT,
  `title` varchar(255) NOT NULL DEFAULT '',
  `name` varchar(255) NOT NULL DEFAULT '',
  `alias` varchar(255) NOT NULL DEFAULT '',
  `image` text NOT NULL,
  `scope` varchar(50) NOT NULL DEFAULT '',
  `image_position` varchar(30) NOT NULL DEFAULT '',
  `description` text NOT NULL,
  `published` tinyint(1) NOT NULL DEFAULT '0',
  `checked_out` int(11) unsigned NOT NULL DEFAULT '0',
  `checked_out_time` datetime NOT NULL DEFAULT '0000-00-00 00:00:00',
  `ordering` int(11) NOT NULL DEFAULT '0',
  `access` tinyint(3) unsigned NOT NULL DEFAULT '0',
  `count` int(11) NOT NULL DEFAULT '0',
  `params` text NOT NULL,
  PRIMARY KEY (`id`),
  KEY `idx_scope` (`scope`)
) ENGINE=MyISAM AUTO_INCREMENT=10 DEFAULT CHARSET=utf8;

--
-- Dumping data for table `jos_sections`
--

INSERT INTO `jos_sections` VALUES (2,'Première année','','premiere-annee','clock.jpg','content','left','',1,64,'2011-05-04 16:10:18',1,0,4,''),(3,'La course automobile','','les-premieres-annees','','content','left','',1,0,'0000-00-00 00:00:00',2,0,1,''),(4,'L\'épopée industrielle','','lepopee-industrielle','','content','left','',1,0,'0000-00-00 00:00:00',3,0,1,''),(5,'Les années Citroën','','les-annees-citroen','','content','left','',1,0,'0000-00-00 00:00:00',4,0,1,''),(6,'La guerre 14-18','','la-guerre-14-18','','content','left','',1,0,'0000-00-00 00:00:00',5,0,1,''),(7,'Les dernière étapes','','les-derniere-etapes','','content','left','',1,0,'0000-00-00 00:00:00',6,0,1,''),(8,'Histoires de famille','','histoires-de-famille','','content','left','',1,64,'2012-05-16 15:49:44',7,0,1,''),(9,'Contact','','contact','','content','left','',1,0,'0000-00-00 00:00:00',8,0,1,'');

--
-- Table structure for table `jos_stats_agents`
--

CREATE TABLE `jos_stats_agents` (
  `agent` varchar(255) NOT NULL DEFAULT '',
  `type` tinyint(1) unsigned NOT NULL DEFAULT '0',
  `hits` int(11) unsigned NOT NULL DEFAULT '1'
) ENGINE=MyISAM DEFAULT CHARSET=utf8;

--
-- Dumping data for table `jos_stats_agents`
--


--
-- Table structure for table `jos_templates_menu`
--

CREATE TABLE `jos_templates_menu` (
  `template` varchar(255) NOT NULL DEFAULT '',
  `menuid` int(11) NOT NULL DEFAULT '0',
  `client_id` tinyint(4) NOT NULL DEFAULT '0',
  PRIMARY KEY (`menuid`,`client_id`,`template`)
) ENGINE=MyISAM DEFAULT CHARSET=utf8;

--
-- Dumping data for table `jos_templates_menu`
--

INSERT INTO `jos_templates_menu` VALUES ('ja_quartz',0,0),('khepri',0,1);

--
-- Table structure for table `jos_weblinks`
--

CREATE TABLE `jos_weblinks` (
  `id` int(11) unsigned NOT NULL AUTO_INCREMENT,
  `catid` int(11) NOT NULL DEFAULT '0',
  `sid` int(11) NOT NULL DEFAULT '0',
  `title` varchar(250) NOT NULL DEFAULT '',
  `alias` varchar(255) NOT NULL DEFAULT '',
  `url` varchar(250) NOT NULL DEFAULT '',
  `description` text NOT NULL,
  `date` datetime NOT NULL DEFAULT '0000-00-00 00:00:00',
  `hits` int(11) NOT NULL DEFAULT '0',
  `published` tinyint(1) NOT NULL DEFAULT '0',
  `checked_out` int(11) NOT NULL DEFAULT '0',
  `checked_out_time` datetime NOT NULL DEFAULT '0000-00-00 00:00:00',
  `ordering` int(11) NOT NULL DEFAULT '0',
  `archived` tinyint(1) NOT NULL DEFAULT '0',
  `approved` tinyint(1) NOT NULL DEFAULT '1',
  `params` text NOT NULL,
  PRIMARY KEY (`id`),
  KEY `catid` (`catid`,`published`,`archived`)
) ENGINE=MyISAM DEFAULT CHARSET=utf8;

--
-- Dumping data for table `jos_weblinks`
--



